D/CallCard( 155): showCachedImage ci.person_id: 852
D/CallCard( 155): updatePhotoForCallState(ACTIVE)...
D/CallCard( 155): showCachedImage ci.person_id: 852
D/InCallScreen( 155): updateProviderOverlay: false
D/InCallScreen( 155): updateMenuButtonHint()...
D/ContactWidget Matrix( 162): Received intent:android.intent.action.SCREEN_ON
V/FMRadioService( 403): !!!! @@@@@@@@@ BroadcastReceiver onReceive Action(android.intent.action.SCREEN_ON) mFMBinded(false)
D/FMRadioService( 403): #### !!!! @@@@@@ #### call state is not idle
D/browser (20581): screen intent received: android.intent.action.SCREEN_ON mActivityInPause=true toggleAutorestart=true restartFlag=false
D/PowerManagerService( 81): New lightsensor value:40, lcdValue:90
E/IncallScreen( 155): finishImmediatelyIfNecessary
E/IncallScreen( 155): finishImmediatelyIfNecessary total = 1
E/IncallScreen( 155): finishImmediatelyIfNecessary moOnly = false
D/PhoneUtils( 155): HANGUP foreground call
D/PhoneUtils( 155): hungup=true
D/BluetoothHandsfree( 155): updatePhoneState()
D/CallNotifier( 155): onPhoneStateChanged: state = OFFHOOK
D/PhoneApp( 155): updateProximitySensorMode: state = OFFHOOK
D/PhoneApp( 155): updateProximitySensorMode: lock already held.
D/test ( 155): current mode 0
D/CallNotifier( 155): onPhoneStateChanged: OFF HOOK
D/PhoneUtils( 155): getCompactNameFromCallerInfo: info = null
D/PhoneUtils( 155): getCompactNameFromCallerInfo: compactName=Unknown
D/LockExchangeUtils( 81): isLockExchangeEnabled = false
D/PhoneUtils( 155): ConnectionHandler: updating mute state for each connection
D/PhoneUtils( 155): setMute: false
D/PhoneUtils( 155): setMicrophoneMute: false
I/AudioFlinger( 57): setMicMute(0): before lock mHardwareLock
I/AudioFlinger( 57): setMicMute: ready to unlock mHardwareLock
D/InCallScreen( 155): onPhoneStateChanged()...
D/InCallScreen( 155): updateScreen()...
D/InCallScreen( 155): - updateScreen: updating the in-call UI...
D/CallCard( 155): updateState(Phone: Handler{46410f78}, personId: null)...
D/CallCard( 155): updateForegroundCall()...
D/CallCard( 155): Foreground call is not multiple or conference call
D/CallCard( 155): displayMainCallStatus(phone Handler{46410f78}, call DISCONNECTING, stateDISCONNECTING)...
W/CallCard( 155): displayMainCallStatus: unexpected call state: DISCONNECTING
D/CallCard( 155): updateCardTitleWidgets(call DISCONNECTING)...
D/CallCard( 155): - getTitleForCallCard(Call DISCONNECTING)...
D/CallCard( 155): ==> result: null
D/CallCard( 155): updateCardTitleWidgets: null
D/CallCard( 155): - CONN: incoming: true state: DISCONNECTING post dial state: NOT_STARTED, state = DISCONNECTING
D/CallCard( 155): - displayMainCallStatus: using data we already have...
D/CallCard( 155): ==> Got CallerInfo; updating display: ci =
D/CallCard( 155): name: Alla Cherkashina
D/CallCard( 155): phoneNumber: +79104018860
D/CallCard( 155): cnapName: null
D/CallCard( 155): numberPresentation: 1
D/CallCard( 155): namePresentation: 0
D/CallCard( 155): contactExits: true
D/CallCard( 155): phoneLabel: Mobile
D/CallCard( 155): numberType: 2
D/CallCard( 155): numberLabel: null
D/CallCard( 155): photoResource: 0
D/CallCard( 155): person_id: 852
D/CallCard( 155): needUpdate: false
D/CallCard( 155): contactRefUri: content://com.android.contacts/data/phones/lookup_number_equal/%2B79104018860
D/CallCard( 155): contactRingtoneUri: content://com.android.contacts/data/phones/lookup_number_equal/%2B79104018860
D/CallCard( 155): shouldSendToVoicemail: false
D/CallCard( 155): cachedPhoto: android.graphics.drawable.BitmapDrawable@464c37d8
D/CallCard( 155): isCachedPhotoCurrent: true
D/CallCard( 155): emergency: false
D/CallCard( 155): voicemail false
D/CallCard( 155): recordNumber: 0
D/CallCard( 155): rawContactId: 852
D/CallCard( 155): accountType: com.google
D/CallCard( 155): SN_status: null
D/CallCard( 155): status_id: 0
D/CallCard( 155): SN_icon: null
D/CallCard( 155): date: null
D/CallCard( 155): updateDisplayForPerson(
D/CallCard( 155): name: Alla Cherkashina
D/CallCard( 155): phoneNumber: +79104018860
D/CallCard( 155): cnapName: null
D/CallCard( 155): numberPresentation: 1
D/CallCard( 155): namePresentation: 0
D/CallCard( 155): contactExits: true
D/CallCard( 155): phoneLabel: Mobile
D/CallCard( 155): numberType: 2
D/CallCard( 155): numberLabel: null
D/CallCard( 155): photoResource: 0
D/CallCard( 155): person_id: 852
D/CallCard( 155): needUpdate: false
D/CallCard( 155): contactRefUri: content://com.android.contacts/data/phones/lookup_number_equal/%2B79104018860
D/CallCard( 155): contactRingtoneUri: content://com.android.contacts/data/phones/lookup_number_equal/%2B79104018860
D/CallCard( 155): shouldSendToVoicemail: false
D/CallCard( 155): cachedPhoto: android.graphics.drawable.BitmapDrawable@464c37d8
D/CallCard( 155): isCachedPhotoCurrent: true
D/CallCard( 155): emergency: false
D/CallCard( 155): voicemail false
D/CallCard( 155): recordNumber: 0
D/CallCard( 155): rawContactId: 852
D/CallCard( 155): accountType: com.google
D/CallCard( 155): SN_status: null
D/CallCard( 155): status_id: 0
D/CallCard( 155): SN_icon: null
D/CallCard( 155): date: null)
D/CallCard( 155): presentation:1 isTemporary:false
D/CallCard( 155): showCachedImage ci.person_id: 852
D/LockExchangeUtils( 81): isLockExchangeEnabled = false
D/CallCard( 155): updatePhotoForCallState(DISCONNECTING)...
D/CallCard( 155): showCachedImage ci.person_id: 852
D/InCallScreen( 155): updateProviderOverlay: false
D/InCallScreen( 155): updateMenuButtonHint()...
D/PhoneApp( 155): setScreenTimeout(MEDIUM)...
D/PhoneApp( 155): requestWakeState(SLEEP)...
D/BluetoothA2dpService( 81): Received intent Intent { act=android.intent.action.PHONE_STATE (has extras) }
D/CallNotifier( 155): onDisconnect()... phone state: IDLE
E/BluetoothHandsfree( 155): onCallDisconnected()
D/BluetoothHandsfree( 155): audioOff(): mPendingSco: false, mScoSocket: , mA2dpState: 0, mA2dpSuspended: false
D/PhoneApp( 155): - isOtaCallInActiveState false
D/CallNotifier( 155): - need to play CALL_ENDED tone!
D/CallNotifier( 155): resetAudioStateAfterDisconnect()...
D/PhoneUtils( 155): turnOnSpeaker(flag=false, store=true)...
V/AudioPolicyService( 57): setForceUse() tid 762
I/AudioPolicyService( 57): setForceUse(): before lock
D/PhoneApp( 155): setScreenTimeout(MEDIUM)...
D/PhoneApp( 155): requestWakeState(SLEEP)...
D/PhoneApp( 155): updateProximitySensorMode: state = IDLE
D/PhoneUtils( 155): setAudioMode(MODE_NORMAL)...
V/AudioPolicyService( 57): setPhoneState() tid 760
I/AudioFlinger( 57): setMode(0): before lock mHardwareLock
D/AudioHardwareInterface( 57): setMode(NORMAL)
I/AudioFlinger( 57): setMode: ready to unlock mHardwareLock
I/AudioPolicyService( 57): setPhoneState(): before lock
V/AudioPolicyService( 57): inserting command: 3 at index 0, num commands 0
V/AudioPolicyService( 57): AudioCommandThread() adding set parameter string routing=1, io 1 ,delay 0
V/AudioPolicyService( 57): AudioCommandThread() waking up
V/AudioPolicyService( 57): AudioCommandThread() processing set parameters string routing=1, io 1
I/AudioHardwareQSD( 57): Routing audio to Handset
D/AudioHardwareQSD( 57): Switching audio device to
D/AudioHardwareQSD( 57): Handset
D/FMRadioService( 403): !!!! @@@@@@@@ PHONE_CHANGED, IDLE, mResumeAfterCall(true)
D/FMRadioService( 403): startAndFadeIn()
D/AudioHardwareQSD( 57): Voice Stopped!!
D/FMRadioService( 403): !!!! @@@@@@@@ FADIN setStreamVolume(1.0) - 1
D/FMRadioService( 403): !!!! @@@@@@@@ FADIN setStreamVolume(1.03) - 2
D/FMRadioService( 403): !!!! @@@@@@@@ FADIN setStreamVolume(1.06) - 2
D/FMRadioService( 403): !!!! @@@@@@@@ FADIN setStreamVolume(1.0899999) - 2
D/FMRadioService( 403): !!!! @@@@@@@@ FADIN setStreamVolume(1.1199999) - 2
D/FMRadioService( 403): !!!! @@@@@@@@ FADIN setStreamVolume(1.1499999) - 2
D/FMRadioService( 403): !!!! @@@@@@@@ FADIN setStreamVolume(1.1799998) - 2
D/FMRadioService( 403): !!!! @@@@@@@@ FADIN setStreamVolume(1.2099998) - 2
D/FMRadioService( 403): !!!! @@@@@@@@ FADIN setStreamVolume(1.2399998) - 2
D/FMRadioService( 403): !!!! @@@@@@@@ FADIN setStreamVolume(1.2699997) - 2
D/FMRadioService( 403): !!!! @@@@@@@@ FADIN setStreamVolume(1.2999997) - 2
V/AudioPolicyService( 57): inserting command: 2 at index 0, num commands 0
V/AudioPolicyService( 57): AudioCommandThread() adding set volume stream 3, volume 0.013183, output 1
V/AudioPolicyService( 57): AudioCommandThread() processing set volume stream 3, volume 0.013183, output 1
D/AudioFlinger( 57): setStreamVolume(), stream:3, value:0.013183, output:1
V/AudioPolicyService( 57): inserting command: 2 at index 0, num commands 0
V/AudioPolicyService( 57): AudioCommandThread() adding set volume stream 9, volume 0.013183, output 1
V/AudioPolicyService( 57): AudioCommandThread() processing set volume stream 9, volume 0.013183, output 1
D/AudioFlinger( 57): setStreamVolume(), stream:9, value:0.013183, output:1
D/JOGBALL ( 81): Jogball, + set_jogball_mode mode=0
E/JOGBALL ( 81): open failed errno: 2
V/AudioPolicyService( 57): AudioCommandThread() going to sleep
D/NotificationService( 81): cancelNotification, ACTION_NOTIFICATION_REMOVE,pkg=com.android.phone,id=2
D/CallNotifier( 155): - callLogType: 1, UserData:
D/CallNotifier( 155): name: Alla Cherkashina
D/CallNotifier( 155): phoneNumber: +79104018860
D/CallNotifier( 155): cnapName: null
D/CallNotifier( 155): numberPresentation: 1
D/CallNotifier( 155): namePresentation: 0
D/CallNotifier( 155): contactExits: true
D/CallNotifier( 155): phoneLabel: Mobile
D/CallNotifier( 155): numberType: 2
D/CallNotifier( 155): numberLabel: null
D/CallNotifier( 155): photoResource: 0
D/CallNotifier( 155): person_id: 852
D/CallNotifier( 155): needUpdate: false
D/CallNotifier( 155): contactRefUri: content://com.android.contacts/data/phones/lookup_number_equal/%2B79104018860
D/CallNotifier( 155): contactRingtoneUri: content://com.android.contacts/data/phones/lookup_number_equal/%2B79104018860
D/CallNotifier( 155): shouldSendToVoicemail: false
D/CallNotifier( 155): cachedPhoto: android.graphics.drawable.BitmapDrawable@464c37d8
D/CallNotifier( 155): isCachedPhotoCurrent: true
D/CallNotifier( 155): emergency: false
D/CallNotifier( 155): voicemail false
D/CallNotifier( 155): recordNumber: 0
D/CallNotifier( 155): rawContactId: 852
D/CallNotifier( 155): accountType: com.google
D/CallNotifier( 155): SN_status: null
D/CallNotifier( 155): status_id: 0
D/CallNotifier( 155): SN_icon: null
D/CallNotifier( 155): date: null
D/PhoneUtils( 155): modifyForSpecialCnapCases: initially, number=+79104018860, presentation=1
D/PhoneUtils( 155): checkCnapSpecialCases, normal str. number: +79104018860
D/PhoneUtils( 155): modifyForSpecialCnapCases: returning number string=+79104018860
D/CallNotifier( 155): getLogNumber: +79104018860
D/CallNotifier( 155): - starting post-disconnect tone (5)...
D/LockExchangeUtils( 81): isLockExchangeEnabled = false
D/WindowManager( 81): setShowKeyguard(false)
D/WindowManager( 81): setShowKeyguard(false)
D/LockExchangeUtils( 81): isLockExchangeEnabled = false
V/HtcCdmaPhoneApp( 155): OoO DISCONNECT
D/HtcCdmaPhoneApp( 155): onDisconnect()... phone state: IDLE
D/CallNotifier( 155): InCallTonePlayer.run(toneId = 5)...
D/HtcCdmaPhoneApp( 155): - onDisconnect: cause = CDMA_REORDER, incoming = true, date = 1280175155987
D/DTMFTwelveKeyDialer( 155): clearDigits()...
D/PhoneApp( 155): setScreenTimeout(MEDIUM)...
D/PhoneApp( 155): requestWakeState(SLEEP)...
D/InCallScreen( 155): - onDisconnect: bailOutImmediately...
D/InCallScreen( 155): - delayedCleanupAfterDisconnect: phone is idle...
D/InCallScreen( 155): - delayedCleanupAfterDisconnect: finishing InCallScreen...
I/ActivityManager( 81): moveTaskToBack: 44
V/AudioPolicyService( 57): startOutput() tid 762
I/AudioPolicyService( 57): startOutput(): before lock
D/FMRadioService( 403): !!!! @@@@@@@@ FADIN setStreamVolume(1.3299997) - 2
D/InCallScreen( 155): setInCallScreenMode: UNDEFINED
D/BluetoothHandsfree( 155): updatePhoneState()
D/CallNotifier( 155): onPhoneStateChanged: state = IDLE
D/PhoneApp( 155): updateProximitySensorMode: state = IDLE
D/PhoneApp( 155): updateProximitySensorMode: lock already released.
D/PhoneApp( 155): updateProximitySensorMode: state = IDLE
D/PhoneApp( 155): updateProximitySensorMode: lock already released.
D/PhoneUtils( 155): ConnectionHandler: updating mute state for each connection
D/PhoneUtils( 155): connection: incoming: true state: DISCONNECTED post dial state: NOT_STARTEDnot accounted for, removing.
D/PhoneUtils( 155): setMute: false
D/PhoneUtils( 155): setMicrophoneMute: false
I/AudioFlinger( 57): setMicMute(0): before lock mHardwareLock
I/AudioFlinger( 57): setMicMute: ready to unlock mHardwareLock
D/InCallScreen( 155): onPhoneStateChanged()...
D/InCallScreen( 155): updateScreen()...
D/InCallScreen( 155): - updateScreen: updating the in-call UI...
D/CallCard( 155): updateState(Phone: Handler{46410f78}, personId: null)...
D/CallCard( 155): updateNoCall()...
D/CallCard( 155): displayMainCallStatus(phone Handler{46410f78}, call null)...
D/InCallScreen( 155): updateProviderOverlay: false
D/InCallScreen( 155): updateMenuButtonHint()...
D/PhoneApp( 155): setScreenTimeout(MEDIUM)...
D/PhoneApp( 155): requestWakeState(SLEEP)...
D/InCallScreen( 155): updateProviderOverlay: false
D/DTMFTwelveKeyDialer( 155): Notifying dtmf key up.
D/DTMFTwelveKeyDialer( 155): Stopping the last played tone.
D/DTMFTwelveKeyDialer( 155): stopTone()...
D/DTMFTwelveKeyDialer( 155): trying to stop local tone...
D/InCallScreen( 155): dismissMenu(immediate = true)...
D/InCallScreen( 155): dismissAllDialogs()...
E/PhoneApp( 155): mStatusBarDisableCount is already zero
D/PhoneApp( 155): setScreenTimeout(DEFAULT)...
D/PhoneApp( 155): requestWakeState(SLEEP)...
I/ActivityManager( 81): moveTaskToBack: 44
D/InCallScreen( 155): onWindowFocusChanged(false)...
D/InCallScreen( 155): - onWindowFocusChanged: faking onDialerKeyUp()...
D/DTMFTwelveKeyDialer( 155): Notifying dtmf key up.
D/DTMFTwelveKeyDialer( 155): Stopping the last played tone.
D/DTMFTwelveKeyDialer( 155): stopTone()...
D/DTMFTwelveKeyDialer( 155): trying to stop local tone...
D/FMRadioService( 403): !!!! @@@@@@@@ FADIN setStreamVolume(1.3599997) - 2
D/InCallScreen( 155): onStop()...
D/InCallScreen( 155): onStop: state = IDLE
D/FMRadioService( 403): !!!! @@@@@@@@ FADIN setStreamVolume(1.3899996) - 2
W/AudioFlinger( 57): write blocked for 253 msecs, 216 delayed writes, thread 0x14a88
V/AudioPolicyService( 57): stopOutput() tid 134
I/AudioPolicyService( 57): stopOutput(): before lock
V/AudioPolicyService( 57): inserting command: 3 at index 0, num commands 0
V/AudioPolicyService( 57): AudioCommandThread() adding set parameter string routing=2, io 1 ,delay 138
V/AudioPolicyService( 57): AudioCommandThread() waking up
V/AudioPolicyService( 57): AudioCommandThread() going to sleep
D/FMRadioService( 403): !!!! @@@@@@@@ FADIN setStreamVolume(1.4199996) - 2
D/CallNotifier( 155): resetAudioStateAfterDisconnect()...
D/PhoneUtils( 155): turnOnSpeaker(flag=false, store=true)...
V/AudioPolicyService( 57): releaseOutput() tid 57
I/AudioPolicyService( 57): releaseOutput(): before lock
V/AudioPolicyService( 57): setForceUse() tid 760
I/AudioPolicyService( 57): setForceUse(): before lock
D/PhoneApp( 155): setScreenTimeout(DEFAULT)...
D/PhoneApp( 155): requestWakeState(SLEEP)...
D/PhoneApp( 155): updateProximitySensorMode: state = IDLE
D/PhoneApp( 155): updateProximitySensorMode: lock already released.
D/PhoneUtils( 155): setAudioMode(MODE_NORMAL)...
D/FMRadioService( 403): !!!! @@@@@@@@ FADIN setStreamVolume(1.4499996) - 2
D/FMRadioService( 403): !!!! @@@@@@@@ FADIN setStreamVolume(1.4799995) - 2
D/FMRadioService( 403): !!!! @@@@@@@@ FADIN setStreamVolume(1.5099995) - 2
D/FMRadioService( 403): !!!! @@@@@@@@ FADIN setStreamVolume(1.5399995) - 2
D/FMRadioService( 403): !!!! @@@@@@@@ FADIN setStreamVolume(1.5699995) - 2
D/FMRadioService( 403): !!!! @@@@@@@@ FADIN setStreamVolume(1.5999994) - 2
D/FMRadioService( 403): !!!! @@@@@@@@ FADIN setStreamVolume(1.6299994) - 2
D/FMRadioService( 403): !!!! @@@@@@@@ FADIN setStreamVolume(1.6599994) - 2
D/FMRadioService( 403): !!!! @@@@@@@@ FADIN setStreamVolume(1.6899993) - 2
V/AudioPolicyService( 57): AudioCommandThread() waking up
V/AudioPolicyService( 57): AudioCommandThread() processing set parameters string routing=2, io 1
I/AudioHardwareQSD( 57): Routing audio to Speakerphone
D/AudioHardwareQSD( 57): Switching audio device to
D/AudioHardwareQSD( 57): Speakerphone
D/FMRadioService( 403): !!!! @@@@@@@@ FADIN setStreamVolume(1.7199993) - 2
D/FMRadioService( 403): !!!! @@@@@@@@ FADIN setStreamVolume(1.7499993) - 2
D/FMRadioService( 403): !!!! @@@@@@@@ FADIN setStreamVolume(1.7799993) - 2
D/FMRadioService( 403): !!!! @@@@@@@@ FADIN setStreamVolume(1.8099992) - 2
D/FMRadioService( 403): !!!! @@@@@@@@ FADIN setStreamVolume(1.8399992) - 2
D/MyWidgetViewWL( 162): message widget observer onChange, isDelete false
D/FMRadioService( 403): !!!! @@@@@@@@ FADIN setStreamVolume(1.8699992) - 2
D/FMRadioService( 403): !!!! @@@@@@@@ FADIN setStreamVolume(1.8999991) - 2
D/PhoneApp( 155): setIgnoreTouchUserActivity(false)...
V/AudioPolicyService( 57): AudioCommandThread() going to sleep
D/FMRadioService( 403): !!!! @@@@@@@@ FADIN setStreamVolume(1.9299991) - 2
D/FMRadioService( 403): !!!! @@@@@@@@ FADIN setStreamVolume(1.9599991) - 2
D/FMRadioService( 403): !!!! @@@@@@@@ FADIN setStreamVolume(1.989999) - 2
D/FMRadioService( 403): !!!! @@@@@@@@ FADIN setStreamVolume(2.019999) - 2
V/AudioPolicyService( 57): inserting command: 2 at index 0, num commands 0
V/AudioPolicyService( 57): AudioCommandThread() adding set volume stream 3, volume 0.018197, output 1
V/AudioPolicyService( 57): AudioCommandThread() waking up
V/AudioPolicyService( 57): AudioCommandThread() processing set volume stream 3, volume 0.018197, output 1
D/AudioFlinger( 57): setStreamVolume(), stream:3, value:0.018197, output:1
V/AudioPolicyService( 57): inserting command: 2 at index 0, num commands 0
V/AudioPolicyService( 57): AudioCommandThread() adding set volume stream 9, volume 0.018197, output 1
V/AudioPolicyService( 57): AudioCommandThread() processing set volume stream 9, volume 0.018197, output 1
D/AudioFlinger( 57): setStreamVolume(), stream:9, value:0.018197, output:1
V/AudioPolicyService( 57): AudioCommandThread() going to sleep
D/FMRadioService( 403): !!!! @@@@@@@@ FADIN setStreamVolume(2.049999) - 2
D/FMRadioService( 403): !!!! @@@@@@@@ FADIN setStreamVolume(2.079999) - 2
D/FMRadioService( 403): !!!! @@@@@@@@ FADIN setStreamVolume(2.109999) - 2
D/FMRadioService( 403): !!!! @@@@@@@@ FADIN setStreamVolume(2.139999) - 2
D/FMRadioService( 403): !!!! @@@@@@@@ FADIN setStreamVolume(2.169999) - 2
D/FMRadioService( 403): !!!! @@@@@@@@ FADIN setStreamVolume(2.1999989) - 2
D/FMRadioService( 403): !!!! @@@@@@@@ FADIN setStreamVolume(2.2299988) - 2
D/FMRadioService( 403): !!!! @@@@@@@@ FADIN setStreamVolume(2.2599988) - 2
D/FMRadioService( 403): !!!! @@@@@@@@ FADIN setStreamVolume(2.2899988) - 2
D/FMRadioService( 403): !!!! @@@@@@@@ FADIN setStreamVolume(2.3199987) - 2
D/FMRadioService( 403): !!!! @@@@@@@@ FADIN setStreamVolume(2.3499987) - 2
D/FMRadioService( 403): !!!! @@@@@@@@ FADIN setStreamVolume(2.3799987) - 2
D/FMRadioService( 403): !!!! @@@@@@@@ FADIN setStreamVolume(2.4099987) - 2
D/FMRadioService( 403): !!!! @@@@@@@@ FADIN setStreamVolume(2.4399986) - 2
D/FMRadioService( 403): !!!! @@@@@@@@ FADIN setStreamVolume(2.4699986) - 2
D/FMRadioService( 403): !!!! @@@@@@@@ FADIN setStreamVolume(2.4999986) - 2
D/FMRadioService( 403): !!!! @@@@@@@@ FADIN setStreamVolume(2.5299985) - 2
D/FMRadioService( 403): !!!! @@@@@@@@ FADIN setStreamVolume(2.5599985) - 2
D/FMRadioService( 403): !!!! @@@@@@@@ FADIN setStreamVolume(2.5899985) - 2
D/FMRadioService( 403): !!!! @@@@@@@@ FADIN setStreamVolume(2.6199985) - 2
D/FMRadioService( 403): !!!! @@@@@@@@ FADIN setStreamVolume(2.6499984) - 2
D/FMRadioService( 403): !!!! @@@@@@@@ FADIN setStreamVolume(2.6799984) - 2
D/FMRadioService( 403): !!!! @@@@@@@@ FADIN setStreamVolume(2.7099984) - 2
D/FMRadioService( 403): !!!! @@@@@@@@ FADIN setStreamVolume(2.7399983) - 2
D/FMRadioService( 403): !!!! @@@@@@@@ FADIN setStreamVolume(2.7699983) - 2
D/FMRadioService( 403): !!!! @@@@@@@@ FADIN setStreamVolume(2.7999983) - 2
D/FMRadioService( 403): !!!! @@@@@@@@ FADIN setStreamVolume(2.8299983) - 2
D/FMRadioService( 403): !!!! @@@@@@@@ FADIN setStreamVolume(2.8599982) - 2
D/FMRadioService( 403): !!!! @@@@@@@@ FADIN setStreamVolume(2.8899982) - 2
D/FMRadioService( 403): !!!! @@@@@@@@ FADIN setStreamVolume(2.9199982) - 2
D/FMRadioService( 403): !!!! @@@@@@@@ FADIN setStreamVolume(2.9499981) - 2
D/FMRadioService( 403): !!!! @@@@@@@@ FADIN setStreamVolume(2.979998) - 2
D/FMRadioService( 403): !!!! @@@@@@@@ FADIN setStreamVolume(3.0) - 3
V/AudioPolicyService( 57): inserting command: 2 at index 0, num commands 0
V/AudioPolicyService( 57): AudioCommandThread() adding set volume stream 3, volume 0.025119, output 1
V/AudioPolicyService( 57): AudioCommandThread() waking up
V/AudioPolicyService( 57): AudioCommandThread() processing set volume stream 3, volume 0.025119, output 1
D/AudioFlinger( 57): setStreamVolume(), stream:3, value:0.025119, output:1
V/AudioPolicyService( 57): inserting command: 2 at index 0, num commands 0
V/AudioPolicyService( 57): AudioCommandThread() adding set volume stream 9, volume 0.025119, output 1
V/AudioPolicyService( 57): AudioCommandThread() processing set volume stream 9, volume 0.025119, output 1
D/AudioFlinger( 57): setStreamVolume(), stream:9, value:0.025119, output:1
V/AudioPolicyService( 57): AudioCommandThread() going to sleep
D/MyWidgetView41( 162): handle sMSG_QUERY_EVENT
E/MyWidgetView41( 162): Query Today's Events begin time:1280175180000, end time:1280260740000
D/MyWidgetView41( 162): handle sUIMSG_DRAW_TODAY
D/MyWidgetView41( 162): Is today's event:true
D/MyWidgetView41( 162): Event title:Meet Olezhko, start time:10:0, end time:10:5
D/MyWidgetView41( 162): ##schedular query event on 27day 10hour 5min 1sec
D/MyWidgetView41( 162): using alarm to schedule at 20100727T100501
V/AudioPolicyService( 57): startOutput() tid 760
I/AudioPolicyService( 57): startOutput(): before lock
V/AudioPolicyService( 57): stopOutput() tid 137
I/AudioPolicyService( 57): stopOutput(): before lock
I/BluetoothA2dpService( 81): RESUME_PHONE_STATE
I/AudioFlinger( 57): setParameters(A2dpSuspended=false): before lock mHardwareLock
V/A2dpAudioInterface( 57): setParameters() A2dpSuspended=false
I/AudioFlinger( 57): setParameters: ready to unlock mHardwareLock
D/WindowManager( 81): I'm tired mEndcallBehavior=0x2
I/power ( 81): *** set_screen_state 0
D/PowerManagerService( 81): wakelock: PARTIAL_WAKE_LOCK 'com.csipsimple.SipService' activated (minState=0)
D/KeyguardViewManager( 81): show()
D/LockExchangeUtils( 81): isLockExchangeEnabled = false
D/LockExchangeUtils( 81): isLockExchangeEnabled = false
D/HtcLockScreen( 81): onScreenRestart
I/HtcLockScreen( 81): updateStatusViewByPriority, mIsSimCheckView = false, mIsBatteryInfo = false, mIsMusicPlaying = false, mIsAirPlaneMode = false
I/HtcLockScreen( 81): HtcLockScreen:onResume
D/WifiService( 81): ACTION_SCREEN_OFF
D/KeyguardViewMediator( 81): handleKeyguardDoneDrawing: notifying mWaitingUntilKeyguardVisible
D/ContactWidget Matrix( 162): Received intent:android.intent.action.SCREEN_OFF
V/FMRadioService( 403): !!!! @@@@@@@@@ BroadcastReceiver onReceive Action(android.intent.action.SCREEN_OFF) mFMBinded(false)
V/FMRadioService( 403): !!!! @@@@@@ #### cmd(null) action(android.intent.action.SCREEN_OFF)
D/browser (20581): screen intent received: android.intent.action.SCREEN_OFF mActivityInPause=true toggleAutorestart=true restartFlag=false
D/SurfaceFlinger( 81): About to give-up screen, flinger = 0x1432e8
D/SurfaceFlinger( 81): screen given-up
D/dalvikvm( 81): GC freed 22216 objects / 995896 bytes in 130ms
I/AudioHardwareQSD( 57): AudioHardware pcm playback is going to standby.
D/dalvikvm( 263): GC freed 189 objects / 8504 bytes in 87ms
V/AudioPolicyService( 57): releaseOutput() tid 57
I/AudioPolicyService( 57): releaseOutput(): before lock
D/dalvikvm( 403): GC freed 1004 objects / 70608 bytes in 75ms
E/XMPPConnectionAdapter(17423): Error while connecting
E/XMPPConnectionAdapter(17423): No response from the server.:
E/XMPPConnectionAdapter(17423): at org.jivesoftware.smack.NonSASLAuthentication.authenticate(NonSASLAuthentication.java:73)
E/XMPPConnectionAdapter(17423): at org.jivesoftware.smack.SASLAuthentication.authenticate(SASLAuthentication.java:352)
E/XMPPConnectionAdapter(17423): at org.jivesoftware.smack.XMPPConnection.login(XMPPConnection.java:230)
E/XMPPConnectionAdapter(17423): at com.beem.project.beem.service.XmppConnectionAdapter.login(XmppConnectionAdapter.java:209)
E/XMPPConnectionAdapter(17423): at com.beem.project.beem.service.XmppConnectionAdapter.connectSync(XmppConnectionAdapter.java:251)
E/XMPPConnectionAdapter(17423): at com.beem.project.beem.BeemService$1.run(BeemService.java:374)
E/XMPPConnectionAdapter(17423): at java.lang.Thread.run(Thread.java:1102)
D/BeemService(17423): Enable reconnection
D/BeemService(17423): onStart
D/BeemService(17423): Disable reconnection
D/XMPPConnectionAdapter(17423): login
I/SyncControl_Dialer( 156): Sync active detected - Account: [egcrosser@gmail.com/com.google], authority: com.android.contacts, autoSyncFlag: 1
I/SyncControl_People( 410): Sync active detected - Account: [egcrosser@gmail.com/com.google], authority: com.android.contacts, autoSyncFlag: 1
D/dalvikvm( 170): GC freed 746 objects / 39960 bytes in 94ms
I/libpjsip( 297): 00:14:40.949 pjsua_acc.c : registration success, status=200 (OK), will re-register in 300 seconds
E/XMPPConnectionAdapter(17423): Error while connecting
E/XMPPConnectionAdapter(17423): No response from the server.:
E/XMPPConnectionAdapter(17423): at org.jivesoftware.smack.NonSASLAuthentication.authenticate(NonSASLAuthentication.java:73)
E/XMPPConnectionAdapter(17423): at org.jivesoftware.smack.SASLAuthentication.authenticate(SASLAuthentication.java:352)
E/XMPPConnectionAdapter(17423): at org.jivesoftware.smack.XMPPConnection.login(XMPPConnection.java:230)
E/XMPPConnectionAdapter(17423): at com.beem.project.beem.service.XmppConnectionAdapter.login(XmppConnectionAdapter.java:209)
E/XMPPConnectionAdapter(17423): at com.beem.project.beem.service.XmppConnectionAdapter.connectSync(XmppConnectionAdapter.java:251)
E/XMPPConnectionAdapter(17423): at com.beem.project.beem.BeemService$1.run(BeemService.java:374)
E/XMPPConnectionAdapter(17423): at java.lang.Thread.run(Thread.java:1102)
D/BeemService(17423): Enable reconnection
D/BeemService(17423): onStart
D/BeemService(17423): Disable reconnection
D/XMPPConnectionAdapter(17423): login
D/dalvikvm(17423): GC freed 1015 objects / 62640 bytes in 84ms
E/XMPPConnectionAdapter(17423): Error while connecting
E/XMPPConnectionAdapter(17423): No response from the server.:
E/XMPPConnectionAdapter(17423): at org.jivesoftware.smack.NonSASLAuthentication.authenticate(NonSASLAuthentication.java:73)
E/XMPPConnectionAdapter(17423): at org.jivesoftware.smack.SASLAuthentication.authenticate(SASLAuthentication.java:352)
E/XMPPConnectionAdapter(17423): at org.jivesoftware.smack.XMPPConnection.login(XMPPConnection.java:230)
E/XMPPConnectionAdapter(17423): at com.beem.project.beem.service.XmppConnectionAdapter.login(XmppConnectionAdapter.java:209)
E/XMPPConnectionAdapter(17423): at com.beem.project.beem.service.XmppConnectionAdapter.connectSync(XmppConnectionAdapter.java:251)
E/XMPPConnectionAdapter(17423): at com.beem.project.beem.BeemService$1.run(BeemService.java:374)
E/XMPPConnectionAdapter(17423): at java.lang.Thread.run(Thread.java:1102)
D/BeemService(17423): Enable reconnection
D/BeemService(17423): onStart
D/BeemService(17423): Disable reconnection
D/XMPPConnectionAdapter(17423): login
D/dalvikvm( 374): GC freed 64686 objects / 1572744 bytes in 93ms
D/MyWidgetViewWL( 162): message widget observer onChange, isDelete false
E/XMPPConnectionAdapter(17423): Error while connecting
E/XMPPConnectionAdapter(17423): No response from the server.:
E/XMPPConnectionAdapter(17423): at org.jivesoftware.smack.NonSASLAuthentication.authenticate(NonSASLAuthentication.java:73)
E/XMPPConnectionAdapter(17423): at org.jivesoftware.smack.SASLAuthentication.authenticate(SASLAuthentication.java:352)
E/XMPPConnectionAdapter(17423): at org.jivesoftware.smack.XMPPConnection.login(XMPPConnection.java:230)
E/XMPPConnectionAdapter(17423): at com.beem.project.beem.service.XmppConnectionAdapter.login(XmppConnectionAdapter.java:209)
E/XMPPConnectionAdapter(17423): at com.beem.project.beem.service.XmppConnectionAdapter.connectSync(XmppConnectionAdapter.java:251)
E/XMPPConnectionAdapter(17423): at com.beem.project.beem.BeemService$1.run(BeemService.java:374)
E/XMPPConnectionAdapter(17423): at java.lang.Thread.run(Thread.java:1102)
D/BeemService(17423): Enable reconnection
D/BeemService(17423): onStart
D/BeemService(17423): Disable reconnection
D/XMPPConnectionAdapter(17423): login
D/dalvikvm(17423): GC freed 999 objects / 61968 bytes in 82ms
E/XMPPConnectionAdapter(17423): Error while connecting
E/XMPPConnectionAdapter(17423): No response from the server.:
E/XMPPConnectionAdapter(17423): at org.jivesoftware.smack.NonSASLAuthentication.authenticate(NonSASLAuthentication.java:73)
E/XMPPConnectionAdapter(17423): at org.jivesoftware.smack.SASLAuthentication.authenticate(SASLAuthentication.java:352)
E/XMPPConnectionAdapter(17423): at org.jivesoftware.smack.XMPPConnection.login(XMPPConnection.java:230)
E/XMPPConnectionAdapter(17423): at com.beem.project.beem.service.XmppConnectionAdapter.login(XmppConnectionAdapter.java:209)
E/XMPPConnectionAdapter(17423): at com.beem.project.beem.service.XmppConnectionAdapter.connectSync(XmppConnectionAdapter.java:251)
E/XMPPConnectionAdapter(17423): at com.beem.project.beem.BeemService$1.run(BeemService.java:374)
E/XMPPConnectionAdapter(17423): at java.lang.Thread.run(Thread.java:1102)
D/dalvikvm( 81): GC freed 10290 objects / 469104 bytes in 163ms
D/BeemService(17423): Enable reconnection
D/dalvikvm( 465): GC freed 2938 objects / 315472 bytes in 107ms
D/BeemService(17423): onStart
D/BeemService(17423): Disable reconnection
D/XMPPConnectionAdapter(17423): login
I/global ( 81): Default buffer size used in BufferedReader constructor. It would be better to be explicit if an 8k-char buffer is required.
I/global ( 81): Default buffer size used in BufferedReader constructor. It would be better to be explicit if an 8k-char buffer is required.
D/BatteryService( 81): isUsbConnected() = false
D/BatteryService( 81): mPlugType = 0
D/WifiService( 81): ACTION_BATTERY_CHANGED pluggedType: 0
D/Listen (17391): battery state change: 4:26:0
D/UsbConnectedReceiver( 263): action = psclient.intent.action.usb_status
D/UsbConnectedReceiver( 263): ACTION_BATTERY_CHANGED
D/UsbConnectedReceiver( 263): usbCurrentType = 0
D/UsbConnectedReceiver( 263): Current type is same as previous, return!
D/Listen (17391): startNextDownload isBlocked:false
D/Listen (17391): startNextDownloadFromCursor downloadCount:0
D/Listen (17391): startNextDownload: done, downloaded:0
E/XMPPConnectionAdapter(17423): Error while connecting
E/XMPPConnectionAdapter(17423): No response from the server.:
E/XMPPConnectionAdapter(17423): at org.jivesoftware.smack.NonSASLAuthentication.authenticate(NonSASLAuthentication.java:73)
E/XMPPConnectionAdapter(17423): at org.jivesoftware.smack.SASLAuthentication.authenticate(SASLAuthentication.java:352)
E/XMPPConnectionAdapter(17423): at org.jivesoftware.smack.XMPPConnection.login(XMPPConnection.java:230)
E/XMPPConnectionAdapter(17423): at com.beem.project.beem.service.XmppConnectionAdapter.login(XmppConnectionAdapter.java:209)
E/XMPPConnectionAdapter(17423): at com.beem.project.beem.service.XmppConnectionAdapter.connectSync(XmppConnectionAdapter.java:251)
E/XMPPConnectionAdapter(17423): at com.beem.project.beem.BeemService$1.run(BeemService.java:374)
E/XMPPConnectionAdapter(17423): at java.lang.Thread.run(Thread.java:1102)
D/BeemService(17423): Enable reconnection
D/BeemService(17423): onStart
D/BeemService(17423): Disable reconnection
D/XMPPConnectionAdapter(17423): login
D/dalvikvm(17423): GC freed 999 objects / 62072 bytes in 80ms
E/XMPPConnectionAdapter(17423): Error while connecting
E/XMPPConnectionAdapter(17423): No response from the server.:
E/XMPPConnectionAdapter(17423): at org.jivesoftware.smack.NonSASLAuthentication.authenticate(NonSASLAuthentication.java:73)
E/XMPPConnectionAdapter(17423): at org.jivesoftware.smack.SASLAuthentication.authenticate(SASLAuthentication.java:352)
E/XMPPConnectionAdapter(17423): at org.jivesoftware.smack.XMPPConnection.login(XMPPConnection.java:230)
E/XMPPConnectionAdapter(17423): at com.beem.project.beem.service.XmppConnectionAdapter.login(XmppConnectionAdapter.java:209)
E/XMPPConnectionAdapter(17423): at com.beem.project.beem.service.XmppConnectionAdapter.connectSync(XmppConnectionAdapter.java:251)
E/XMPPConnectionAdapter(17423): at com.beem.project.beem.BeemService$1.run(BeemService.java:374)
E/XMPPConnectionAdapter(17423): at java.lang.Thread.run(Thread.java:1102)
D/BeemService(17423): Enable reconnection
D/BeemService(17423): onStart
D/BeemService(17423): Disable reconnection
D/XMPPConnectionAdapter(17423): login
E/XMPPConnectionAdapter(17423): Error while connecting
E/XMPPConnectionAdapter(17423): No response from the server.:
E/XMPPConnectionAdapter(17423): at org.jivesoftware.smack.NonSASLAuthentication.authenticate(NonSASLAuthentication.java:73)
E/XMPPConnectionAdapter(17423): at org.jivesoftware.smack.SASLAuthentication.authenticate(SASLAuthentication.java:352)
E/XMPPConnectionAdapter(17423): at org.jivesoftware.smack.XMPPConnection.login(XMPPConnection.java:230)
E/XMPPConnectionAdapter(17423): at com.beem.project.beem.service.XmppConnectionAdapter.login(XmppConnectionAdapter.java:209)
E/XMPPConnectionAdapter(17423): at com.beem.project.beem.service.XmppConnectionAdapter.connectSync(XmppConnectionAdapter.java:251)
E/XMPPConnectionAdapter(17423): at com.beem.project.beem.BeemService$1.run(BeemService.java:374)
E/XMPPConnectionAdapter(17423): at java.lang.Thread.run(Thread.java:1102)
D/BeemService(17423): Enable reconnection
D/BeemService(17423): onStart
D/BeemService(17423): Disable reconnection
D/XMPPConnectionAdapter(17423): login
D/dalvikvm(17423): GC freed 999 objects / 62016 bytes in 81ms
V/htcMessageUploader( 289): [UploadMessageReceiver] UploadMessageReceiver() constructor !!!
I/htcMessageUploader( 289): Start thread to upload fota event message:com.htc.htcMessageUploader.UploadMessageReceiver
I/htcMessageUploader( 289): [UploadMessageReceiver] By schedule rule, starting upload process
I/htcMessageUploader( 289): Having logs in message queue and preparing to upload message
E/XMPPConnectionAdapter(17423): Error while connecting
E/XMPPConnectionAdapter(17423): No response from the server.:
E/XMPPConnectionAdapter(17423): at org.jivesoftware.smack.NonSASLAuthentication.authenticate(NonSASLAuthentication.java:73)
E/XMPPConnectionAdapter(17423): at org.jivesoftware.smack.SASLAuthentication.authenticate(SASLAuthentication.java:352)
E/XMPPConnectionAdapter(17423): at org.jivesoftware.smack.XMPPConnection.login(XMPPConnection.java:230)
E/XMPPConnectionAdapter(17423): at com.beem.project.beem.service.XmppConnectionAdapter.login(XmppConnectionAdapter.java:209)
E/XMPPConnectionAdapter(17423): at com.beem.project.beem.service.XmppConnectionAdapter.connectSync(XmppConnectionAdapter.java:251)
E/XMPPConnectionAdapter(17423): at com.beem.project.beem.BeemService$1.run(BeemService.java:374)
E/XMPPConnectionAdapter(17423): at java.lang.Thread.run(Thread.java:1102)
D/BeemService(17423): Enable reconnection
I/htcMessageUploader( 289): Sending message
D/htcMessageUploader( 289): sendMessage ERROR
D/htcMessageUploader( 289): The connection was reset
I/global ( 289): Default buffer size used in BufferedWriter constructor. It would be better to be explicit if an 8k-char buffer is required.
I/htcMessageUploader( 289): == UploadMessageReceiver finished ==
D/BeemService(17423): onStart
D/BeemService(17423): Disable reconnection
D/XMPPConnectionAdapter(17423): login
D/dalvikvm( 289): GC freed 616 objects / 114280 bytes in 82ms
I/libpjsip( 297): 00:19:38.525 pjsua_acc.c : registration success, status=200 (OK), will re-register in 300 seconds
E/XMPPConnectionAdapter(17423): Error while connecting
E/XMPPConnectionAdapter(17423): No response from the server.:
E/XMPPConnectionAdapter(17423): at org.jivesoftware.smack.NonSASLAuthentication.authenticate(NonSASLAuthentication.java:73)
E/XMPPConnectionAdapter(17423): at org.jivesoftware.smack.SASLAuthentication.authenticate(SASLAuthentication.java:352)
E/XMPPConnectionAdapter(17423): at org.jivesoftware.smack.XMPPConnection.login(XMPPConnection.java:230)
E/XMPPConnectionAdapter(17423): at com.beem.project.beem.service.XmppConnectionAdapter.login(XmppConnectionAdapter.java:209)
E/XMPPConnectionAdapter(17423): at com.beem.project.beem.service.XmppConnectionAdapter.connectSync(XmppConnectionAdapter.java:251)
E/XMPPConnectionAdapter(17423): at com.beem.project.beem.BeemService$1.run(BeemService.java:374)
E/XMPPConnectionAdapter(17423): at java.lang.Thread.run(Thread.java:1102)
D/BeemService(17423): Enable reconnection
D/BeemService(17423): onStart
D/BeemService(17423): Disable reconnection
D/XMPPConnectionAdapter(17423): login
D/dalvikvm(17423): GC freed 999 objects / 61920 bytes in 80ms
E/XMPPConnectionAdapter(17423): Error while connecting
E/XMPPConnectionAdapter(17423): No response from the server.:
E/XMPPConnectionAdapter(17423): at org.jivesoftware.smack.NonSASLAuthentication.authenticate(NonSASLAuthentication.java:73)
E/XMPPConnectionAdapter(17423): at org.jivesoftware.smack.SASLAuthentication.authenticate(SASLAuthentication.java:352)
E/XMPPConnectionAdapter(17423): at org.jivesoftware.smack.XMPPConnection.login(XMPPConnection.java:230)
E/XMPPConnectionAdapter(17423): at com.beem.project.beem.service.XmppConnectionAdapter.login(XmppConnectionAdapter.java:209)
E/XMPPConnectionAdapter(17423): at com.beem.project.beem.service.XmppConnectionAdapter.connectSync(XmppConnectionAdapter.java:251)
E/XMPPConnectionAdapter(17423): at com.beem.project.beem.BeemService$1.run(BeemService.java:374)
E/XMPPConnectionAdapter(17423): at java.lang.Thread.run(Thread.java:1102)
D/BeemService(17423): Enable reconnection
D/BeemService(17423): onStart
D/BeemService(17423): Disable reconnection
D/XMPPConnectionAdapter(17423): login
D/WifiService( 81): acquireWifiLockLocked: WifiLock{NetworkLocationProvider type=2 binder=android.os.Binder@465965b8}
D/WifiService( 81): enable and start wifi due to updateWifiState
D/NetworkLocationProvider( 81): getLocation(): triggering a wifi scan
D/NetworkLocationProvider( 81): onCellLocationChanged [6105,42082]
I/wpa_supplicant( 127): CTRL-EVENT-SCAN-RESULTS Ready
I/wpa_supplicant( 127): - wpa_supplicant_event_scan_results RETURN (ap_scan = 2)-
D/NetworkLocationProvider( 81): updateWifIScanResults(): 3 APs
D/LocationMasfClient( 81): getNetworkLocation(): Returning cache location with accuracy 67.0
D/LocationManagerService( 81): Acquired wakelock
D/LocationManagerService( 81): Released wakelock
D/WifiService( 81): releaseWifiLockLocked: WifiLock{NetworkLocationProvider type=2 binder=android.os.Binder@465965b8}
D/WifiService( 81): enable and start wifi due to updateWifiState
D/dalvikvm( 606): GC freed 2303 objects / 170912 bytes in 81ms
E/XMPPConnectionAdapter(17423): Error while connecting
E/XMPPConnectionAdapter(17423): No response from the server.:
E/XMPPConnectionAdapter(17423): at org.jivesoftware.smack.NonSASLAuthentication.authenticate(NonSASLAuthentication.java:73)
E/XMPPConnectionAdapter(17423): at org.jivesoftware.smack.SASLAuthentication.authenticate(SASLAuthentication.java:352)
E/XMPPConnectionAdapter(17423): at org.jivesoftware.smack.XMPPConnection.login(XMPPConnection.java:230)
E/XMPPConnectionAdapter(17423): at com.beem.project.beem.service.XmppConnectionAdapter.login(XmppConnectionAdapter.java:209)
E/XMPPConnectionAdapter(17423): at com.beem.project.beem.service.XmppConnectionAdapter.connectSync(XmppConnectionAdapter.java:251)
E/XMPPConnectionAdapter(17423): at com.beem.project.beem.BeemService$1.run(BeemService.java:374)
E/XMPPConnectionAdapter(17423): at java.lang.Thread.run(Thread.java:1102)
D/BeemService(17423): Enable reconnection
D/BeemService(17423): onStart
D/BeemService(17423): Disable reconnection
D/XMPPConnectionAdapter(17423): login
D/dalvikvm(17423): GC freed 999 objects / 61976 bytes in 80ms
D/KeyguardViewMediator( 81): wakeWhenReadyLocked(26)
D/KeyguardViewMediator( 81): mWakeAndHandOff.acquire() -- start
D/KeyguardViewMediator( 81): mWakeAndHandOff.acquire() -- end
D/KeyguardViewMediator( 81): handleWakeWhenReady(26)
D/KeyguardViewMediator( 81): pokeWakelock(15000)
I/power ( 81): *** set_screen_state 1
D/PowerManagerService( 81): wakelock: PARTIAL_WAKE_LOCK 'com.csipsimple.SipService' activated (minState=0)
D/PowerManagerService( 81): wakelock: PARTIAL_WAKE_LOCK 'keyguardWakeAndHandOff' activated (minState=0)
D/PowerManagerService( 81): wakelock: FULL_WAKE_LOCK 'keyguard'ACQUIRE_CAUSES_WAKEUP activated (minState=3)
I/HtcLockScreen( 81): HtcLockScreen:onResume
D/WifiService( 81): ACTION_SCREEN_ON
D/WifiService( 81): enable and start wifi due to updateWifiState
D/ContactWidget Matrix( 162): Received intent:android.intent.action.SCREEN_ON
V/FMRadioService( 403): !!!! @@@@@@@@@ BroadcastReceiver onReceive Action(android.intent.action.SCREEN_ON) mFMBinded(false)
V/FMRadioService( 403): !!!! @@@@@@ #### cmd(null) action(android.intent.action.SCREEN_ON)
D/browser (20581): screen intent received: android.intent.action.SCREEN_ON mActivityInPause=true toggleAutorestart=true restartFlag=false
D/SurfaceFlinger( 81): Screen about to return, flinger = 0x1432e8
D/SurfaceFlinger( 81): screen returned
D/SurfaceFlinger( 81): wakeup flip
I/HtcLockScreen( 81): touch ACTION_DOWN
I/HtcLockScreen( 81): touch ACTION_UP
W/dalvikvm( 81): disableGcForExternalAlloc: true
D/LockExchangeUtils( 81): isLockExchangeEnabled = false
D/LockExchangeUtils( 81): isLockExchangeEnabled = false
D/HtcLockScreen( 81): unlock animationn done
I/HtcLockScreen( 81): Drag down to unlock screen
W/dalvikvm( 81): disableGcForExternalAlloc: false
D/LockExchangeUtils( 81): isLockExchangeEnabled = false
I/HtcLockScreen( 81): HtcLockScreen:onPause
D/LockExchangeUtils( 81): isLockExchangeEnabled = false
D/LockExchangeUtils( 81): isLockExchangeEnabled = false
D/HtcLockScreen( 81): onScreenPause
D/KeyguardViewManager( 81): hide()
W/InputManagerService( 81): Window already focused, ignoring focus gain of: com.android.internal.view.IInputMethodClient$Stub$Proxy@46a2f018
D/PowerManagerService( 81): New lightsensor value:40, lcdValue:90
D/JOGBALL ( 81): Jogball, + set_jogball_mode mode=0
E/JOGBALL ( 81): open failed errno: 2
D/JOGBALL ( 81): Jogball, + set_jogball_mode mode=0
E/JOGBALL ( 81): open failed errno: 2
D/MyWidgetView41( 162): handle sMSG_QUERY_EVENT
E/MyWidgetView41( 162): Query Today's Events begin time:1280175660000, end time:1280260740000
D/MyWidgetView41( 162): handle sUIMSG_DRAW_TODAY
D/MyWidgetView41( 162): Is today's event:true
D/MyWidgetView41( 162): Event title:Meet Olezhko, start time:10:0, end time:10:5
D/MyWidgetView41( 162): ##schedular query event on 27day 10hour 5min 1sec
D/MyWidgetView41( 162): using alarm to schedule at 20100727T100501
I/BatteryStatsImpl( 81): notePhoneSignalStrengthLocked: 3->2
W/InputManagerService( 81): Window already focused, ignoring focus gain of: com.android.internal.view.IInputMethodClient$Stub$Proxy@46a98460
I/BatteryStatsImpl( 81): notePhoneSignalStrengthLocked: 2->1
D/dalvikvm(20581): GC freed 169 objects / 25896 bytes in 75ms
D/NetworkLocationProvider( 81): onCellLocationChanged [6105,52563]
D/dalvikvm( 333): GC freed 1140 objects / 50536 bytes in 91ms
I/BatteryStatsImpl( 81): notePhoneSignalStrengthLocked: 1->2
E/XMPPConnectionAdapter(17423): Error while connecting
E/XMPPConnectionAdapter(17423): No response from the server.:
E/XMPPConnectionAdapter(17423): at org.jivesoftware.smack.NonSASLAuthentication.authenticate(NonSASLAuthentication.java:73)
E/XMPPConnectionAdapter(17423): at org.jivesoftware.smack.SASLAuthentication.authenticate(SASLAuthentication.java:352)
E/XMPPConnectionAdapter(17423): at org.jivesoftware.smack.XMPPConnection.login(XMPPConnection.java:230)
E/XMPPConnectionAdapter(17423): at com.beem.project.beem.service.XmppConnectionAdapter.login(XmppConnectionAdapter.java:209)
E/XMPPConnectionAdapter(17423): at com.beem.project.beem.service.XmppConnectionAdapter.connectSync(XmppConnectionAdapter.java:251)
E/XMPPConnectionAdapter(17423): at com.beem.project.beem.BeemService$1.run(BeemService.java:374)
E/XMPPConnectionAdapter(17423): at java.lang.Thread.run(Thread.java:1102)
D/BeemService(17423): Enable reconnection
D/BeemService(17423): onStart
D/BeemService(17423): Disable reconnection
D/XMPPConnectionAdapter(17423): login
D/dalvikvm( 263): GC freed 284 objects / 13848 bytes in 83ms
D/NetworkLocationProvider( 81): onCellLocationChanged [6105,42085]
D/DragLayer( 162): touch event action ACTION_DOWN
W/dalvikvm( 162): disableGcForExternalAlloc: true
D/DragLayer( 162): touch event action ACTION_UP
W/dalvikvm( 162): disableGcForExternalAlloc: false
I/BatteryStatsImpl( 81): notePhoneSignalStrengthLocked: 2->3
D/MyWidgetView41( 162): handle sMSG_QUERY_EVENT
E/MyWidgetView41( 162): Query Today's Events begin time:1280175660000, end time:1280260740000
D/MyWidgetView41( 162): handle sUIMSG_DRAW_TODAY
D/MyWidgetView41( 162): Is today's event:true
D/MyWidgetView41( 162): Event title:Meet Olezhko, start time:10:0, end time:10:5
D/MyWidgetView41( 162): ##schedular query event on 27day 10hour 5min 1sec
D/MyWidgetView41( 162): using alarm to schedule at 20100727T100501
D/HtcLockScreen( 81): onRefreshBatteryInfo: 26
D/KeyguardViewMediator( 81): pokeWakelock(15000)
I/HtcLockScreen( 81): updateStatusViewByPriority, mIsSimCheckView = false, mIsBatteryInfo = false, mIsMusicPlaying = false, mIsAirPlaneMode = false
D/WifiService( 81): ACTION_BATTERY_CHANGED pluggedType: 2
D/Listen (17391): battery state change: 2:26:2
D/Listen (17391): startNextDownload isBlocked:false
I/global ( 81): Default buffer size used in BufferedReader constructor. It would be better to be explicit if an 8k-char buffer is required.
I/global ( 81): Default buffer size used in BufferedReader constructor. It would be better to be explicit if an 8k-char buffer is required.
I/global ( 81): Default buffer size used in BufferedReader constructor. It would be better to be explicit if an 8k-char buffer is required.
D/BatteryService( 81): isUsbConnected() = true
D/BatteryService( 81): mPlugType = 2
I/global ( 81): Default buffer size used in BufferedReader constructor. It would be better to be explicit if an 8k-char buffer is required.
I/global ( 81): Default buffer size used in BufferedReader constructor. It would be better to be explicit if an 8k-char buffer is required.
D/BatteryService( 81): isUsbConnected() = true
D/BatteryService( 81): mPlugType = 2
I/global ( 81): Default buffer size used in BufferedReader constructor. It would be better to be explicit if an 8k-char buffer is required.
I/global ( 81): Default buffer size used in BufferedReader constructor. It would be better to be explicit if an 8k-char buffer is required.
D/BatteryService( 81): isUsbConnected() = true
D/BatteryService( 81): mPlugType = 2
D/UsbConnectedReceiver( 263): action = psclient.intent.action.usb_status
D/UsbConnectedReceiver( 263): ACTION_BATTERY_CHANGED
D/UsbConnectedReceiver( 263): usbCurrentType = 2
D/dalvikvm( 81): GC freed 26103 objects / 1552992 bytes in 131ms
D/UsbConnectedReceiver( 263): send battery change plugged = 2
I/global ( 81): Default buffer size used in BufferedReader constructor. It would be better to be explicit if an 8k-char buffer is required.
I/global ( 81): Default buffer size used in BufferedReader constructor. It would be better to be explicit if an 8k-char buffer is required.
D/BatteryService( 81): isUsbConnected() = true
D/BatteryService( 81): mPlugType = 2
I/global ( 81): Default buffer size used in BufferedReader constructor. It would be better to be explicit if an 8k-char buffer is required.
I/global ( 81): Default buffer size used in BufferedReader constructor. It would be better to be explicit if an 8k-char buffer is required.
D/BatteryService( 81): isUsbConnected() = true
D/BatteryService( 81): mPlugType = 2
D/Listen (17391): startNextDownloadFromCursor downloadCount:0
D/Listen (17391): startNextDownload: done, downloaded:0
D/UsbConnectedReceiver( 263): action = psclient.intent.action.usb_status
D/UsbConnectedReceiver( 263): ACTION_BATTERY_CHANGED
D/UsbConnectedReceiver( 263): usbCurrentType = 2
D/UsbConnectedReceiver( 263): Current type is same as previous, return!
D/UsbConnectedReceiver( 263): action = psclient.intent.action.usb_status
D/UsbConnectedReceiver( 263): ACTION_BATTERY_CHANGED
D/UsbConnectedReceiver( 263): usbCurrentType = 2
D/UsbConnectedReceiver( 263): Current type is same as previous, return!
D/UsbConnectedReceiver( 263): action = psclient.intent.action.usb_status
D/UsbConnectedReceiver( 263): ACTION_BATTERY_CHANGED
D/UsbConnectedReceiver( 263): usbCurrentType = 2
D/UsbConnectedReceiver( 263): Current type is same as previous, return!
D/UsbConnectedReceiver( 263): action = psclient.intent.action.usb_status
D/UsbConnectedReceiver( 263): ACTION_BATTERY_CHANGED
D/UsbConnectedReceiver( 263): usbCurrentType = 2
D/UsbConnectedReceiver( 263): Current type is same as previous, return!
D/MountListener( 81): handleEvent ums_connected
D/UsbConnectedReceiver( 263): USB Connected.
D/NetSharing_NSReceiver( 251): onReceive : com.htc.usb.change
D/NetSharing_NSReceiver( 251): USB = true netstate = 0
D/UsbConnectedReceiver( 263): isPCToolConnected = false
D/UsbConnectedReceiver( 263): mObexServerStarted=true
I/global ( 263): Default buffer size used in BufferedReader constructor. It would be better to be explicit if an 8k-char buffer is required.
