D/UsbConnectedReceiver( 263): usb_cable_connect = 1
D/UsbConnectedReceiver( 263): Launch Usb connection UI
I/ActivityManager( 81): Starting activity: Intent { flg=0x10000000 cmp=com.htc.android.psclient/.UsbConnectionSettings }
V/MediaPlayer( 81): constructor
V/MediaPlayer( 81): setListener
V/MediaPlayer( 81): MediaPlayer::setAudioStreamType
D/MediaPlayer( 81): setDataSource(303, 0, 576460752303423487) pid = 81
V/MediaPlayerService( 57): Client(217) constructor
V/MediaPlayerService( 57): Create new client(217) from pid 81, fd=27, offset=0, length=576460752303423487
V/MediaPlayerService( 57): setDataSource fd=27, offset=0, length=576460752303423487
V/MediaPlayerService( 57): st_dev = 45825
V/MediaPlayerService( 57): st_mode = 32829
V/MediaPlayerService( 57): st_uid = 1000
V/MediaPlayerService( 57): st_gid = 1015
V/MediaPlayerService( 57): st_size = 49280
V/MediaPlayerService( 57): calculated length = 49280
V/MediaPlayerService( 57): player type = 1
V/MediaPlayerService( 57): create PVPlayer
I/PlayerDriver( 57): PlayerDriver::enqueueCommand(), after mCommandQueue.push_front(command)
I/PlayerDriver( 57): PlayerDriver::enqueueCommand(), before syncsemcopy->Wait()
I/PlayerDriver( 57): PlayerDriver::enqueueCommand(), after syncsemcopy->Wait()
D/PVPlayer( 57): setDataSource(27, 0, 49280)
D/MediaPlayerService( 57): MediaPlayerService::Client::setDataSource exit
D/MediaPlayerService( 57): returned from setDataSource() in MediaPlayerService::create
I/PlayerDriver( 57): PlayerDriver::syncCompletion(), after ed->mSyncSem->Signal()
V/MediaPlayer( 81): MediaPlayer::setLooping
V/MediaPlayerService( 57): [217] setLooping(0)
I/PlayerDriver( 57): PlayerDriver::enqueueCommand(), after mCommandQueue.push_front(command)
I/PlayerDriver( 57): PlayerDriver::syncCompletion(), after ed->mSyncSem->Signal()
I/PlayerDriver( 57): PlayerDriver::enqueueCommand(), before syncsemcopy->Wait()
I/PlayerDriver( 57): PlayerDriver::enqueueCommand(), after syncsemcopy->Wait()
V/MediaPlayer( 81): prepare
V/MediaPlayerService( 57): [217] setAudioStreamType(5)
D/MediaPlayerService( 57): [217] prepareAsync
I/PlayerDriver( 57): PlayerDriver::enqueueCommand(), after mCommandQueue.push_front(command)
I/PlayerDriver( 57): PlayerDriver::enqueueCommand(), after mCommandQueue.push_front(command)
D/UsbConnectionSettings( 263): -onCreate()
I/PlayerDriver( 57): PlayerDriver::enqueueCommand(), after mCommandQueue.push_front(command)
I/PlayerDriver( 57): PlayerDriver::enqueueCommand(), after mCommandQueue.push_front(command)
I/PlayerDriver( 57): OpenCore enable firewall payload
I/ ( 57): OpenCore codec name PVMFOMXAudioDecNode , OMX.PV.mp3dec
V/MediaPlayerService( 57): [217] notify (0x74560, 200, 1, 44)
V/MediaPlayer( 81): message received msg=200, ext1=1, ext2=44
W/MediaPlayer( 81): info/warning (1, 44)
V/MediaPlayer( 81): callback application
V/MediaPlayer( 81): back from callback
V/MediaPlayerService( 57): [217] notify (0x74560, 1, 0, 0)
V/MediaPlayer( 81): message received msg=1, ext1=0, ext2=0
V/MediaPlayer( 81): prepared
V/MediaPlayer( 81): signal application thread
V/MediaPlayer( 81): callback application
V/MediaPlayer( 81): back from callback
V/MediaPlayer( 81): prepare complete - status=0
V/MediaPlayer( 81): start
V/MediaPlayerService( 57): [217] setLooping(0)
I/PlayerDriver( 57): PlayerDriver::enqueueCommand(), after mCommandQueue.push_front(command)
I/PlayerDriver( 57): PlayerDriver::enqueueCommand(), before syncsemcopy->Wait()
I/PlayerDriver( 57): PlayerDriver::enqueueCommand(), after syncsemcopy->Wait()
I/PlayerDriver( 57): PlayerDriver::syncCompletion(), after ed->mSyncSem->Signal()
V/MediaPlayerService( 57): [217] setVolume(1.000000, 1.000000)
V/AudioSink( 57): setVolume(1.000000, 1.000000)
V/MediaPlayerService( 57): [217] start
I/PlayerDriver( 57): PlayerDriver::enqueueCommand(), after mCommandQueue.push_front(command)
I/PlayerDriver( 57): PlayerDriver::enqueueCommand(), before syncsemcopy->Wait()
I/PlayerDriver( 57): PlayerDriver::enqueueCommand(), after syncsemcopy->Wait()
I/PlayerDriver( 57): PlayerDriver::enqueueCommand(), after mCommandQueue.push_front(command)
I/PlayerDriver( 57): PlayerDriver::enqueueCommand(), before syncsemcopy->Wait()
I/PlayerDriver( 57): PlayerDriver::syncCompletion(), after ed->mSyncSem->Signal()
V/AudioSink( 57): open(44100, 1, 1, 4)
V/AudioSink( 57): setVolume
I/ ( 57): OpenCore PVMFInfoHTCEventAudioOnly
V/MediaPlayerService( 57): [217] notify (0x74560, 200, 1, 902)
V/MediaPlayer( 81): message received msg=200, ext1=1, ext2=902
I/PlayerDriver( 57): PlayerDriver::enqueueCommand(), after syncsemcopy->Wait()
W/MediaPlayer( 81): info/warning (1, 902)
V/MediaPlayer( 81): callback application
V/MediaPlayer( 81): back from callback
I/PlayerDriver( 57): PlayerDriver::syncCompletion(), after ed->mSyncSem->Signal()
V/AudioSink( 57): flush
V/AudioSink( 57): start
V/AudioPolicyService( 57): startOutput() tid 21788
I/AudioPolicyService( 57): startOutput(): before lock
W/AudioFlinger( 57): write blocked for 236 msecs, 217 delayed writes, thread 0x14a88
D/SwitchUsbSettings( 263): getUpdateInfo() link=http://liveimage.htc.com/OTA_Bravo_HTC_WWE_1.21.405.2_1.15.405.4_release_P28tjyo7ovjwu8s0eu.zip
D/SwitchUsbSettings( 263): version=System upgrade1.21.405.2 (27.07 MB)We would recommend using a free Wi-Fi hotspot or an unlimited data plan to apply this update. If not, standard data connection charges may apply. Any questions? Contact us via http://www.htc.com/www/CA_Hotline.aspx
D/SwitchUsbSettings( 263): feature=Update:HTC application improvement
D/SwitchUsbSettings( 263): size=27.07 MB
E/DatabaseUtils( 234): Writing exception to parcel
E/DatabaseUtils( 234): java.lang.SecurityException: Permission Denial: reading com.android.providers.downloads.DownloadProvider uri content://downloads/download from pid=263, uid=10004 requires android.permission.ACCESS_DOWNLOAD_MANAGER
E/DatabaseUtils( 234): at android.content.ContentProvider$Transport.enforceReadPermission(ContentProvider.java:240)
E/DatabaseUtils( 234): at android.content.ContentProvider$Transport.bulkQuery(ContentProvider.java:116)
E/DatabaseUtils( 234): at android.content.ContentProviderNative.onTransact(ContentProviderNative.java:121)
E/DatabaseUtils( 234): at android.os.Binder.execTransact(Binder.java:287)
E/DatabaseUtils( 234): at dalvik.system.NativeStart.run(Native Method)
E/SwitchUsbSettings( 263): Error when query download provider. error: java.lang.SecurityException: Permission Denial: reading com.android.providers.downloads.DownloadProvider uri content://downloads/download from pid=263, uid=10004 requires android.permission.ACCESS_DOWNLOAD_MANAGER
D/UsbConnectionSettings( 263): CustomizedNS:true
I/DumpStateReceiver( 81): Added state dump to 1 crashes
D/dalvikvm( 263): GC freed 1087 objects / 138864 bytes in 55ms
W/ResourceType( 263): Skipping entry 0x7f02000e in package table 0 because it is not complex!
W/ResourceType( 263): Skipping entry 0x7f02000d in package table 0 because it is not complex!
W/ResourceType( 263): Skipping entry 0x7f02000e in package table 0 because it is not complex!
W/ResourceType( 263): Skipping entry 0x7f02000d in package table 0 because it is not complex!
D/SwitchUsbSettings( 263): getUpdateInfo() link=http://liveimage.htc.com/OTA_Bravo_HTC_WWE_1.21.405.2_1.15.405.4_release_P28tjyo7ovjwu8s0eu.zip
D/SwitchUsbSettings( 263): version=System upgrade1.21.405.2 (27.07 MB)We would recommend using a free Wi-Fi hotspot or an unlimited data plan to apply this update. If not, standard data connection charges may apply. Any questions? Contact us via http://www.htc.com/www/CA_Hotline.aspx
D/SwitchUsbSettings( 263): feature=Update:HTC application improvement
D/SwitchUsbSettings( 263): size=27.07 MB
E/DatabaseUtils( 234): Writing exception to parcel
E/DatabaseUtils( 234): java.lang.SecurityException: Permission Denial: reading com.android.providers.downloads.DownloadProvider uri content://downloads/download from pid=263, uid=10004 requires android.permission.ACCESS_DOWNLOAD_MANAGER
E/DatabaseUtils( 234): at android.content.ContentProvider$Transport.enforceReadPermission(ContentProvider.java:240)
E/DatabaseUtils( 234): at android.content.ContentProvider$Transport.bulkQuery(ContentProvider.java:116)
E/DatabaseUtils( 234): at android.content.ContentProviderNative.onTransact(ContentProviderNative.java:121)
E/DatabaseUtils( 234): at android.os.Binder.execTransact(Binder.java:287)
E/DatabaseUtils( 234): at dalvik.system.NativeStart.run(Native Method)
E/SwitchUsbSettings( 263): Error when query download provider. error: java.lang.SecurityException: Permission Denial: reading com.android.providers.downloads.DownloadProvider uri content://downloads/download from pid=263, uid=10004 requires android.permission.ACCESS_DOWNLOAD_MANAGER
W/ResourceType( 263): Skipping entry 0x7f02000e in package table 0 because it is not complex!
W/ResourceType( 263): Skipping entry 0x7f02000d in package table 0 because it is not complex!
W/ResourceType( 263): Skipping entry 0x7f02000e in package table 0 because it is not complex!
W/ResourceType( 263): Skipping entry 0x7f02000d in package table 0 because it is not complex!
I/ActivityManager( 81): Displayed activity com.htc.android.psclient/.UsbConnectionSettings: 1130 ms (total 1130 ms)
I/DumpStateReceiver( 81): Added state dump to 1 crashes
V/AudioSink( 57): stop
V/AudioPolicyService( 57): stopOutput() tid 21788
I/AudioPolicyService( 57): stopOutput(): before lock
V/MediaPlayerService( 57): [217] notify (0x74560, 2, 0, 0)
V/MediaPlayer( 81): message received msg=2, ext1=0, ext2=0
V/MediaPlayer( 81): playback complete
V/MediaPlayer( 81): callback application
V/MediaPlayer( 81): back from callback
D/UsbConnectionSettings( 263): -enableChargeOnly()
D/UsbConnectionSettings( 263): -onPause()
D/UsbConnectionSettings( 263): -onStop()
D/UsbConnectionSettings( 263): -onDestroy()
D/NetworkLocationProvider( 81): onCellLocationChanged [6105,42082]
D/MyWidgetView41( 162): handle sMSG_QUERY_EVENT
E/MyWidgetView41( 162): Query Today's Events begin time:1280175660000, end time:1280260740000
D/MyWidgetView41( 162): handle sUIMSG_DRAW_TODAY
D/MyWidgetView41( 162): Is today's event:true
D/MyWidgetView41( 162): Event title:Meet Olezhko, start time:10:0, end time:10:5
D/MyWidgetView41( 162): ##schedular query event on 27day 10hour 5min 1sec
D/MyWidgetView41( 162): using alarm to schedule at 20100727T100501
I/AudioHardwareQSD( 57): AudioHardware pcm playback is going to standby.
E/XMPPConnectionAdapter(17423): Error while connecting
E/XMPPConnectionAdapter(17423): No response from the server.:
E/XMPPConnectionAdapter(17423): at org.jivesoftware.smack.NonSASLAuthentication.authenticate(NonSASLAuthentication.java:73)
E/XMPPConnectionAdapter(17423): at org.jivesoftware.smack.SASLAuthentication.authenticate(SASLAuthentication.java:352)
E/XMPPConnectionAdapter(17423): at org.jivesoftware.smack.XMPPConnection.login(XMPPConnection.java:230)
E/XMPPConnectionAdapter(17423): at com.beem.project.beem.service.XmppConnectionAdapter.login(XmppConnectionAdapter.java:209)
E/XMPPConnectionAdapter(17423): at com.beem.project.beem.service.XmppConnectionAdapter.connectSync(XmppConnectionAdapter.java:251)
E/XMPPConnectionAdapter(17423): at com.beem.project.beem.BeemService$1.run(BeemService.java:374)
E/XMPPConnectionAdapter(17423): at java.lang.Thread.run(Thread.java:1102)
D/BeemService(17423): Enable reconnection
D/BeemService(17423): onStart
D/BeemService(17423): Disable reconnection
D/XMPPConnectionAdapter(17423): login
D/dalvikvm( 251): GC freed 76 objects / 3728 bytes in 78ms
D/dalvikvm( 234): GC freed 467 objects / 43928 bytes in 77ms
D/dalvikvm( 403): GC freed 24 objects / 1856 bytes in 72ms
D/dalvikvm(17423): GC freed 1003 objects / 62232 bytes in 75ms
V/MediaPlayer( 81): stop
V/MediaPlayerService( 57): [217] stop
I/PlayerDriver( 57): PlayerDriver::enqueueCommand(), after mCommandQueue.push_front(command)
I/PlayerDriver( 57): PlayerDriver::enqueueCommand(), before syncsemcopy->Wait()
I/PlayerDriver( 57): PlayerDriver::handleStop
V/AudioSink( 57): stop
V/AudioSink( 57): stop
V/AudioSink( 57): stop
I/PlayerDriver( 57): PlayerDriver::enqueueCommand(), after syncsemcopy->Wait()
I/PlayerDriver( 57): PlayerDriver::syncCompletion(), after ed->mSyncSem->Signal()
V/MediaPlayer( 81): setListener
V/MediaPlayer( 81): disconnect
V/MediaPlayerService( 57): disconnect(217) from pid 81
I/PlayerDriver( 57): PlayerDriver::enqueueCommand(), after mCommandQueue.push_front(command)
I/PlayerDriver( 57): PlayerDriver::enqueueCommand(), before syncsemcopy->Wait()
I/PlayerDriver( 57): PlayerDriver::handleStop
I/PlayerDriver( 57): PlayerDriver::enqueueCommand(), after syncsemcopy->Wait()
I/PlayerDriver( 57): PlayerDriver::enqueueCommand(), after mCommandQueue.push_front(command)
I/PlayerDriver( 57): PlayerDriver::enqueueCommand(), before syncsemcopy->Wait()
I/PlayerDriver( 57): PlayerDriver::syncCompletion(), after ed->mSyncSem->Signal()
I/PlayerDriver( 57): PlayerDriver::enqueueCommand(), after syncsemcopy->Wait()
I/PlayerDriver( 57): PlayerDriver::enqueueCommand(), after mCommandQueue.push_front(command)
I/PlayerDriver( 57): PlayerDriver::enqueueCommand(), before syncsemcopy->Wait()
I/PlayerDriver( 57): PlayerDriver::syncCompletion(), after ed->mSyncSem->Signal()
I/PlayerDriver( 57): PlayerDriver::enqueueCommand(), after syncsemcopy->Wait()
I/PlayerDriver( 57): PlayerDriver::enqueueCommand(), after mCommandQueue.push_front(command)
I/PlayerDriver( 57): PlayerDriver::enqueueCommand(), before syncsemcopy->Wait()
I/PlayerDriver( 57): PlayerDriver::syncCompletion(), after ed->mSyncSem->Signal()
I/PlayerDriver( 57): PlayerDriver::enqueueCommand(), after syncsemcopy->Wait()
I/PlayerDriver( 57): PlayerDriver::enqueueCommand(), after mCommandQueue.push_front(command)
I/PlayerDriver( 57): PlayerDriver::enqueueCommand(), before syncsemcopy->Wait()
I/PlayerDriver( 57): PlayerDriver::syncCompletion(), after ed->mSyncSem->Signal()
I/PlayerDriver( 57): PlayerDriver::enqueueCommand(), after syncsemcopy->Wait()
D/JOGBALL ( 81): Jogball, + set_jogball_mode mode=0
E/JOGBALL ( 81): open failed errno: 2
V/MediaPlayer( 81): destructor
V/MediaPlayer( 81): disconnect
V/MediaPlayerService( 57): Client(217) destructor pid = 81
V/AudioSink( 57): close
V/AudioPolicyService( 57): releaseOutput() tid 134
I/AudioPolicyService( 57): releaseOutput(): before lock
V/MediaPlayerService( 57): disconnect(217) from pid 81
D/MediaPlayerService( 57): Process 57 RSS is 5272
D/JOGBALL ( 81): Jogball, + set_jogball_mode mode=0
E/JOGBALL ( 81): open failed errno: 2
E/XMPPConnectionAdapter(17423): Error while connecting
E/XMPPConnectionAdapter(17423): No response from the server.:
E/XMPPConnectionAdapter(17423): at org.jivesoftware.smack.NonSASLAuthentication.authenticate(NonSASLAuthentication.java:73)
E/XMPPConnectionAdapter(17423): at org.jivesoftware.smack.SASLAuthentication.authenticate(SASLAuthentication.java:352)
E/XMPPConnectionAdapter(17423): at org.jivesoftware.smack.XMPPConnection.login(XMPPConnection.java:230)
E/XMPPConnectionAdapter(17423): at com.beem.project.beem.service.XmppConnectionAdapter.login(XmppConnectionAdapter.java:209)
E/XMPPConnectionAdapter(17423): at com.beem.project.beem.service.XmppConnectionAdapter.connectSync(XmppConnectionAdapter.java:251)
E/XMPPConnectionAdapter(17423): at com.beem.project.beem.BeemService$1.run(BeemService.java:374)
E/XMPPConnectionAdapter(17423): at java.lang.Thread.run(Thread.java:1102)
D/BeemService(17423): Enable reconnection
D/BeemService(17423): onStart
D/BeemService(17423): Disable reconnection
D/XMPPConnectionAdapter(17423): login
I/ActivityManager( 81): Starting activity: Intent { cmp=com.beem.project.beem/.ui.ChangeStatus bnds=[0,258][480,353] }
W/ActivityManager( 81): startActivity called from non-Activity context; forcing Intent.FLAG_ACTIVITY_NEW_TASK for: Intent { cmp=com.beem.project.beem/.ui.ChangeStatus bnds=[0,258][480,353] }
D/dalvikvm( 81): GC freed 9241 objects / 795696 bytes in 118ms
D/AK8973 ( 61): Compass Start
D/Sensors ( 81): open_akm, fd=308
D/AK8973 ( 61): HRET = AKSC_HOF_DSS_START
D/AK8973 ( 61): HRET = AKSC_HOF_DSS_REQUEST
I/ActivityManager( 81): Displayed activity com.beem.project.beem/.ui.ChangeStatus: 514 ms (total 514 ms)
D/AK8973 ( 61): HRET = AKSC_HOF_DSS_REQUEST
D/AK8973 ( 61): HRET = AKSC_HOF_DSS_REQUEST
D/AK8973 ( 61): HRET = AKSC_HOF_DSS_REQUEST
D/AK8973 ( 61): HRET = AKSC_HOF_DSS_REQUEST
D/AK8973 ( 61): HRET = AKSC_HOF_DSS_REQUEST
D/AK8973 ( 61): HRET = AKSC_HOF_DSS_REQUEST
D/AK8973 ( 61): HRET = AKSC_HOF_DSS_COMPLETE
I/ActivityManager( 81): Starting activity: Intent { cmp=com.beem.project.beem/.ui.ContactList }
D/TAG (17423): pause
D/BeemService(17423): ONUNBIND()
D/ContactList(17423): buildContactList for group All contacts
D/ContactList(17423): add rester listneer
I/ActivityManager( 81): Displayed activity com.beem.project.beem/.ui.ContactList: 341 ms (total 341 ms)
W/KeyCharacterMap(17423): Bad keycharmap - filesize=32
W/KeyCharacterMap(17423): Error loading keycharmap file '/system/usr/keychars/bravo-keypad.kcm.bin'. hw.keyboards.0.devname='bravo-keypad'
W/KeyCharacterMap(17423): Using default keymap: /system/usr/keychars/qwerty.kcm.bin
D/Sensors ( 81): close_akm, fd=308
D/BeemService(17423): ONUNBIND()
W/IInputConnectionWrapper(17423): showStatusIcon on inactive InputConnection
E/ContactList(17423): onDestroy activity
D/AK8973 ( 61): Compass CLOSE
D/MyWidgetView41( 162): handle sMSG_QUERY_EVENT
E/MyWidgetView41( 162): Query Today's Events begin time:1280175780000, end time:1280260740000
D/MyWidgetView41( 162): handle sUIMSG_DRAW_TODAY
D/MyWidgetView41( 162): Is today's event:true
D/MyWidgetView41( 162): Event title:Meet Olezhko, start time:10:0, end time:10:5
D/MyWidgetView41( 162): ##schedular query event on 27day 10hour 5min 1sec
D/MyWidgetView41( 162): using alarm to schedule at 20100727T100501
D/DragLayer( 162): touch event action ACTION_DOWN
D/DragLayer( 162): touch event action ACTION_UP
I/ActivityManager( 81): Starting activity: Intent { act=android.intent.action.MAIN cat=[android.intent.category.LAUNCHER] flg=0x10200000 cmp=com.beem.project.beem/.ui.Login bnds=[4,404][116,531] }
D/AK8973 ( 61): Compass Start
D/Sensors ( 81): open_akm, fd=150
W/WindowManager( 81): No window to dispatch pointer action 0
I/ActivityManager( 81): Starting activity: Intent { cmp=com.beem.project.beem/.ui.LoginAnim }
D/Sensors ( 81): close_akm, fd=150
W/WindowManager( 81): No window to dispatch pointer action 1
I/ActivityManager( 81): Displayed activity com.beem.project.beem/.ui.LoginAnim: 88 ms (total 172 ms)
D/dalvikvm( 263): GC freed 806 objects / 65968 bytes in 634ms
D/AK8973 ( 61): Compass CLOSE
W/ActivityManager( 81): Launch timeout has expired, giving up wake lock!
W/ActivityManager( 81): Activity idle timeout for HistoryRecord{467d9340 com.beem.project.beem/.ui.Login}
W/ActivityManager( 81): Activity idle timeout for HistoryRecord{4681c230 com.beem.project.beem/.ui.LoginAnim}
D/dalvikvm( 162): GC freed 9594 objects / 468112 bytes in 289ms
E/XMPPConnectionAdapter(17423): Error while connecting
E/XMPPConnectionAdapter(17423): No response from the server.:
E/XMPPConnectionAdapter(17423): at org.jivesoftware.smack.NonSASLAuthentication.authenticate(NonSASLAuthentication.java:73)
E/XMPPConnectionAdapter(17423): at org.jivesoftware.smack.SASLAuthentication.authenticate(SASLAuthentication.java:352)
E/XMPPConnectionAdapter(17423): at org.jivesoftware.smack.XMPPConnection.login(XMPPConnection.java:230)
E/XMPPConnectionAdapter(17423): at com.beem.project.beem.service.XmppConnectionAdapter.login(XmppConnectionAdapter.java:209)
E/XMPPConnectionAdapter(17423): at com.beem.project.beem.service.XmppConnectionAdapter.connectSync(XmppConnectionAdapter.java:251)
E/XMPPConnectionAdapter(17423): at com.beem.project.beem.BeemService$1.run(BeemService.java:374)
E/XMPPConnectionAdapter(17423): at java.lang.Thread.run(Thread.java:1102)
D/XMPPConnectionAdapter(17423): login
D/BeemService(17423): Enable reconnection
D/BeemService(17423): onStart
D/BeemService(17423): Disable reconnection
E/XMPPConnectionAdapter(17423): Error while connecting
E/XMPPConnectionAdapter(17423): No response from the server.:
E/XMPPConnectionAdapter(17423): at org.jivesoftware.smack.NonSASLAuthentication.authenticate(NonSASLAuthentication.java:73)
E/XMPPConnectionAdapter(17423): at org.jivesoftware.smack.SASLAuthentication.authenticate(SASLAuthentication.java:352)
E/XMPPConnectionAdapter(17423): at org.jivesoftware.smack.XMPPConnection.login(XMPPConnection.java:230)
E/XMPPConnectionAdapter(17423): at com.beem.project.beem.service.XmppConnectionAdapter.login(XmppConnectionAdapter.java:209)
E/XMPPConnectionAdapter(17423): at com.beem.project.beem.service.LoginAsyncTask.doInBackground(LoginAsyncTask.java:100)
E/XMPPConnectionAdapter(17423): at com.beem.project.beem.service.LoginAsyncTask.doInBackground(LoginAsyncTask.java:57)
E/XMPPConnectionAdapter(17423): at android.os.AsyncTask$2.call(AsyncTask.java:185)
E/XMPPConnectionAdapter(17423): at java.util.concurrent.FutureTask$Sync.innerRun(FutureTask.java:305)
E/XMPPConnectionAdapter(17423): at java.util.concurrent.FutureTask.run(FutureTask.java:137)
E/XMPPConnectionAdapter(17423): at java.util.concurrent.ThreadPoolExecutor.runWorker(ThreadPoolExecutor.java:1068)
E/XMPPConnectionAdapter(17423): at java.util.concurrent.ThreadPoolExecutor$Worker.run(ThreadPoolExecutor.java:561)
E/XMPPConnectionAdapter(17423): at java.lang.Thread.run(Thread.java:1102)
D/XMPPConnectionAdapter(17423): login
D/AK8973 ( 61): Compass Start
D/Sensors ( 81): open_akm, fd=23
D/BeemService(17423): ONUNBIND()
I/NotificationService( 81): enqueueToast pkg=com.beem.project.beem callback=android.app.ITransientNotification$Stub$Proxy@465ab920 duration=0
D/AK8973 ( 61): HRET = AKSC_HOF_DSS_START
I/ActivityManager( 81): Displayed activity com.beem.project.beem/.ui.Login: 52858 ms (total 52858 ms)
D/AK8973 ( 61): HRET = AKSC_HOF_DSS_REQUEST
D/AK8973 ( 61): HRET = AKSC_HOF_DSS_REQUEST
D/AK8973 ( 61): HRET = AKSC_HOF_DSS_REQUEST
D/AK8973 ( 61): HRET = AKSC_HOF_DSS_REQUEST
D/AK8973 ( 61): HRET = AKSC_HOF_DSS_REQUEST
D/AK8973 ( 61): HRET = AKSC_HOF_DSS_REQUEST
D/AK8973 ( 61): HRET = AKSC_HOF_DSS_REQUEST
D/AK8973 ( 61): HRET = AKSC_HOF_DSS_COMPLETE
W/InputManagerService( 81): Window already focused, ignoring focus gain of: com.android.internal.view.IInputMethodClient$Stub$Proxy@46685df8
D/Sensors ( 81): close_akm, fd=23
D/AK8973 ( 61): Compass CLOSE
D/MyWidgetView41( 162): handle sMSG_QUERY_EVENT
E/MyWidgetView41( 162): Query Today's Events begin time:1280175840000, end time:1280260740000
D/MyWidgetView41( 162): handle sUIMSG_DRAW_TODAY
D/MyWidgetView41( 162): Is today's event:true
D/MyWidgetView41( 162): Event title:Meet Olezhko, start time:10:0, end time:10:5
D/MyWidgetView41( 162): ##schedular query event on 27day 10hour 5min 1sec
D/MyWidgetView41( 162): using alarm to schedule at 20100727T100501
D/DragLayer( 162): touch event action ACTION_DOWN
D/DragLayer( 162): touch event action ACTION_UP
D/JOGBALL ( 81): Jogball, + set_jogball_mode mode=0
E/JOGBALL ( 81): open failed errno: 2
D/JOGBALL ( 81): Jogball, + set_jogball_mode mode=0
E/JOGBALL ( 81): open failed errno: 2
I/ActivityManager( 81): Starting activity: Intent { cmp=com.beem.project.beem/.ui.ChangeStatus bnds=[0,258][480,353] }
W/ActivityManager( 81): startActivity called from non-Activity context; forcing Intent.FLAG_ACTIVITY_NEW_TASK for: Intent { cmp=com.beem.project.beem/.ui.ChangeStatus bnds=[0,258][480,353] }
D/AK8973 ( 61): Compass Start
D/Sensors ( 81): open_akm, fd=309
I/ActivityManager( 81): Displayed activity com.beem.project.beem/.ui.ChangeStatus: 213 ms (total 213 ms)
D/AK8973 ( 61): HRET = AKSC_HOF_DSS_START
D/AK8973 ( 61): HRET = AKSC_HOF_DSS_REQUEST
D/AK8973 ( 61): HRET = AKSC_HOF_DSS_REQUEST
D/AK8973 ( 61): HRET = AKSC_HOF_DSS_REQUEST
D/AK8973 ( 61): HRET = AKSC_HOF_DSS_REQUEST
D/AK8973 ( 61): HRET = AKSC_HOF_DSS_REQUEST
D/AK8973 ( 61): HRET = AKSC_HOF_DSS_REQUEST
D/AK8973 ( 61): HRET = AKSC_HOF_DSS_REQUEST
D/AK8973 ( 61): HRET = AKSC_HOF_DSS_COMPLETE
I/ActivityManager( 81): Starting activity: Intent { cmp=com.beem.project.beem/.ui.ContactList }
D/TAG (17423): pause
D/BeemService(17423): ONUNBIND()
D/ContactList(17423): buildContactList for group All contacts
D/ContactList(17423): add rester listneer
I/ActivityManager( 81): Displayed activity com.beem.project.beem/.ui.ContactList: 310 ms (total 310 ms)
D/Sensors ( 81): close_akm, fd=309
D/BeemService(17423): ONUNBIND()
D/JOGBALL ( 81): Jogball, + set_jogball_mode mode=0
E/JOGBALL ( 81): open failed errno: 2
D/BeemService(17423): ONDESTROY
W/IInputConnectionWrapper(17423): showStatusIcon on inactive InputConnection
E/ContactList(17423): onDestroy activity
D/AK8973 ( 61): Compass CLOSE
D/MyWidgetView41( 162): handle sMSG_QUERY_EVENT
E/MyWidgetView41( 162): Query Today's Events begin time:1280175840000, end time:1280260740000
D/MyWidgetView41( 162): handle sUIMSG_DRAW_TODAY
D/MyWidgetView41( 162): Is today's event:true
D/MyWidgetView41( 162): Event title:Meet Olezhko, start time:10:0, end time:10:5
D/MyWidgetView41( 162): ##schedular query event on 27day 10hour 5min 1sec
D/MyWidgetView41( 162): using alarm to schedule at 20100727T100501
I/libpjsip( 297): 00:24:33.837 pjsua_acc.c : registration success, status=200 (OK), will re-register in 300 seconds
D/dalvikvm(17423): GC freed 6080 objects / 293128 bytes in 92ms
E/XMPPConnectionAdapter(17423): Error while connecting
E/XMPPConnectionAdapter(17423): No response from the server.:
E/XMPPConnectionAdapter(17423): at org.jivesoftware.smack.NonSASLAuthentication.authenticate(NonSASLAuthentication.java:73)
E/XMPPConnectionAdapter(17423): at org.jivesoftware.smack.SASLAuthentication.authenticate(SASLAuthentication.java:352)
E/XMPPConnectionAdapter(17423): at org.jivesoftware.smack.XMPPConnection.login(XMPPConnection.java:230)
E/XMPPConnectionAdapter(17423): at com.beem.project.beem.service.XmppConnectionAdapter.login(XmppConnectionAdapter.java:209)
E/XMPPConnectionAdapter(17423): at com.beem.project.beem.service.XmppConnectionAdapter.connectSync(XmppConnectionAdapter.java:251)
E/XMPPConnectionAdapter(17423): at com.beem.project.beem.BeemService$1.run(BeemService.java:374)
E/XMPPConnectionAdapter(17423): at java.lang.Thread.run(Thread.java:1102)
D/BeemService(17423): Enable reconnection
D/BeemService(17423): ONCREATE
D/BeemService(17423): onStart
D/BeemService(17423): Disable reconnection
D/BeemService(17423): connectivity change true
D/XMPPConnectionAdapter(17423): connect
I/global (17423): Default buffer size used in BufferedReader constructor. It would be better to be explicit if an 8k-char buffer is required.
I/global (17423): Default buffer size used in BufferedWriter constructor. It would be better to be explicit if an 8k-char buffer is required.
D/dalvikvm(17423): GC freed 33928 objects / 1411816 bytes in 53ms
I/global (17423): Default buffer size used in BufferedReader constructor. It would be better to be explicit if an 8k-char buffer is required.
I/global (17423): Default buffer size used in BufferedWriter constructor. It would be better to be explicit if an 8k-char buffer is required.
D/dalvikvm(17423): GC freed 5392 objects / 284192 bytes in 111ms
D/XMPPConnectionAdapter(17423): login
D/BeemService(17423): Disable reconnection
D/dalvikvm( 263): GC freed 425 objects / 18000 bytes in 82ms