D/HtcLocationService( 259): agent - isLocationAvailable result: false, hasLocationNetwork: true, diff: 8641547 (must less than 600000)
D/TelephonyRegistry( 81): notifyDataConnection() state=0isDataConnectivityPossible()true, reason=dataDisabled
D/TelephonyRegistry( 81): broadcastDataConnectionStateChanged() state=DISCONNECTEDtypes=default,supl, interfaceName=null
D/NetworkLocationProvider( 81): onDataConnectionStateChanged 1
D/ConnectivityService( 81): ConnectivityChange for MOBILE: DISCONNECTED/DISCONNECTED
D/ConnectivityService( 81): handleDisconnect() networkinfo=NetworkInfo: type: MOBILE[EDGE], state: DISCONNECTED/DISCONNECTED, reason: dataDisabled, extra: internet.mts.ru, roaming: false, failover: false, isAvailable: true
D/ConnectivityService( 81): adding dns 192.168.1.250 for WIFI
V/GpsLocationProvider( 81): updateNetworkState available info: NetworkInfo: type: MOBILE[EDGE], state: DISCONNECTED/DISCONNECTED, reason: dataDisabled, extra: internet.mts.ru, roaming: false, failover: false, isAvailable: true
V/GpsLocationProvider( 81): NetworkThread wait for 207010ms
D/PhoneApp( 152): mReceiver: ACTION_ANY_DATA_CONNECTION_STATE_CHANGED
D/PhoneApp( 152): - state: DISCONNECTED
D/PhoneApp( 152): - reason: dataDisabled
D/Smack ( 168): [XMPPConn] close connection, notifyClosed=false
D/BeemService(12680): connectivity change true
D/BeemService(12680): connectivity change true
D/dalvikvm(12680): threadid=27 wakeup: interrupted
D/dalvikvm(12680): threadid=27 wakeup: interrupted
I/vending ( 6777): com.android.vending.api.RadioHttpClient$1.handleMessage(): Handle DATA_STATE_CHANGED event: NetworkInfo: type: WIFI[], state: CONNECTED/CONNECTED, reason: (unspecified), extra: (none), roaming: false, failover: false, isAvailable: true
I/vending ( 6777): com.android.vending.api.RadioHttpClient$1.handleMessage(): Handle DATA_STATE_CHANGED event: NetworkInfo: type: WIFI[], state: CONNECTED/CONNECTED, reason: (unspecified), extra: (none), roaming: false, failover: false, isAvailable: true
D/HtcLocationService( 259): agent - isLocationAvailable result: false, hasLocationNetwork: true, diff: 8642549 (must less than 600000)
V/MmsSystemEventReceiver( 363): Intent received: Intent { act=android.intent.action.ANY_DATA_STATE cmp=com.android.mms/.transaction.MmsSystemEventReceiver (has extras) }
D/SIP SRV (12531): We are registring all accounts right now....
W/Smack/Packet( 168): notify conn break (IOEx), close connection
I/GTalkService( 168): [ServiceAutoStarter] --- start GTalk service ---
D/Smack ( 168): [XMPPConn] close: socket already closed, bail
W/System.err(12680): java.io.IOException: Read error: I/O error during system call, Connection timed out
D/UploadManager( 202): Action android.net.conn.CONNECTIVITY_CHANGE
W/System.err(12680): java.io.IOException: Write error: I/O error during system call, Broken pipe
D/SocialUpdate( 202): Start SocialUpdate service with android.net.conn.CONNECTIVITY_CHANGE
D/NetSharing_NSReceiver( 247): onReceive : android.net.conn.CONNECTIVITY_CHANGE
D/NetSharing_NSReceiver( 247): netinfo : NetworkInfo: type: MOBILE[EDGE], state: DISCONNECTED/DISCONNECTED, reason: dataDisabled, extra: internet.mts.ru, roaming: false, failover: false, isAvailable: true
I/MediaUploader( 276): No need to wake up
V/htcMessageUploader( 305): [UploadMessageReceiver] UploadMessageReceiver() constructor !!!
I/htcMessageUploader( 305): Start thread to upload fota event message:com.htc.htcMessageUploader.UploadMessageReceiver
W/System.err(12680): at org.apache.harmony.xnet.provider.jsse.OpenSSLSocketImpl.nativewrite(Native Method)
W/System.err(12680): at org.apache.harmony.xnet.provider.jsse.OpenSSLSocketImpl.access$600(OpenSSLSocketImpl.java:55)
W/System.err(12680): at org.apache.harmony.xnet.provider.jsse.OpenSSLSocketImpl$SSLOutputStream.write(OpenSSLSocketImpl.java:565)
W/System.err(12680): at java.io.OutputStreamWriter.flush(OutputStreamWriter.java:175)
W/System.err(12680): at java.io.BufferedWriter.flush(BufferedWriter.java:139)
W/System.err(12680): at org.jivesoftware.smack.PacketWriter.writePackets(PacketWriter.java:193)
W/System.err(12680): at org.jivesoftware.smack.PacketWriter.access$000(PacketWriter.java:40)
D/SocialUpdate( 202): UpdateService onCreate START. time: 2010-07-18 16:36:35
W/System.err(12680): at org.jivesoftware.smack.PacketWriter$1.run(PacketWriter.java:76)
D/Device State(12531): >>> Connectivity has changed
D/Device State(12531): <<< Connectivity has changed
I/GTalkService( 168): [ServiceAutoStarter] --- start GTalk service ---
V/AutoSetting( 259): receiver - ***onReceive: android.net.conn.CONNECTIVITY_CHANGE
D/XMPPConnectionAdapter(12680): connectionClosedOnError
W/System.err(12680): at org.apache.harmony.xnet.provider.jsse.OpenSSLSocketImpl.nativeread(Native Method)
W/System.err(12680): at org.apache.harmony.xnet.provider.jsse.OpenSSLSocketImpl.access$300(OpenSSLSocketImpl.java:55)
W/System.err(12680): at org.apache.harmony.xnet.provider.jsse.OpenSSLSocketImpl$SSLInputStream.read(OpenSSLSocketImpl.java:524)
I/NotificationService( 81): enqueueToast pkg=com.beem.project.beem callback=android.app.ITransientNotification$Stub$Proxy@4668a418 duration=0
W/System.err(12680): at java.io.InputStreamReader.read(InputStreamReader.java:270)
W/System.err(12680): at java.io.BufferedReader.read(BufferedReader.java:304)
W/System.err(12680): at org.kxml2.io.KXmlParser.peek(KXmlParser.java:876)
W/System.err(12680): at org.kxml2.io.KXmlParser.peekType(KXmlParser.java:557)
W/System.err(12680): at org.kxml2.io.KXmlParser.nextImpl(KXmlParser.java:305)
W/System.err(12680): at org.kxml2.io.KXmlParser.next(KXmlParser.java:1330)
W/System.err(12680): at org.jivesoftware.smack.PacketReader.parsePackets(PacketReader.java:325)
W/System.err(12680): at org.jivesoftware.smack.PacketReader.access$000(PacketReader.java:43)
W/System.err(12680): at org.jivesoftware.smack.PacketReader$1.run(PacketReader.java:70)
D/XMPPConnectionAdapter(12680): connectionClosedOnError
D/SocialUpdate( 202): UpdateService onCreate END. time: 2010-07-18 16:36:35
D/AutoSetting( 259): receiver - ***WiFi is avaiable
D/AutoSetting( 259): *****fireNow=false
V/AutoSetting( 259): receiver - scheduleLocation, action: android.net.conn.CONNECTIVITY_CHANGE, runImmediately: false
D/BeemService(12680): Enable reconnection
V/AutoSetting( 259): receiver - Next check location in 10790s, repeating every 10800s
I/NotificationService( 81): enqueueToast pkg=com.beem.project.beem callback=android.app.ITransientNotification$Stub$Proxy@46a5b070 duration=0
V/RosterAdapter(12680): >>> Presence changed for crosser@average.org/Home
D/BeemService(12680): Enable reconnection
D/SocialUpdate( 202): Connectivity change. No connected. time: 2010-07-18 16:36:35
D/UploadManager( 202): Action android.net.conn.CONNECTIVITY_CHANGE
V/RosterAdapter(12680): >>> Presence changed for crosser@average.org/Home
D/SocialUpdate( 202): Start SocialUpdate service with android.net.conn.CONNECTIVITY_CHANGE
D/NetSharing_NSReceiver( 247): onReceive : android.net.conn.CONNECTIVITY_CHANGE
D/NetSharing_NSReceiver( 247): netinfo : NetworkInfo: type: WIFI[], state: CONNECTED/CONNECTED, reason: (unspecified), extra: (none), roaming: false, failover: false, isAvailable: true
I/MediaUploader( 276): No need to wake up
V/htcMessageUploader( 305): [UploadMessageReceiver] UploadMessageReceiver() constructor !!!
I/htcMessageUploader( 305): Start thread to upload fota event message:com.htc.htcMessageUploader.UploadMessageReceiver
W/htcMessageUploader( 305): Another thread is running for UploadMessageReceiver.
V/AutoSetting( 259): receiver - ***onReceive: android.net.conn.CONNECTIVITY_CHANGE
D/Device State(12531): >>> Connectivity has changed
D/Device State(12531): Connectivity now available
D/Device State(12531): <<< Connectivity has changed
I/SIP SRV (12531): Will start sip : false
D/UploadNotification( 202): updateNotification1
D/AutoSetting( 259): receiver - ***WiFi is avaiable
D/AutoSetting( 259): *****fireNow=false
V/AutoSetting( 259): receiver - scheduleLocation, action: android.net.conn.CONNECTIVITY_CHANGE, runImmediately: false
V/AutoSetting( 259): receiver - Next check location in 10790s, repeating every 10800s
I/htcMessageUploader( 305): == UploadMessageReceiver finished ==
D/UploadNotification( 202): item =null
D/UploadService( 202): UpdateThread is looping
D/Gmail ( 168): IO exception: java.io.IOException: Read error: I/O error during system call, Connection timed out
I/SIP SRV (12531): Account average ( 1 ) added as 0
D/SIP SRV (12531): We are registring all accounts right now....
D/SyncManager( 81): failed sync operation authority: gmail-ls account: Account {name=egcrosser@gmail.com, type=com.google} extras: [feed=https://mail.google.com/mail/g/?client=1273173107615 ] syncSource: 0 when: 278948612 delay: 0 key: {authority: gmail-ls account: Account {name=egcrosser@gmail.com, type=com.google} extras: [feed=https://mail.google.com/mail/g/?client=1273173107615 ]} pendingOperation: android.content.SyncStorageEngine$PendingOperation@4667ad40
D/JOGBALL ( 81): Jogball, + set_jogball_mode mode=0
E/JOGBALL ( 81): open failed errno: 2
D/NotificationService( 81): cancelNotification, ACTION_NOTIFICATION_REMOVE,pkg=com.csipsimple,id=1
D/UploadService( 202): mUpload.size 0
D/UploadService( 202): 2updateNotification no batch id
D/UploadNotification( 202): updateNotification1
D/UploadNotification( 202): item =null
D/UploadService( 202): UpdateThread is looping
V/htcCheckinService( 81): Connectivity changed, scheduling alarm
V/htcCheckinService( 81): Network down, checkin is disabled
V/GpsLocationProvider( 81): updateNetworkState available info: NetworkInfo: type: WIFI[], state: CONNECTED/CONNECTED, reason: (unspecified), extra: (none), roaming: false, failover: false, isAvailable: true
V/GpsLocationProvider( 81): NetworkThread wait for 206170ms D/SIP UA Receiver(12531): New reg state for : 0 D/SIP UA Receiver(12531): In reg state
D/SIP SRV (12531): Get account infos....
D/HtcLocationService( 259): agent - isLocationAvailable result: false, hasLocationNetwork: true, diff: 8643557 (must less than 600000)
D/dalvikvm( 81): GC freed 13124 objects / 581544 bytes in 120ms
D/SIP SRV (12531): Get account info for 1 ==> 0
V/htcCheckinService( 81): Connectivity changed, scheduling alarm
V/htcCheckinService( 81): Network up, next checkin in 1137902s, repeating every 1209600s
D/MyWidgetViewWL( 161): message widget observer onChange, isDelete false
D/HtcLocationService( 259): agent - isLocationAvailable result: false, hasLocationNetwork: true, diff: 8644567 (must less than 600000)
D/BeemService(12680): onStart
D/BeemService(12680): Disable reconnection
D/XMPPConnectionAdapter(12680): connect
D/GTalkService( 168): [RosterMgr] roster not modified
D/GTalkService( 168): [OtrMgr] OTR not modified
I/global (12680): Default buffer size used in BufferedReader constructor. It would be better to be explicit if an 8k-char buffer is required.
I/global (12680): Default buffer size used in BufferedWriter constructor. It would be better to be explicit if an 8k-char buffer is required.
D/MyWidgetViewWL( 161): message widget observer onChange, isDelete false
I/BatteryStatsImpl( 81): notePhoneSignalStrengthLocked: 2->3
D/HtcLocationService( 259): agent - isLocationAvailable result: false, hasLocationNetwork: true, diff: 8645569 (must less than 600000)
D/dalvikvm(12680): GC freed 29316 objects / 1239712 bytes in 48ms
D/OpenSSLSessionImpl(12680): Freeing OpenSSL session
I/global (12680): Default buffer size used in BufferedReader constructor. It would be better to be explicit if an 8k-char buffer is required.
I/global (12680): Default buffer size used in BufferedWriter constructor. It would be better to be explicit if an 8k-char buffer is required.
D/dalvikvm(12680): GC freed 15172 objects / 665616 bytes in 52ms
D/HtcLocationService( 259): agent - isLocationAvailable result: false, hasLocationNetwork: true, diff: 8646570 (must less than 600000)
V/XMPPConnectionAdapter(12680): reconnectionSuccessful
D/XMPPConnectionAdapter(12680): login
D/dalvikvm(12680): GC freed 747 objects / 110792 bytes in 93ms
D/BeemService(12680): Disable reconnection
D/HtcLocationService( 259): agent - isLocationAvailable result: false, hasLocationNetwork: true, diff: 8647592 (must less than 600000)
V/RosterAdapter(12680): >>> Presence changed for crosser@average.org/Home
D/HtcLocationService( 259): agent - isLocationAvailable result: false, hasLocationNetwork: true, diff: 8648607 (must less than 600000)
D/HtcLocationService( 259): agent - isLocationAvailable result: false, hasLocationNetwork: true, diff: 8649624 (must less than 600000)
D/MyWidgetViewWL( 161): message widget observer onChange, isDelete false
D/HtcLocationService( 259): agent - isLocationAvailable result: false, hasLocationNetwork: true, diff: 8650626 (must less than 600000)
D/WifiService( 81): acquireWifiLockLocked: WifiLock{NetworkLocationProvider type=2 binder=android.os.Binder@46524f88}
D/WifiService( 81): enable and start wifi due to updateWifiState
D/NetworkLocationProvider( 81): getLocation(): triggering a wifi scan
D/NetworkLocationProvider( 81): onCellLocationChanged [6105,42082]
D/HtcLocationService( 259): agent - isLocationAvailable result: false, hasLocationNetwork: true, diff: 8651628 (must less than 600000)
I/wpa_supplicant(12746): CTRL-EVENT-SCAN-RESULTS Ready
I/wpa_supplicant(12746): - wpa_supplicant_event_scan_results RETURN (ap_scan = 2)-
D/HtcLocationService( 259): agent - isLocationAvailable result: false, hasLocationNetwork: true, diff: 8652629 (must less than 600000)
D/HtcLocationService( 259): agent - isLocationAvailable result: false, hasLocationNetwork: true, diff: 8653630 (must less than 600000)
D/HtcLocationService( 259): agent - isLocationAvailable result: false, hasLocationNetwork: true, diff: 8654632 (must less than 600000)
D/AutoSetting( 259): service - CALLBACK - onSetWeatherProvider, result: failed
D/AutoSetting( 259): service - Some task result is not receive/OK, send event, mbReturnSetCity: false, mbReturnSetTime: false, mbReturnSetTimeZone: false, mbNotifyNoResult: false
D/AutoSetting( 259): service - stop self
D/AutoSetting( 259): service - wake lock release
V/HtcLocationService( 259): service - onDestroy()
D/LocationManager( 259): removeUpdates: listener = com.htc.htclocationservice.HtcLocationServiceAgent$7@464cf080
V/LocationManagerService( 81): _removeUpdates: listener = Receiver{465a4940 Listener android.os.BinderProxy@4674d408}
D/NetworkLocationProvider( 81): removeListener(): com.htc.android.footprints
D/NetworkLocationProvider( 81): removeListener(): com.htc.weather.agent
D/NetworkLocationProvider( 81): removeListener(): com.htc.htclocationservice
D/NetworkLocationProvider( 81): removeListener(): com.htc.providers.uploads
D/NetworkLocationProvider( 81): removeListener(): com.htc.htctwitter
D/NetworkLocationProvider( 81): removeListener(): com.htc.CustomizationSetup
D/NetworkLocationProvider( 81): removeListener(): com.htc.provider.settings
D/NetworkLocationProvider( 81): removeListener(): com.htc.dcs.service.utility
D/NetworkLocationProvider( 81): removeListener(): com.htc.socialnetwork.flickr
D/NetworkLocationProvider( 81): removeListener(): com.htc.dcs.service.stock
D/NetworkLocationProvider( 81): removeListener(): com.htc.htcconnectivity
D/NetworkLocationProvider( 81): removeListener(): com.htc.sync.provider.weather
D/NetworkLocationProvider( 81): removeListener(): com.htc.calendar
D/NetworkLocationProvider( 81): removeListener(): com.htc.provider.CustomizationSettings
D/NetworkLocationProvider( 81): removeListener(): com.htc.friendstream
D/NetworkLocationProvider( 81): removeListener(): com.htc.dcs.impl
D/NetworkLocationProvider( 81): removeListener(): providers.calendar
D/NetworkLocationProvider( 81): removeListener(): com.htc.android.psclient
D/NetworkLocationProvider( 81): removeListener(): com.htc.android.Stock
D/NetworkLocationProvider( 81): removeListener(): com.htc.socialnetwork.provider
D/NetworkLocationProvider( 81): removeListener(): com.htc.provider.weather
D/NetworkLocationProvider( 81): removeListener(): com.htc.socialnetwork.facebook
D/NetworkLocationProvider( 81): setMinTime: 540000
D/LocationManager( 259): removeUpdates: listener = com.htc.htclocationservice.HtcLocationServiceAgent$7@464cf080
I/HtcLocationService( 259): agent - taskSetWeatherProvider - taskSetWeatherProvider is timeout. keeping original current location info.
I/HtcLocationService( 259): agent - taskSetWeatherProvider - end
D/WifiService( 81): releaseWifiLockLocked: WifiLock{NetworkLocationProvider type=2 binder=android.os.Binder@46524f88}
D/WifiService( 81): enable and start wifi due to updateWifiState
I/BatteryStatsImpl( 81): notePhoneSignalStrengthLocked: 3->2
I/SyncControl_Dialer( 155): Sync active detected - Account: [egcrosser@gmail.com/com.google], authority: gmail-ls, autoSyncFlag: 1
I/SyncControl_People( 396): Sync active detected - Account: [egcrosser@gmail.com/com.google], authority: gmail-ls, autoSyncFlag: 1
I/Gmail ( 168): MainSyncRequestProto: lowestBkwdConvoId: 0, highestHandledServerOp: 927
V/AutoSetting( 259): receiver - ***onReceive: com.htc.app.autosetting.retrylocation
V/AutoSetting( 259): receiver - startAutosettingService, action: com.htc.app.autosetting.retrylocation,notifyWhenNoResult:false
D/AutoSetting( 259): service - ***setupWizardIsCompleted: true
D/AutoSetting( 259): service - onStart(), id = 0
D/AutoSetting( 259): service - new wake lock
D/AutoSetting( 259): service - wake lock acquire
D/AutoSetting( 259): service - onStart(), Checking location times = 2
D/AutoSetting( 259): service - onStart(), Checking location change = false
D/AutoSetting( 259): service - onStart(), Set city info = true
D/AutoSetting( 259): service - onStart(), Set network time info = true
D/AutoSetting( 259): service - onStart(), Set network timezone info = true
D/AutoSetting( 259): service - onStart(), Set notify when no result = false
V/HtcLocationService( 259): service - onCreate()
V/HtcLocationService( 259): service - onBind()
W/ResponseProcessCookies( 168): Cookie rejected: "[version: 0][name: GX][value: DQAAAK4AAACXo2DSKPliWhcqAiODafX5dBvOxv0kwnpU49KCUeCzgMr6tg_JqzhhzCrkzf348NOZyJv2BX42VYa_L2x_0RlCCWEdt3gkHD0HLkRgIndAkOH92h358HTiRJeUA7b-3SjzXDzePBm0NYpGHCyTKwCla_zjsOCZsQV3CY2owcVGVrpaNlVncEoTktyynYOhhQMOTiMzB1p2nHumgZuHarOUdDyk1EwSayVj0FN26UF1ZQ][domain: mail.google.com][path: /proxy/gmail/mail][expiry: Sun Aug 01 16:37:25 Europe/Moscow 2010]". Illegal domain attribute "mail.google.com". Domain of origin: "android.clients.google.com"
D/OpenSSLSessionImpl( 168): Freeing OpenSSL session
D/dalvikvm( 168): GC freed 9275 objects / 541408 bytes in 85ms
D/OpenSSLSessionImpl( 168): Freeing OpenSSL session
I/Gmail ( 168): MainSyncRequestProto: lowestBkwdConvoId: 0, highestHandledServerOp: 927
D/AutoSetting( 259): service - ***setupWizardIsCompleted: true
D/AutoSetting( 259): service - ***chkConnected, mbReqChecking:false,mbApplyAll:true
D/AutoSetting( 259): service - ***WiFi is avaiable
D/AutoSetting( 259): service - doAutoSettings(), isNetworkAvailable: true, isUseWirelessNetworks: true, isTimeAutoState: false
D/HtcLocationService( 259): agent - isLocationAvailable result: false, hasLocationNetwork: true, diff: 8675776 (must less than 600000)
V/LocationManagerService( 81): _requestLocationUpdates: listener = Receiver{46a6ada8 Listener android.os.BinderProxy@46a15590}
D/NetworkLocationProvider( 81): addListener(): com.htc.android.footprints
D/NetworkLocationProvider( 81): addListener(): com.htc.weather.agent
D/NetworkLocationProvider( 81): addListener(): com.htc.htclocationservice
D/NetworkLocationProvider( 81): addListener(): com.htc.providers.uploads
D/NetworkLocationProvider( 81): addListener(): com.htc.htctwitter
D/NetworkLocationProvider( 81): addListener(): com.htc.CustomizationSetup
D/NetworkLocationProvider( 81): addListener(): com.htc.provider.settings
D/NetworkLocationProvider( 81): addListener(): com.htc.dcs.service.utility
D/NetworkLocationProvider( 81): addListener(): com.htc.socialnetwork.flickr
D/NetworkLocationProvider( 81): addListener(): com.htc.dcs.service.stock
D/NetworkLocationProvider( 81): addListener(): com.htc.htcconnectivity
D/NetworkLocationProvider( 81): addListener(): com.htc.sync.provider.weather
D/NetworkLocationProvider( 81): addListener(): com.htc.calendar
D/NetworkLocationProvider( 81): addListener(): com.htc.provider.CustomizationSettings
D/NetworkLocationProvider( 81): addListener(): com.htc.friendstream
D/NetworkLocationProvider( 81): addListener(): com.htc.dcs.impl
D/NetworkLocationProvider( 81): addListener(): providers.calendar
D/NetworkLocationProvider( 81): addListener(): com.htc.android.psclient
D/NetworkLocationProvider( 81): addListener(): com.htc.android.Stock
D/NetworkLocationProvider( 81): addListener(): com.htc.socialnetwork.provider
D/NetworkLocationProvider( 81): addListener(): com.htc.provider.weather
D/NetworkLocationProvider( 81): addListener(): com.htc.socialnetwork.facebook
D/NetworkLocationProvider( 81): setMinTime: 500
D/WifiService( 81): acquireWifiLockLocked: WifiLock{NetworkLocationProvider type=2 binder=android.os.Binder@46524f88}
D/WifiService( 81): enable and start wifi due to updateWifiState
I/HtcLocationService( 259): agent - taskSetWeatherProvider - start
D/HtcLocationService( 259): agent - isLocationAvailable result: false, hasLocationNetwork: true, diff: 8675831 (must less than 600000)
D/NetworkLocationProvider( 81): onCellLocationChanged [6105,42082]
D/HtcLocationService( 259): agent - isLocationAvailable result: false, hasLocationNetwork: true, diff: 8676831 (must less than 600000)
D/NetworkLocationProvider( 81): onCellLocationChanged [6105,52563]
D/HtcLocationService( 259): agent - isLocationAvailable result: false, hasLocationNetwork: true, diff: 8677833 (must less than 600000)
D/HtcLocationService( 259): agent - isLocationAvailable result: false, hasLocationNetwork: true, diff: 8678834 (must less than 600000)
D/HtcLocationService( 259): agent - isLocationAvailable result: false, hasLocationNetwork: true, diff: 8679835 (must less than 600000)
D/dalvikvm( 276): GC freed 209 objects / 15376 bytes in 88ms
D/HtcLocationService( 259): agent - isLocationAvailable result: false, hasLocationNetwork: true, diff: 8680847 (must less than 600000)
D/LocationMasfClient( 81): getNetworkLocation(): Returning cache location with accuracy 557.0
D/LocationManagerService( 81): Acquired wakelock
D/HtcLocationService( 259): ***onLocationChanged=Location[mProvider=network,mTime=278999710,mLatitude=55.790524,mLongitude=37.567358,mHasAltitude=false,mAltitude=0.0,mHasSpeed=false,mSpeed=0.0,mHasBearing=false,mBearing=0.0,mHasAccuracy=true,mAccuracy=557.0,mExtras=Bundle[mParcelledData.dataSize=148]]
D/LocationManagerService( 81): Released wakelock
D/HtcLocationService( 259): agent - isLocationAvailable result: true, hasLocationNetwork: true, diff: 960 (must less than 600000)
I/HtcLocationService( 259): agent - taskSetWeatherProvider - searchSyncFromGgeocoder, convert locale: true, 1/3
D/Cache-RGecoder( 259): *convertLocale=true,last local=en_RU,now local= en_RU
D/Cache-RGecoder( 259): *************Last latitude=55.79289310000001,now latitude=55.790524;last longitude=37.566991800000004,now longitude=37.567358
D/Cache-RGecoder( 259): **********English mGeocodeAddress=Address[addressLines=[0:"ул. Нов. Башиловка, 6",1:"Moscow",2:"Russian Federation"],feature=6,admin=Moscow,sub-admin=АО Северный,locality=Moscow,thoroughfare=ул. Нов. Башиловка,postalCode=null,countryCode=RU,countryName=Russian Federation,hasLatitude=true,latitude=55.7867663,hasLongitude=true,longitude=37.5693146,phone=null,url=null,extras=null]
I/HtcLocationService( 259): agent - search location by name: moscow, country: russian federation
I/HtcLocationService( 259): agent - no location was found, total: 0
D/Cache-RGecoder( 259): address local=en_RU
D/Cache-RGecoder( 259): **********Locale mGeocodeAddress=Address[addressLines=[0:"Ленинградский просп., 36С21",1:"Moscow",2:"Russian Federation",3:"125167"],feature=36С21,admin=Moscow,sub-admin=АО Северный,locality=Moscow,thoroughfare=Ленинградский просп.,postalCode=125167,countryCode=RU,countryName=Russian Federation,hasLatitude=true,latitude=55.7894115,hasLongitude=true,longitude=37.5692476,phone=null,url=null,extras=null]
I/HtcLocationService( 259): agent - searchSyncFromGgeocoder successfully- CountryName: Russian Federation, CityName: Moscow
D/HtcLocationService( 259): agent - name = Moscow
D/HtcLocationService( 259): agent - state = Moscow
D/HtcLocationService( 259): agent - country = Russian Federation
D/HtcLocationService( 259): agent - lat = 55.789411
D/HtcLocationService( 259): agent - lon = 37.569247
D/HtcLocationService( 259): agent - timezoneId =
I/HtcLocationService( 259): agent - send current location notify intent, name: Moscow, state: Moscow, country: Russian Federation, lat: 55.789411, lng: 37.569247,tzid:
D/AutoSetting( 259): service - CALLBACK - onSetWeatherProvider, result: success
I/WSP ( 259): [Receiver] EVENT - CURRENT LOCATION CHANGED
V/HtcLocationService( 259): service - onDestroy()
D/LocationManager( 259): removeUpdates: listener = com.htc.htclocationservice.HtcLocationServiceAgent$7@464cf080
V/LocationManagerService( 81): _removeUpdates: listener = Receiver{46a6ada8 Listener android.os.BinderProxy@46a15590}
D/NetworkLocationProvider( 81): removeListener(): com.htc.android.footprints
D/NetworkLocationProvider( 81): removeListener(): com.htc.weather.agent
D/NetworkLocationProvider( 81): removeListener(): com.htc.htclocationservice
D/NetworkLocationProvider( 81): removeListener(): com.htc.providers.uploads
D/NetworkLocationProvider( 81): removeListener(): com.htc.htctwitter
D/NetworkLocationProvider( 81): removeListener(): com.htc.CustomizationSetup
D/NetworkLocationProvider( 81): removeListener(): com.htc.provider.settings
D/NetworkLocationProvider( 81): removeListener(): com.htc.dcs.service.utility
D/NetworkLocationProvider( 81): removeListener(): com.htc.socialnetwork.flickr
D/NetworkLocationProvider( 81): removeListener(): com.htc.dcs.service.stock
D/NetworkLocationProvider( 81): removeListener(): com.htc.htcconnectivity
D/NetworkLocationProvider( 81): removeListener(): com.htc.sync.provider.weather
D/NetworkLocationProvider( 81): removeListener(): com.htc.calendar
D/NetworkLocationProvider( 81): removeListener(): com.htc.provider.CustomizationSettings
D/NetworkLocationProvider( 81): removeListener(): com.htc.friendstream
D/NetworkLocationProvider( 81): removeListener(): com.htc.dcs.impl
D/NetworkLocationProvider( 81): removeListener(): providers.calendar
D/NetworkLocationProvider( 81): removeListener(): com.htc.android.psclient
D/NetworkLocationProvider( 81): removeListener(): com.htc.android.Stock
D/NetworkLocationProvider( 81): removeListener(): com.htc.socialnetwork.provider
D/NetworkLocationProvider( 81): removeListener(): com.htc.provider.weather
D/NetworkLocationProvider( 81): removeListener(): com.htc.socialnetwork.facebook
D/NetworkLocationProvider( 81): setMinTime: 540000
D/WifiService( 81): releaseWifiLockLocked: WifiLock{NetworkLocationProvider type=2 binder=android.os.Binder@46524f88}
D/WifiService( 81): enable and start wifi due to updateWifiState
D/AutoSetting( 259): service - Some task result is not receive/OK, send event, mbReturnSetCity: true, mbReturnSetTime: false, mbReturnSetTimeZone: false, mbNotifyNoResult: false
D/AutoSetting( 259): service - stop self
D/AutoSetting( 259): service - wake lock release
D/LocationManager( 259): removeUpdates: listener = com.htc.htclocationservice.HtcLocationServiceAgent$7@464cf080
I/HtcLocationService( 259): agent - taskSetWeatherProvider - update current location with full information
I/HtcLocationService( 259): agent - taskSetWeatherProvider - end
D/dalvikvm( 363): GC freed 91 objects / 4120 bytes in 139ms
D/NetworkLocationProvider( 81): onCellLocationChanged [6105,42082]
V/AutoSetting( 259): receiver - ***onReceive: com.htc.app.autosetting.retrylocation
V/AutoSetting( 259): receiver - startAutosettingService, action: com.htc.app.autosetting.retrylocation,notifyWhenNoResult:false
D/AutoSetting( 259): service - ***setupWizardIsCompleted: true
D/AutoSetting( 259): service - onStart(), id = 0
D/AutoSetting( 259): service - new wake lock
D/AutoSetting( 259): service - wake lock acquire
D/AutoSetting( 259): service - onStart(), Checking location times = 3
D/AutoSetting( 259): service - onStart(), Checking location change = false
D/AutoSetting( 259): service - onStart(), Set city info = false
D/AutoSetting( 259): service - onStart(), Set network time info = true
D/AutoSetting( 259): service - onStart(), Set network timezone info = true
D/AutoSetting( 259): service - onStart(), Set notify when no result = false
V/HtcLocationService( 259): service - onCreate()
V/HtcLocationService( 259): service - onBind()
D/AutoSetting( 259): service - ***setupWizardIsCompleted: true
D/AutoSetting( 259): service - ***chkConnected, mbReqChecking:false,mbApplyAll:true
D/AutoSetting( 259): service - ***WiFi is avaiable
D/AutoSetting( 259): service - doAutoSettings(), isNetworkAvailable: true, isUseWirelessNetworks: true, isTimeAutoState: false
V/HtcLocationService( 259): service - onDestroy()
D/LocationManager( 259): removeUpdates: listener = com.htc.htclocationservice.HtcLocationServiceAgent$7@464cf080
D/AutoSetting( 259): service - stop self
D/AutoSetting( 259): service - wake lock release
I/BatteryStatsImpl( 81): notePhoneSignalStrengthLocked: 2->3
I/BatteryStatsImpl( 81): notePhoneSignalStrengthLocked: 3->2
I/ActivityManager( 81): Starting activity: Intent { act=android.settings.SETTINGS flg=0x10200000 cmp=com.android.settings/.framework.activity.HtcSettings }
I/ActivityManager( 81): Starting activity: Intent { act=android.intent.action.MAIN cmp=com.android.settings/.WirelessSettings }
V/SettingsMobileDataEnabler( 247): resume()...mMobileDataEnabledSettingtrue
D/NetSharing( 247): status:0 getES:0
D/NetSharing( 247): phonyType = 1 sim_state = 5 number = +70957682281
D/NetSharing( 247): mobile data = true
D/SettingsWifiEnabler( 247): Received wifi state changed from Enabling to Enabled
D/SettingsWifiEnabler( 247): Received network state changed to NetworkInfo: type: WIFI[], state: CONNECTED/CONNECTED, reason: (unspecified), extra: (none), roaming: false, failover: false, isAvailable: true
V/SettingsMobileDataEnabler( 247): Enter mMobileDataStateListener's onServiceStateChanged(): the serviceState is 0
D/SettingsMobileDataEnabler( 247): Received android.intent.action.ANY_DATA_STATE broadcast - state = DISCONNECTED, unavailable = false, capability = (unspecified), apnName = internet.mts.ru, reason = dataDisabled
D/SettingsMobileDataEnabler( 247): onReceive()...mMobileDataEnabledSetting:true
D/NetSharing( 247): battery changed
I/BatteryStatsImpl( 81): notePhoneSignalStrengthLocked: 2->3
I/WifiHW ( 81): wifi_stop_supplicant enter
I/wpa_supplicant(12746): CTRL-EVENT-TERMINATING - signal 15 received
V/WifiMonitor( 81): Event [CTRL-EVENT-TERMINATING - signal 15 received]
I/wpa_supplicant(12746): CTRL-EVENT-TERMINATING - signal 0 received
I/wpa_supplicant(12746): CTRL-EVENT-STATE-CHANGE id=0 state=0
V/WifiStateTracker( 81): Connection to supplicant lost
D/ConnectivityService( 81): ConnectivityChange for WIFI: DISCONNECTED/DISCONNECTED
D/ConnectivityService( 81): handleDisconnect() networkinfo=NetworkInfo: type: WIFI[], state: DISCONNECTED/DISCONNECTED, reason: (unspecified), extra: (none), roaming: false, failover: false, isAvailable: false
D/ConnectivityService( 81): [Dual mode]:handleConnectDualMode: mActiveDefaultNetwork = -1
D/DataConnectionTracker( 152): enableApnType(default), isApnTypeActive = false and state = IDLE
D/DataConnectionTracker( 152): setEnabled(0, true) with old state = false and enabledCount = 0
D/TelephonyRegistry( 81): notifyDataConnection() state=0isDataConnectivityPossible()true, reason=apnSwitched
D/TelephonyRegistry( 81): broadcastDataConnectionStateChanged() state=DISCONNECTEDtypes=null, interfaceName=null
D/NetworkLocationProvider( 81): onDataConnectionStateChanged 1
I/WifiHW ( 81): wifi_stop_supplicant end right 2
D/TelephonyRegistry( 81): notifyDataConnection() state=1isDataConnectivityPossible()true, reason=apnSwitched
D/TelephonyRegistry( 81): broadcastDataConnectionStateChanged() state=CONNECTINGtypes=default,supl, interfaceName=null
D/NetworkLocationProvider( 81): onDataConnectionStateChanged 1
D/PhoneApp( 152): mReceiver: ACTION_ANY_DATA_CONNECTION_STATE_CHANGED
D/PhoneApp( 152): - state: DISCONNECTED
D/PhoneApp( 152): - reason: apnSwitched
V/GpsLocationProvider( 81): updateNetworkState available info: NetworkInfo: type: WIFI[], state: DISCONNECTED/DISCONNECTED, reason: (unspecified), extra: (none), roaming: false, failover: false, isAvailable: false
V/GpsLocationProvider( 81): NetworkThread wait for 129988ms
D/ConnectivityService( 81): ConnectivityChange for MOBILE: CONNECTING/CONNECTING
D/PhoneApp( 152): mReceiver: ACTION_ANY_DATA_CONNECTION_STATE_CHANGED
D/PhoneApp( 152): - state: CONNECTING
D/PhoneApp( 152): - reason: apnSwitched
W/Smack/Packet( 168): notify conn break (IOEx), close connection
D/SettingsWifiEnabler( 247): Received wifi state changed from Enabled to Disabling
D/Smack ( 168): [XMPPConn] close connection, notifyClosed=false
D/BeemService(12680): connectivity change true
D/dalvikvm( 81): GC freed 16896 objects / 793184 bytes in 166ms
D/SettingsMobileDataEnabler( 247): Received android.intent.action.ANY_DATA_STATE broadcast - state = DISCONNECTED, unavailable = false, capability = (unspecified), apnName = (unspecified), reason = apnSwitched
D/SettingsMobileDataEnabler( 247): onReceive()...mMobileDataEnabledSetting:true
V/htcCheckinService( 81): Connectivity changed, scheduling alarm
D/SettingsMobileDataEnabler( 247): Received android.intent.action.ANY_DATA_STATE broadcast - state = CONNECTING, unavailable = false, capability = (unspecified), apnName = internet.mts.ru, reason = apnSwitched
V/htcCheckinService( 81): Network down, checkin is disabled
D/SettingsMobileDataEnabler( 247): onReceive()...mMobileDataEnabledSetting:true
V/MmsSystemEventReceiver( 363): Intent received: Intent { act=android.intent.action.ANY_DATA_STATE cmp=com.android.mms/.transaction.MmsSystemEventReceiver (has extras) }
D/dalvikvm(12680): threadid=33 wakeup: interrupted
I/GTalkService( 168): [ServiceAutoStarter] --- start GTalk service ---
I/vending ( 6777): com.android.vending.api.RadioHttpClient$1.handleMessage(): Handle DATA_STATE_CHANGED event: NetworkInfo: type: WIFI[], state: DISCONNECTED/DISCONNECTED, reason: (unspecified), extra: (none), roaming: false, failover: false, isAvailable: false
D/UploadManager( 202): Action android.net.conn.CONNECTIVITY_CHANGE
I/SIP SRV (12531): Stop SERVICE
D/SocialUpdate( 202): Start SocialUpdate service with android.net.conn.CONNECTIVITY_CHANGE
D/NetSharing_NSReceiver( 247): onReceive : android.net.conn.CONNECTIVITY_CHANGE
D/NetSharing_NSReceiver( 247): netinfo : NetworkInfo: type: WIFI[], state: DISCONNECTED/DISCONNECTED, reason: (unspecified), extra: (none), roaming: false, failover: false, isAvailable: false
I/MediaUploader( 276): No need to wake up
V/htcMessageUploader( 305): [UploadMessageReceiver] UploadMessageReceiver() constructor !!!
I/htcMessageUploader( 305): Start thread to upload fota event message:com.htc.htcMessageUploader.UploadMessageReceiver
D/SocialUpdate( 202): UpdateService onCreate START. time: 2010-07-18 16:37:52
D/SocialUpdate( 202): UpdateService onCreate END. time: 2010-07-18 16:37:52
D/JOGBALL ( 81): Jogball, + set_jogball_mode mode=0
E/JOGBALL ( 81): open failed errno: 2
D/NotificationService( 81): cancelNotification, ACTION_NOTIFICATION_REMOVE,pkg=com.csipsimple,id=1
D/SIP SRV (12531): Detroying...
W/System.err(12680): java.io.IOException: Read error: I/O error during system call, Connection timed out
W/System.err(12680): at org.apache.harmony.xnet.provider.jsse.OpenSSLSocketImpl.nativeread(Native Method)
W/System.err(12680): at org.apache.harmony.xnet.provider.jsse.OpenSSLSocketImpl.access$300(OpenSSLSocketImpl.java:55)
W/System.err(12680): at org.apache.harmony.xnet.provider.jsse.OpenSSLSocketImpl$SSLInputStream.read(OpenSSLSocketImpl.java:524)
W/System.err(12680): at java.io.InputStreamReader.read(InputStreamReader.java:270)
W/System.err(12680): at java.io.BufferedReader.read(BufferedReader.java:304)
W/System.err(12680): at org.kxml2.io.KXmlParser.peek(KXmlParser.java:876)
W/System.err(12680): at org.kxml2.io.KXmlParser.peekType(KXmlParser.java:557)
W/System.err(12680): at org.kxml2.io.KXmlParser.nextImpl(KXmlParser.java:305)
W/System.err(12680): at org.kxml2.io.KXmlParser.next(KXmlParser.java:1330)
W/System.err(12680): at org.jivesoftware.smack.PacketReader.parsePackets(PacketReader.java:325)
W/System.err(12680): at org.jivesoftware.smack.PacketReader.access$000(PacketReader.java:43)
W/System.err(12680): at org.jivesoftware.smack.PacketReader$1.run(PacketReader.java:70)
D/XMPPConnectionAdapter(12680): connectionClosedOnError
I/NotificationService( 81): enqueueToast pkg=com.beem.project.beem callback=android.app.ITransientNotification$Stub$Proxy@4694de90 duration=0
V/RosterAdapter(12680): >>> Presence changed for crosser@average.org/Home
I/htcMessageUploader( 305): == UploadMessageReceiver finished ==
D/SocialUpdate( 202): Connectivity change. No connected. time: 2010-07-18 16:37:52
V/AutoSetting( 259): receiver - ***onReceive: android.net.conn.CONNECTIVITY_CHANGE
D/Device State(12531): >>> Connectivity has changed
D/Device State(12531): <<< Connectivity has changed
D/AutoSetting( 259): receiver - ***no network is avaiable
V/MmsSystemEventReceiver( 363): Intent received: Intent { act=android.intent.action.ANY_DATA_STATE cmp=com.android.mms/.transaction.MmsSystemEventReceiver (has extras) }
I/wpa_supplicant(12746): wpa_supplicant exitcode: (0)
D/MyWidgetViewWL( 161): message widget observer onChange, isDelete false D/SIP UA Receiver(12531): New reg state for : 0 D/SIP UA Receiver(12531): In reg state D/SIP UA Receiver(12531): New reg state for : 0
I/WifiHW ( 81): wifi_unload_driver enter
E/vold ( 53): Unable to lookup media '/devices/platform/msm_sdcc.1/mmc_host/mmc0/mmc0:0001'
E/vold ( 53): Error processing uevent msg (No such file or directory)
I/WifiHW ( 81): wifi_unload_driver end right 2
D/SettingsWifiEnabler( 247): Received wifi state changed from Disabling to Disabled
D/NetworkLocationProvider( 81): onCellLocationChanged [6105,42082] D/SIP UA Receiver(12531): In reg state D/SIP UA Receiver(12531): Something is wrong with api level declared use fallback method
E/global (12531): Deprecated Thread methods are not supported.
E/global (12531): java.lang.UnsupportedOperationException
E/global (12531): at java.lang.VMThread.stop(VMThread.java:85)
E/global (12531): at java.lang.Thread.stop(Thread.java:1391)
E/global (12531): at java.lang.Thread.stop(Thread.java:1356)
E/global (12531): at com.csipsimple.service.UAStateReceiver.stopService(UAStateReceiver.java:336)
E/global (12531): at com.csipsimple.service.SipService.sipStop(SipService.java:549)
E/global (12531): at com.csipsimple.service.SipService$ServiceDeviceStateReceiver$1.run(SipService.java:265)
I/SIP SRV (12531): Destroying SIP Service
I/SIP SRV (12531): --- SIP SERVICE DESTROYED ---
D/TelephonyRegistry( 81): notifyDataConnection() state=2isDataConnectivityPossible()true, reason=apnSwitched
D/TelephonyRegistry( 81): broadcastDataConnectionStateChanged() state=CONNECTEDtypes=default,supl, interfaceName=rmnet0
D/NetworkLocationProvider( 81): onDataConnectionStateChanged 1
D/ConnectivityService( 81): ConnectivityChange for MOBILE: CONNECTED/CONNECTED
D/ConnectivityService( 81): handleConnect() networkinfo=NetworkInfo: type: MOBILE[EDGE], state: CONNECTED/CONNECTED, reason: apnSwitched, extra: internet.mts.ru, roaming: false, failover: true, isAvailable: true, isFailover=true
V/NetworkStateTracker( 81): Setting TCP values: [4093,26280,35040,4096,16384,35040] which comes from [net.tcp.buffersize.edge]
D/SettingsMobileDataEnabler( 247): Received android.intent.action.ANY_DATA_STATE broadcast - state = CONNECTED, unavailable = false, capability = (unspecified), apnName = internet.mts.ru, reason = apnSwitched
D/SettingsMobileDataEnabler( 247): onReceive()...mMobileDataEnabledSetting:true
D/PhoneApp( 152): mReceiver: ACTION_ANY_DATA_CONNECTION_STATE_CHANGED
D/PhoneApp( 152): - state: CONNECTED
D/PhoneApp( 152): - reason: apnSwitched
D/ConnectivityService( 81): adding dns 213.87.0.1 for MOBILE
D/ConnectivityService( 81): adding dns 213.87.1.1 for MOBILE
D/ConnectivityService( 81): adding dns 213.87.0.1 for MOBILE
D/ConnectivityService( 81): adding dns 213.87.1.1 for MOBILE
V/GpsLocationProvider( 81): updateNetworkState available info: NetworkInfo: type: MOBILE[EDGE], state: CONNECTED/CONNECTED, reason: apnSwitched, extra: internet.mts.ru, roaming: false, failover: false, isAvailable: true
V/GpsLocationProvider( 81): NetworkThread wait for 126930ms
D/MobileDataStateTracker( 81): replacing old mInterfaceName (rmnet0) with rmnet0 for supl
V/MmsSystemEventReceiver( 363): Intent received: Intent { act=android.intent.action.ANY_DATA_STATE cmp=com.android.mms/.transaction.MmsSystemEventReceiver (has extras) }
I/GTalkService( 168): [ServiceAutoStarter] --- start GTalk service ---
V/htcCheckinService( 81): Connectivity changed, scheduling alarm
V/htcCheckinService( 81): Network up, next checkin in 1137824s, repeating every 1209600s
D/UploadManager( 202): Action android.net.conn.CONNECTIVITY_CHANGE
I/vending ( 6777): com.android.vending.api.RadioHttpClient$1.handleMessage(): Handle DATA_STATE_CHANGED event: NetworkInfo: type: MOBILE[EDGE], state: CONNECTED/CONNECTED, reason: apnSwitched, extra: internet.mts.ru, roaming: false, failover: false, isAvailable: true
D/BeemService(12680): connectivity change true
D/BeemService(12680): Enable reconnection
D/SocialUpdate( 202): Start SocialUpdate service with android.net.conn.CONNECTIVITY_CHANGE
D/NetSharing_NSReceiver( 247): onReceive : android.net.conn.CONNECTIVITY_CHANGE
D/NetSharing_NSReceiver( 247): netinfo : NetworkInfo: type: MOBILE[EDGE], state: CONNECTED/CONNECTED, reason: apnSwitched, extra: internet.mts.ru, roaming: false, failover: false, isAvailable: true
I/MediaUploader( 276): No need to wake up
V/htcMessageUploader( 305): [UploadMessageReceiver] UploadMessageReceiver() constructor !!!
I/htcMessageUploader( 305): Start thread to upload fota event message:com.htc.htcMessageUploader.UploadMessageReceiver
I/global ( 305): Default buffer size used in BufferedReader constructor. It would be better to be explicit if an 8k-char buffer is required.
D/SocialUpdate( 202): UpdateService onCreate START. time: 2010-07-18 16:37:55
D/SocialUpdate( 202): UpdateService onCreate END. time: 2010-07-18 16:37:55
D/UploadNotification( 202): updateNotification1
V/AutoSetting( 259): receiver - ***onReceive: android.net.conn.CONNECTIVITY_CHANGE
D/UploadNotification( 202): item =null
I/htcMessageUploader( 305): Start to upload at 4795448 ms later, and repeat every 7200000 ms
D/dalvikvm( 81): GC freed 10333 objects / 514400 bytes in 112ms
I/htcMessageUploader( 305): == UploadMessageReceiver finished ==
D/Device State(12531): >>> Connectivity has changed
D/Device State(12531): <<< Connectivity has changed
D/AutoSetting( 259): receiver - ***Data call is avaiable
D/AutoSetting( 259): *****fireNow=false
V/AutoSetting( 259): receiver - scheduleLocation, action: android.net.conn.CONNECTIVITY_CHANGE, runImmediately: false
V/AutoSetting( 259): receiver - Next check location in 10779s, repeating every 10800s
D/UploadService( 202): UpdateThread is looping
D/UploadService( 202): mUpload.size 0
D/UploadService( 202): 2updateNotification no batch id
D/UploadNotification( 202): updateNotification1
D/UploadNotification( 202): item =null
D/UploadService( 202): UpdateThread is looping
W/KeyCharacterMap( 247): Bad keycharmap - filesize=32
W/KeyCharacterMap( 247): Error loading keycharmap file '/system/usr/keychars/bravo-keypad.kcm.bin'. hw.keyboards.0.devname='bravo-keypad'
W/KeyCharacterMap( 247): Using default keymap: /system/usr/keychars/qwerty.kcm.bin
I/ActivityManager( 81): moveTaskToBack: 100
D/BeemService(12680): onStart
D/BeemService(12680): Disable reconnection
D/XMPPConnectionAdapter(12680): connect
D/MyWidgetView41( 161): handle sMSG_QUERY_EVENT
E/MyWidgetView41( 161): Query Today's Events begin time:1279456620000, end time:1279483140000
D/MyWidgetView41( 161): handle sUIMSG_DRAW_TODAY
E/MyWidgetView41( 161): Query Tomorrow's Events begin time:1279483200000, end time:1279569540000
E/MyWidgetView41( 161): Query Tomorrow's Events begin time:1279569600000, end time:1280087940000
D/MyWidgetView41( 161): Is today's event:false
D/MyWidgetView41( 161): Event title:Wind clock, start time:21:0, end time:21:0
D/MyWidgetView41( 161): ##schedular query event on 24day 21hour 0min 1sec
D/MyWidgetView41( 161): using alarm to schedule at 20100719T000000
D/LocationMasfClient( 81): getNetworkLocation(): Returning cache location with accuracy 504.0
D/LocationManagerService( 81): Acquired wakelock
D/LocationManagerService( 81): Released wakelock
D/dalvikvm( 612): GC freed 5496 objects / 731960 bytes in 40ms
I/global (12680): Default buffer size used in BufferedReader constructor. It would be better to be explicit if an 8k-char buffer is required.
I/global (12680): Default buffer size used in BufferedWriter constructor. It would be better to be explicit if an 8k-char buffer is required.
D/dalvikvm(12680): GC freed 1128 objects / 120408 bytes in 61ms
I/BatteryStatsImpl( 81): notePhoneSignalStrengthLocked: 3->2
I/BatteryStatsImpl( 81): notePhoneSignalStrengthLocked: 2->3
D/dalvikvm(12680): GC freed 26929 objects / 1074168 bytes in 45ms
D/OpenSSLSessionImpl(12680): Freeing OpenSSL session
V/XMPPConnectionAdapter(12680): reconnectionSuccessful
D/dalvikvm( 458): GC freed 2718 objects / 282040 bytes in 161ms
I/global (12680): Default buffer size used in BufferedReader constructor. It would be better to be explicit if an 8k-char buffer is required.
I/global (12680): Default buffer size used in BufferedWriter constructor. It would be better to be explicit if an 8k-char buffer is required.
D/dalvikvm(12680): GC freed 15806 objects / 693904 bytes in 51ms
W/System.err(12680): java.io.IOException: Read error: Failure in SSL library, usually a protocol error
W/System.err(12680): at org.apache.harmony.xnet.provider.jsse.OpenSSLSocketImpl.nativeread(Native Method)
W/System.err(12680): at org.apache.harmony.xnet.provider.jsse.OpenSSLSocketImpl.access$300(OpenSSLSocketImpl.java:55)
W/System.err(12680): at org.apache.harmony.xnet.provider.jsse.OpenSSLSocketImpl$SSLInputStream.read(OpenSSLSocketImpl.java:524)
W/System.err(12680): at java.io.InputStreamReader.read(InputStreamReader.java:270)
W/System.err(12680): at java.io.BufferedReader.read(BufferedReader.java:304)
W/System.err(12680): at org.kxml2.io.KXmlParser.peek(KXmlParser.java:876)
W/System.err(12680): at org.kxml2.io.KXmlParser.peekType(KXmlParser.java:557)
W/System.err(12680): at org.kxml2.io.KXmlParser.nextImpl(KXmlParser.java:305)
W/System.err(12680): at org.kxml2.io.KXmlParser.next(KXmlParser.java:1330)
W/System.err(12680): at org.jivesoftware.smack.PacketReader.parsePackets(PacketReader.java:325)
W/System.err(12680): at org.jivesoftware.smack.PacketReader.access$000(PacketReader.java:43)
W/System.err(12680): at org.jivesoftware.smack.PacketReader$1.run(PacketReader.java:70)
D/XMPPConnectionAdapter(12680): connectionClosedOnError
I/NotificationService( 81): enqueueToast pkg=com.beem.project.beem callback=android.app.ITransientNotification$Stub$Proxy@46901460 duration=0
D/BeemService(12680): Enable reconnection
V/RosterAdapter(12680): >>> Presence changed for crosser@average.org/Home
D/BeemService(12680): onStart
D/BeemService(12680): Disable reconnection
D/MyWidgetViewWL( 161): message widget observer onChange, isDelete false
D/GTalkService( 168): [RosterMgr] roster not modified
D/dalvikvm(12531): GC freed 2762 objects / 130848 bytes in 96ms
D/HtcLockScreen( 81): onRefreshBatteryInfo: 100
I/HtcLockScreen( 81): updateStatusViewByPriority, mIsSimCheckView = false, mIsBatteryInfo = false, mIsMusicPlaying = false, mIsAirPlaneMode = false
I/global ( 81): Default buffer size used in BufferedReader constructor. It would be better to be explicit if an 8k-char buffer is required.
I/global ( 81): Default buffer size used in BufferedReader constructor. It would be better to be explicit if an 8k-char buffer is required.
D/BatteryService( 81): isUsbConnected() = true
D/BatteryService( 81): mPlugType = 2
D/UsbConnectedReceiver( 259): action = psclient.intent.action.usb_status
D/UsbConnectedReceiver( 259): ACTION_BATTERY_CHANGED
D/UsbConnectedReceiver( 259): usbCurrentType = 2
D/UsbConnectedReceiver( 259): Current type is same as previous, return!
D/GTalkService( 168): [OtrMgr] OTR not modified
W/System.err(12680): java.lang.IllegalStateException: Not connected to server.
W/System.err(12680): at org.jivesoftware.smack.XMPPConnection.sendPacket(XMPPConnection.java:475)
W/System.err(12680): at org.jivesoftware.smack.NonSASLAuthentication.authenticate(NonSASLAuthentication.java:69)
W/System.err(12680): at org.jivesoftware.smack.SASLAuthentication.authenticate(SASLAuthentication.java:352)
W/System.err(12680): at org.jivesoftware.smack.XMPPConnection.login(XMPPConnection.java:230)
W/System.err(12680): at org.jivesoftware.smack.XMPPConnection.connect(XMPPConnection.java:995)
W/System.err(12680): at com.beem.project.beem.service.XmppConnectionAdapter.connect(XmppConnectionAdapter.java:180)
W/System.err(12680): at com.beem.project.beem.service.XmppConnectionAdapter.connectSync(XmppConnectionAdapter.java:250)
W/System.err(12680): at com.beem.project.beem.BeemService$1.run(BeemService.java:374)
W/System.err(12680): at java.lang.Thread.run(Thread.java:1102)
W/dalvikvm(12680): threadid=21: thread exiting with uncaught exception (group=0x4001b390)
E/AndroidRuntime(12680): Uncaught handler: thread Thread-24 exiting due to uncaught exception
