D/BackupManagerService( 81): awaiting agent for ApplicationInfo{463d7110 android}
D/BackupManagerService( 81): agentConnected pkg=android agent=android.app.BackupAgent$BackupServiceBinder@46a362a8
D/PerformBackupThread( 81): processOneBackup doBackup() on android
D/BackupHelperDispatcher( 81): handling existing helper 'wallpaper' android.backup.AbsoluteFileBackupHelper@467b2db0
V/PerformBackupThread( 81): doBackup() success
I/PerformBackupThread( 81): no backup data written; not calling transport
I/BatteryStatsImpl( 81): notePhoneSignalStrengthLocked: 3->2
D/dalvikvm( 202): GC freed 862 objects / 40688 bytes in 407ms
D/NetworkLocationProvider( 81): onCellLocationChanged [6105,42085]
I/BatteryStatsImpl( 81): notePhoneSignalStrengthLocked: 2->3
D/NetworkLocationProvider( 81): onCellLocationChanged [6105,52563]
I/BatteryStatsImpl( 81): notePhoneSignalStrengthLocked: 3->2
D/NetworkLocationProvider( 81): onCellLocationChanged [6105,42082]
I/BatteryStatsImpl( 81): notePhoneSignalStrengthLocked: 2->3
D/dalvikvm( 161): GC freed 117 objects / 5432 bytes in 95ms
I/BatteryStatsImpl( 81): notePhoneSignalStrengthLocked: 3->2
I/BatteryStatsImpl( 81): notePhoneSignalStrengthLocked: 2->3
D/NetworkLocationProvider( 81): onCellLocationChanged [6105,42085]
I/BatteryStatsImpl( 81): notePhoneSignalStrengthLocked: 3->2
I/BatteryStatsImpl( 81): notePhoneSignalStrengthLocked: 2->3
D/NetworkLocationProvider( 81): onCellLocationChanged [6105,42082]
I/BatteryStatsImpl( 81): notePhoneSignalStrengthLocked: 3->2
I/BatteryStatsImpl( 81): notePhoneSignalStrengthLocked: 2->3
D/NetworkLocationProvider( 81): onCellLocationChanged [6105,42085]
D/NetworkLocationProvider( 81): onCellLocationChanged [6105,42082]
D/dalvikvm( 161): GC freed 71 objects / 3832 bytes in 92ms
D/NetworkLocationProvider( 81): onCellLocationChanged [6105,42082]
D/LocationMasfClient( 81): getNetworkLocation(): Returning cache location with accuracy 504.0
D/LocationManagerService( 81): Acquired wakelock
D/LocationManagerService( 81): Released wakelock
D/dalvikvm( 152): GC freed 44531 objects / 2060712 bytes in 121ms
D/dalvikvm( 612): GC freed 1919 objects / 155248 bytes in 169ms
W/KeyCharacterMap(12680): Bad keycharmap - filesize=32
W/KeyCharacterMap(12680): Error loading keycharmap file '/system/usr/keychars/bravo-keypad.kcm.bin'. hw.keyboards.0.devname='bravo-keypad'
W/KeyCharacterMap(12680): Using default keymap: /system/usr/keychars/qwerty.kcm.bin
D/Sensors ( 81): close_akm, fd=92
D/BeemService(12680): ONUNBIND()
W/IInputConnectionWrapper(12680): showStatusIcon on inactive InputConnection
E/ContactList(12680): onDestroy activity
D/AK8973 ( 61): Compass CLOSE
W/KeyCharacterMap( 161): Bad keycharmap - filesize=32
W/KeyCharacterMap( 161): Error loading keycharmap file '/system/usr/keychars/bravo-keypad.kcm.bin'. hw.keyboards.0.devname='bravo-keypad'
W/KeyCharacterMap( 161): Using default keymap: /system/usr/keychars/qwerty.kcm.bin
D/MyWidgetView41( 161): handle sMSG_QUERY_EVENT
E/MyWidgetView41( 161): Query Today's Events begin time:1279456200000, end time:1279483140000
D/MyWidgetView41( 161): handle sUIMSG_DRAW_TODAY
E/MyWidgetView41( 161): Query Tomorrow's Events begin time:1279483200000, end time:1279569540000
E/MyWidgetView41( 161): Query Tomorrow's Events begin time:1279569600000, end time:1280087940000
D/MyWidgetView41( 161): Is today's event:false
D/MyWidgetView41( 161): Event title:Wind clock, start time:21:0, end time:21:0
D/MyWidgetView41( 161): ##schedular query event on 24day 21hour 0min 1sec
D/MyWidgetView41( 161): using alarm to schedule at 20100719T000000
D/JOGBALL ( 81): Jogball, + set_jogball_mode mode=0
E/JOGBALL ( 81): open failed errno: 2
D/JOGBALL ( 81): Jogball, + set_jogball_mode mode=0
E/JOGBALL ( 81): open failed errno: 2
I/ActivityManager( 81): Starting activity: Intent { act=android.intent.action.PROVIDER_CHANGED cat=[egcrosser@gmail.com] dat=content://gmail-ls/unread/^i typ=gmail-ls flg=0x4000000 cmp=com.google.android.gm/.ConversationListActivity bnds=[0,297][480,392] (has extras) }
W/ActivityManager( 81): startActivity called from non-Activity context; forcing Intent.FLAG_ACTIVITY_NEW_TASK for: Intent { act=android.intent.action.PROVIDER_CHANGED cat=[egcrosser@gmail.com] dat=content://gmail-ls/unread/^i typ=gmail-ls flg=0x4000000 cmp=com.google.android.gm/.ConversationListActivity bnds=[0,297][480,392] (has extras) }
D/AK8973 ( 61): Compass Start
D/Sensors ( 81): open_akm, fd=211
V/Gmail ( 477): onCreate(), id=com.google.android.gm.ConversationListActivity@4642ecf0
D/Gmail ( 477): SETTING ACCOUNT, USER:egcrosser@gmail.com
D/AK8973 ( 61): HRET = AKSC_HOF_DSS_START
D/Gmail ( 168): MailProvider.query: content://gmail-ls/conversations/egcrosser@gmail.com(label:^^unseen-^i, [SELECTION_ARGUMENT_DO_NOT_BECOME_ACTIVE_NETWORK_CURSOR])
I/ActivityManager( 81): Starting activity: Intent { cmp=com.google.android.gm/.HtmlConversationActivity (has extras) }
D/Gmail ( 168): MailProvider.query: content://gmail-ls/conversations/egcrosser@gmail.com(label:^i, null)
V/Gmail ( 477): onStart(), id=com.google.android.gm.ConversationListActivity@4642ecf0
V/Gmail ( 477): onResume()
V/Gmail ( 477): onSaveInstanceState(), id=com.google.android.gm.ConversationListActivity@4642ecf0
V/Gmail ( 477): onPause(), id=com.google.android.gm.ConversationListActivity@4642ecf0
D/AK8973 ( 61): HRET = AKSC_HOF_DSS_REQUEST
D/Gmail ( 168): MailProvider.query: content://gmail-ls/conversations/egcrosser@gmail.com/1341320865330350930/messages(null, null)
D/AK8973 ( 61): HRET = AKSC_HOF_DSS_REQUEST
W/webcore ( 477): Not supported in this case.
W/webcore ( 477): JuLOG: what=105 mMessages size=3
W/webcore ( 477): JuLOG: mMessages[0]={ what=100 when=0 obj=data:text/html;utf-8,

Loading...

}
W/webcore ( 477): JuLOG: mMessages[1]={ what=138 when=0 obj=android.webkit.WebViewCore$JSInterfaceData@463bcee8 }
W/webcore ( 477): JuLOG: mMessages[2]={ what=139 when=0 obj=android.webkit.WebViewCore$BaseUrlData@4640ff60 }
I/ActivityManager( 81): Displayed activity com.google.android.gm/.HtmlConversationActivity: 435 ms (total 817 ms)
D/AK8973 ( 61): HRET = AKSC_HOF_DSS_REQUEST
D/AK8973 ( 61): HRET = AKSC_HOF_DSS_REQUEST
D/AK8973 ( 61): HRET = AKSC_HOF_DSS_REQUEST
D/AK8973 ( 61): HRET = AKSC_HOF_DSS_REQUEST
D/AK8973 ( 61): HRET = AKSC_HOF_DSS_REQUEST
D/AK8973 ( 61): HRET = AKSC_HOF_DSS_COMPLETE
I/BatteryStatsImpl( 81): notePhoneSignalStrengthLocked: 3->2
W/KeyCharacterMap( 477): Bad keycharmap - filesize=32
W/KeyCharacterMap( 477): Error loading keycharmap file '/system/usr/keychars/bravo-keypad.kcm.bin'. hw.keyboards.0.devname='bravo-keypad'
W/KeyCharacterMap( 477): Using default keymap: /system/usr/keychars/qwerty.kcm.bin
D/Gmail ( 477): com.google.android.gm.HtmlConversationActivity@463ef580 onKeyDown() keyCode:4 event:KeyEvent{action=0 code=4 repeat=0 meta=0 scancode=158 mFlags=8}
D/Gmail ( 168): MailProvider.delete(): removing label ^u from conversation 1341320865330350930
D/Gmail ( 477): com.google.android.gm.HtmlConversationActivity@463ef580 onPause() finished
V/Gmail ( 477): onRestart(), id=com.google.android.gm.ConversationListActivity@4642ecf0
V/Gmail ( 477): onStart(), id=com.google.android.gm.ConversationListActivity@4642ecf0
V/Gmail ( 477): onResume()
D/Gmail ( 168): clearNewUnreadMailForNotificationLabelIfNeeded. Count: 1, label: -5/^^unseen-^i
D/Gmail ( 168): sending notification. Adjusted values are label=595357303, oldCount=1, newCount=0, unseenCount=0, getAttention=true
I/Gmail ( 168): Sending notification intent: Intent { act=android.intent.action.PROVIDER_CHANGED dat=content://gmail-ls/unread/^i typ=gmail-ls (has extras) }
D/Gmail ( 168): clearNewUnreadMailForNotificationLabelIfNeeded. Count: 0, label: -6/^^unseen-^^vmi
D/Gmail ( 477): New email: mapSize:0 getAttention:true
D/JOGBALL ( 81): Jogball, + set_jogball_mode mode=0
E/JOGBALL ( 81): open failed errno: 2
D/NotificationService( 81): cancelNotification, ACTION_NOTIFICATION_REMOVE,pkg=com.google.android.gm,id=1
I/ActivityManager( 81): Displayed activity com.google.android.gm/.ConversationListActivity: 13444 ms (total 13444 ms)
V/Gmail ( 477): onPause(), id=com.google.android.gm.ConversationListActivity@4642ecf0
D/Sensors ( 81): close_akm, fd=211
D/AK8973 ( 61): Compass CLOSE
D/MyWidgetView41( 161): handle sMSG_QUERY_EVENT
E/MyWidgetView41( 161): Query Today's Events begin time:1279456260000, end time:1279483140000
D/MyWidgetView41( 161): handle sUIMSG_DRAW_TODAY
E/MyWidgetView41( 161): Query Tomorrow's Events begin time:1279483200000, end time:1279569540000
E/MyWidgetView41( 161): Query Tomorrow's Events begin time:1279569600000, end time:1280087940000
D/MyWidgetView41( 161): Is today's event:false
D/MyWidgetView41( 161): Event title:Wind clock, start time:21:0, end time:21:0
D/MyWidgetView41( 161): ##schedular query event on 24day 21hour 0min 1sec
D/MyWidgetView41( 161): using alarm to schedule at 20100719T000000
D/WindowManager( 81): I'm tired mEndcallBehavior=0x2
I/power ( 81): *** set_screen_state 0
D/PowerManagerService( 81): wakelock: SCREEN_DIM_WAKE_LOCK 'com.csipsimple.onIncomingCall' (minState=1)
D/KeyguardViewManager( 81): show()
D/LockExchangeUtils( 81): isLockExchangeEnabled = false
D/LockExchangeUtils( 81): isLockExchangeEnabled = false
D/SurfaceFlinger( 81): About to give-up screen, flinger = 0x1432e8
D/SurfaceFlinger( 81): screen given-up
D/HtcLockScreen( 81): onScreenRestart
I/HtcLockScreen( 81): updateStatusViewByPriority, mIsSimCheckView = false, mIsBatteryInfo = false, mIsMusicPlaying = false, mIsAirPlaneMode = false
I/HtcLockScreen( 81): HtcLockScreen:onResume
D/KeyguardViewMediator( 81): handleKeyguardDoneDrawing: notifying mWaitingUntilKeyguardVisible
D/ContactWidget Matrix( 161): Received intent:android.intent.action.SCREEN_OFF
D/browser (11206): screen intent received: android.intent.action.SCREEN_OFF mActivityInPause=true toggleAutorestart=true restartFlag=false
D/MyWidgetViewWL( 161): message widget observer onChange, isDelete false
I/SyncControl_Dialer( 155): Sync active detected - Account: [egcrosser@gmail.com/com.google], authority: gmail-ls, autoSyncFlag: 1
I/SyncControl_People( 396): Sync active detected - Account: [egcrosser@gmail.com/com.google], authority: gmail-ls, autoSyncFlag: 1
I/Gmail ( 168): MainSyncRequestProto: lowestBkwdConvoId: 0, highestHandledServerOp: 925
I/global ( 81): Default buffer size used in BufferedReader constructor. It would be better to be explicit if an 8k-char buffer is required.
I/global ( 81): Default buffer size used in BufferedReader constructor. It would be better to be explicit if an 8k-char buffer is required.
D/BatteryService( 81): isUsbConnected() = false
D/BatteryService( 81): mPlugType = 0
D/UsbConnectedReceiver( 259): action = psclient.intent.action.usb_status
D/UsbConnectedReceiver( 259): ACTION_BATTERY_CHANGED
D/UsbConnectedReceiver( 259): usbCurrentType = 0
D/UsbConnectedReceiver( 259): Current type is same as previous, return!
D/dalvikvm(11206): GC freed 753 objects / 46840 bytes in 150ms
D/dalvikvm(12680): GC freed 9226 objects / 562264 bytes in 131ms
D/dalvikvm( 259): GC freed 2530 objects / 128528 bytes in 92ms
E/webcoreglue( 477): The real object has been deleted
D/webviewglue( 477): nativeDestroy view: 0x5ae6f8
D/dalvikvm( 477): GC freed 2555 objects / 246512 bytes in 89ms
E/webcoreglue( 477): The real object has been deleted
E/webcoreglue( 477): The real object has been deleted
D/webviewglue( 477): nativeDestroy view: 0x1572b0
D/Sync ( 81): Received network tickle for egcrosser@gmail.com - https://mail.google.com/mail/g/?client=1273173107615
W/ResponseProcessCookies( 168): Cookie rejected: "[version: 0][name: GX][value: DQAAAK4AAAD_k5WJx6jeWiefJsx4qJWMYGYYsglgiHlwk_B6ehBl_AIO0TcQrO--pqKOfEQ2nsAU9IZ6U_IRCSySuMxesZ8VzBgJTTHf_JftH1idKK4Aq-z8Q0-zrxkpuU78T9MftJ4DHeAiEBmJYqp-ORV_lnXH31AEmeCek2Bf2D7GW7z-ijY8F-ogqV9La0UId4vbARAB4MDLC_bjmbE6N4AQMqTQO8mIY1smjtMlT-L8H-b_Hg][domain: mail.google.com][path: /proxy/gmail/mail][expiry: Sun Aug 01 16:31:50 Europe/Moscow 2010]". Illegal domain attribute "mail.google.com". Domain of origin: "android.clients.google.com"
I/SyncControl_People( 396): Sync active detected - Account: [egcrosser@gmail.com/com.google], authority: gmail-ls, autoSyncFlag: 1
I/SyncControl_Dialer( 155): Sync active detected - Account: [egcrosser@gmail.com/com.google], authority: gmail-ls, autoSyncFlag: 1
D/dalvikvm( 168): GC freed 3597 objects / 197464 bytes in 94ms
I/Gmail ( 168): MainSyncRequestProto: lowestBkwdConvoId: 0, highestHandledServerOp: 926
I/SyncControl_People( 396): Sync active detected - Account: [egcrosser@gmail.com/com.google], authority: gmail-ls, autoSyncFlag: 1
I/SyncControl_Dialer( 155): Sync active detected - Account: [egcrosser@gmail.com/com.google], authority: gmail-ls, autoSyncFlag: 1
I/SyncControl_People( 396): Sync active detected - Account: [egcrosser@gmail.com/com.google], authority: gmail-ls, autoSyncFlag: 1
I/Gmail ( 168): MainSyncRequestProto: lowestBkwdConvoId: 0, highestHandledServerOp: 926
W/ResponseProcessCookies( 168): Cookie rejected: "[version: 0][name: GX][value: DQAAAK0AAAA61DljJCqmgYHG_XTV-II3866YohfrWHMmCHaEPNjOAI4_Ieuz_qJajc-zmMpsTW37G_0Izv8PSXzOYKA8smGe0LaEprg4BnQsMBY0ctykZlf4Sd93zbyHwSmI6fBsCTaVgnF8xumZ0zYasxIq-5LeUxim1KLDa-t9j-cJbTu2xHQdiyGsr7LbZJ8Kes5zG2ltg5mId1bAm3hHWk9JKmy-uNICdFBeZ6s4QnoxoUpnYw][domain: mail.google.com][path: /proxy/gmail/mail][expiry: Sun Aug 01 16:32:11 Europe/Moscow 2010]". Illegal domain attribute "mail.google.com". Domain of origin: "android.clients.google.com"
D/dalvikvm( 168): GC freed 2564 objects / 121576 bytes in 88ms
I/Gmail ( 168): MainSyncRequestProto: lowestBkwdConvoId: 0, highestHandledServerOp: 926
D/dalvikvm( 81): GC freed 41296 objects / 2042840 bytes in 165ms
D/MyWidgetViewWL( 161): message widget observer onChange, isDelete false
D/Sync ( 81): Received network tickle for egcrosser@gmail.com - https://mail.google.com/mail/g/?client=1273173107615
I/SyncControl_Dialer( 155): Sync active detected - Account: [egcrosser@gmail.com/com.google], authority: gmail-ls, autoSyncFlag: 1
I/SyncControl_People( 396): Sync active detected - Account: [egcrosser@gmail.com/com.google], authority: gmail-ls, autoSyncFlag: 1
I/Gmail ( 168): MainSyncRequestProto: lowestBkwdConvoId: 0, highestHandledServerOp: 926
D/Gmail ( 168): IO exception: java.io.IOException: Server returned unhandled response content type (text/html)
D/SyncManager( 81): failed sync operation authority: gmail-ls account: Account {name=egcrosser@gmail.com, type=com.google} extras: [feed=https://mail.google.com/mail/g/?client=1273173107615 ] syncSource: 0 when: 278818489 delay: 0 key: {authority: gmail-ls account: Account {name=egcrosser@gmail.com, type=com.google} extras: [feed=https://mail.google.com/mail/g/?client=1273173107615 ]} pendingOperation: android.content.SyncStorageEngine$PendingOperation@4686e400
D/HtcLockScreen( 81): onRefreshBatteryInfo: 93
D/KeyguardViewMediator( 81): pokeWakelock(15000)
I/power ( 81): *** set_screen_state 1
I/global ( 81): Default buffer size used in BufferedReader constructor. It would be better to be explicit if an 8k-char buffer is required.
I/global ( 81): Default buffer size used in BufferedReader constructor. It would be better to be explicit if an 8k-char buffer is required.
D/BatteryService( 81): isUsbConnected() = true
D/BatteryService( 81): mPlugType = 2
I/global ( 81): Default buffer size used in BufferedReader constructor. It would be better to be explicit if an 8k-char buffer is required.
I/global ( 81): Default buffer size used in BufferedReader constructor. It would be better to be explicit if an 8k-char buffer is required.
D/BatteryService( 81): isUsbConnected() = true
D/BatteryService( 81): mPlugType = 2
I/global ( 81): Default buffer size used in BufferedReader constructor. It would be better to be explicit if an 8k-char buffer is required.
I/global ( 81): Default buffer size used in BufferedReader constructor. It would be better to be explicit if an 8k-char buffer is required.
D/BatteryService( 81): isUsbConnected() = true
D/BatteryService( 81): mPlugType = 2
I/global ( 81): Default buffer size used in BufferedReader constructor. It would be better to be explicit if an 8k-char buffer is required.
D/UsbConnectedReceiver( 259): action = psclient.intent.action.usb_status
D/UsbConnectedReceiver( 259): ACTION_BATTERY_CHANGED
D/UsbConnectedReceiver( 259): usbCurrentType = 2
D/UsbConnectedReceiver( 259): send battery change plugged = 2
D/PowerManagerService( 81): wakelock: SCREEN_DIM_WAKE_LOCK 'com.csipsimple.onIncomingCall' activated (minState=1)
D/PowerManagerService( 81): wakelock: FULL_WAKE_LOCK 'keyguard'ACQUIRE_CAUSES_WAKEUP activated (minState=3)
I/HtcLockScreen( 81): updateStatusViewByPriority, mIsSimCheckView = false, mIsBatteryInfo = false, mIsMusicPlaying = false, mIsAirPlaneMode = false
I/global ( 81): Default buffer size used in BufferedReader constructor. It would be better to be explicit if an 8k-char buffer is required.
D/BatteryService( 81): isUsbConnected() = true
D/BatteryService( 81): mPlugType = 2
I/global ( 81): Default buffer size used in BufferedReader constructor. It would be better to be explicit if an 8k-char buffer is required.
I/global ( 81): Default buffer size used in BufferedReader constructor. It would be better to be explicit if an 8k-char buffer is required.
D/BatteryService( 81): isUsbConnected() = true
D/BatteryService( 81): mPlugType = 2
D/UsbConnectedReceiver( 259): action = psclient.intent.action.usb_status
D/UsbConnectedReceiver( 259): ACTION_BATTERY_CHANGED
D/UsbConnectedReceiver( 259): usbCurrentType = 2
D/UsbConnectedReceiver( 259): Current type is same as previous, return!
D/UsbConnectedReceiver( 259): action = psclient.intent.action.usb_status
D/UsbConnectedReceiver( 259): ACTION_BATTERY_CHANGED
D/UsbConnectedReceiver( 259): usbCurrentType = 2
D/UsbConnectedReceiver( 259): Current type is same as previous, return!
D/UsbConnectedReceiver( 259): action = psclient.intent.action.usb_status
D/UsbConnectedReceiver( 259): ACTION_BATTERY_CHANGED
D/UsbConnectedReceiver( 259): usbCurrentType = 2
D/UsbConnectedReceiver( 259): Current type is same as previous, return!
D/UsbConnectedReceiver( 259): action = psclient.intent.action.usb_status
D/UsbConnectedReceiver( 259): ACTION_BATTERY_CHANGED
D/UsbConnectedReceiver( 259): USB Connected.
D/UsbConnectedReceiver( 259): usbCurrentType = 2
D/UsbConnectedReceiver( 259): Current type is same as previous, return!
D/SurfaceFlinger( 81): Screen about to return, flinger = 0x1432e8
D/SurfaceFlinger( 81): screen returned
D/SurfaceFlinger( 81): wakeup flip
D/UsbConnectedReceiver( 259): isPCToolConnected = false
D/UsbConnectedReceiver( 259): mObexServerStarted=true
D/dalvikvm( 81): GC freed 13846 objects / 991944 bytes in 246ms
D/MountListener( 81): handleEvent ums_connected
I/global ( 259): Default buffer size used in BufferedReader constructor. It would be better to be explicit if an 8k-char buffer is required.
D/UsbConnectedReceiver( 259): usb_cable_connect = 1
I/HtcLockScreen( 81): HtcLockScreen:onResume
I/global ( 81): Default buffer size used in BufferedReader constructor. It would be better to be explicit if an 8k-char buffer is required.
I/global ( 81): Default buffer size used in BufferedReader constructor. It would be better to be explicit if an 8k-char buffer is required.
D/BatteryService( 81): isUsbConnected() = true
D/BatteryService( 81): mPlugType = 2
D/UsbConnectedReceiver( 259): action = psclient.intent.action.usb_status
D/UsbConnectedReceiver( 259): ACTION_BATTERY_CHANGED
D/UsbConnectedReceiver( 259): usbCurrentType = 2
D/UsbConnectedReceiver( 259): Current type is same as previous, return!
D/NetSharing_NSReceiver( 247): onReceive : com.htc.usb.change
D/NetSharing_NSReceiver( 247): USB = true netstate = 0
D/UsbConnectedReceiver( 259): Launch Usb connection UI
I/ActivityManager( 81): Starting activity: Intent { flg=0x10000000 cmp=com.htc.android.psclient/.UsbConnectionSettings }
D/UsbConnectionSettings( 259): -onCreate()
D/SwitchUsbSettings( 259): getUpdateInfo() link=http://liveimage.htc.com/OTA_Bravo_HTC_WWE_1.21.405.2_1.15.405.4_release_P28tjyo7ovjwu8s0eu.zip
D/SwitchUsbSettings( 259): version=System upgrade1.21.405.2 (27.07 MB)We would recommend using a free Wi-Fi hotspot or an unlimited data plan to apply this update. If not, standard data connection charges may apply. Any questions? Contact us via http://www.htc.com/www/CA_Hotline.aspx
D/SwitchUsbSettings( 259): feature=Update:HTC application improvement
D/SwitchUsbSettings( 259): size=27.07 MB
E/DatabaseUtils( 225): Writing exception to parcel
E/DatabaseUtils( 225): java.lang.SecurityException: Permission Denial: reading com.android.providers.downloads.DownloadProvider uri content://downloads/download from pid=259, uid=10004 requires android.permission.ACCESS_DOWNLOAD_MANAGER
E/DatabaseUtils( 225): at android.content.ContentProvider$Transport.enforceReadPermission(ContentProvider.java:240)
E/DatabaseUtils( 225): at android.content.ContentProvider$Transport.bulkQuery(ContentProvider.java:116)
E/DatabaseUtils( 225): at android.content.ContentProviderNative.onTransact(ContentProviderNative.java:121)
E/DatabaseUtils( 225): at android.os.Binder.execTransact(Binder.java:287)
E/DatabaseUtils( 225): at dalvik.system.NativeStart.run(Native Method)
E/SwitchUsbSettings( 259): Error when query download provider. error: java.lang.SecurityException: Permission Denial: reading com.android.providers.downloads.DownloadProvider uri content://downloads/download from pid=259, uid=10004 requires android.permission.ACCESS_DOWNLOAD_MANAGER
D/UsbConnectionSettings( 259): CustomizedNS:true
W/ResourceType( 259): Skipping entry 0x7f02000e in package table 0 because it is not complex!
W/ResourceType( 259): Skipping entry 0x7f02000d in package table 0 because it is not complex!
W/ResourceType( 259): Skipping entry 0x7f02000e in package table 0 because it is not complex!
W/ResourceType( 259): Skipping entry 0x7f02000d in package table 0 because it is not complex!
D/SwitchUsbSettings( 259): getUpdateInfo() link=http://liveimage.htc.com/OTA_Bravo_HTC_WWE_1.21.405.2_1.15.405.4_release_P28tjyo7ovjwu8s0eu.zip
D/SwitchUsbSettings( 259): version=System upgrade1.21.405.2 (27.07 MB)We would recommend using a free Wi-Fi hotspot or an unlimited data plan to apply this update. If not, standard data connection charges may apply. Any questions? Contact us via http://www.htc.com/www/CA_Hotline.aspx
D/SwitchUsbSettings( 259): feature=Update:HTC application improvement
D/SwitchUsbSettings( 259): size=27.07 MB
E/DatabaseUtils( 225): Writing exception to parcel
E/DatabaseUtils( 225): java.lang.SecurityException: Permission Denial: reading com.android.providers.downloads.DownloadProvider uri content://downloads/download from pid=259, uid=10004 requires android.permission.ACCESS_DOWNLOAD_MANAGER
E/DatabaseUtils( 225): at android.content.ContentProvider$Transport.enforceReadPermission(ContentProvider.java:240)
E/DatabaseUtils( 225): at android.content.ContentProvider$Transport.bulkQuery(ContentProvider.java:116)
E/DatabaseUtils( 225): at android.content.ContentProviderNative.onTransact(ContentProviderNative.java:121)
E/DatabaseUtils( 225): at android.os.Binder.execTransact(Binder.java:287)
E/DatabaseUtils( 225): at dalvik.system.NativeStart.run(Native Method)
E/SwitchUsbSettings( 259): Error when query download provider. error: java.lang.SecurityException: Permission Denial: reading com.android.providers.downloads.DownloadProvider uri content://downloads/download from pid=259, uid=10004 requires android.permission.ACCESS_DOWNLOAD_MANAGER
W/ResourceType( 259): Skipping entry 0x7f02000e in package table 0 because it is not complex!
W/ResourceType( 259): Skipping entry 0x7f02000d in package table 0 because it is not complex!
W/ResourceType( 259): Skipping entry 0x7f02000e in package table 0 because it is not complex!
W/ResourceType( 259): Skipping entry 0x7f02000d in package table 0 because it is not complex!
I/ActivityManager( 81): Displayed activity com.htc.android.psclient/.UsbConnectionSettings: 475 ms (total 475 ms)
I/HtcLockScreen( 81): touch ACTION_DOWN
D/PowerManagerService( 81): New lightsensor value:40, lcdValue:90
I/HtcLockScreen( 81): touch ACTION_UP
W/dalvikvm( 81): disableGcForExternalAlloc: true
D/LockExchangeUtils( 81): isLockExchangeEnabled = false
D/LockExchangeUtils( 81): isLockExchangeEnabled = false
D/HtcLockScreen( 81): unlock animationn done
D/dalvikvm( 161): GC freed 3416 objects / 189528 bytes in 368ms
I/HtcLockScreen( 81): Drag down to unlock screen
W/dalvikvm( 81): disableGcForExternalAlloc: false
D/LockExchangeUtils( 81): isLockExchangeEnabled = false
I/HtcLockScreen( 81): HtcLockScreen:onPause
D/LockExchangeUtils( 81): isLockExchangeEnabled = false
D/LockExchangeUtils( 81): isLockExchangeEnabled = false
D/HtcLockScreen( 81): onScreenPause
D/KeyguardViewManager( 81): hide()
I/DumpStateReceiver( 81): Added state dump to 2 crashes
I/BatteryStatsImpl( 81): notePhoneSignalStrengthLocked: 2->3
D/ContactWidget Matrix( 161): Received intent:android.intent.action.SCREEN_ON
D/browser (11206): screen intent received: android.intent.action.SCREEN_ON mActivityInPause=true toggleAutorestart=true restartFlag=false
D/UsbConnectionSettings( 259): -enableChargeOnly()
D/UsbConnectionSettings( 259): -onPause()
W/InputManagerService( 81): Starting input on non-focused client com.android.internal.view.IInputMethodClient$Stub$Proxy@46673bb0 (uid=10004 pid=259)
D/UsbConnectionSettings( 259): -onStop()
D/UsbConnectionSettings( 259): -onDestroy()
D/MyWidgetView41( 161): handle sMSG_QUERY_EVENT
E/MyWidgetView41( 161): Query Today's Events begin time:1279456440000, end time:1279483140000
D/MyWidgetView41( 161): handle sUIMSG_DRAW_TODAY
E/MyWidgetView41( 161): Query Tomorrow's Events begin time:1279483200000, end time:1279569540000
E/MyWidgetView41( 161): Query Tomorrow's Events begin time:1279569600000, end time:1280087940000
D/MyWidgetView41( 161): Is today's event:false
D/MyWidgetView41( 161): Event title:Wind clock, start time:21:0, end time:21:0
D/MyWidgetView41( 161): ##schedular query event on 24day 21hour 0min 1sec
D/MyWidgetView41( 161): using alarm to schedule at 20100719T000000
I/BatteryStatsImpl( 81): notePhoneSignalStrengthLocked: 3->2
I/BatteryStatsImpl( 81): notePhoneSignalStrengthLocked: 2->3
I/SyncControl_Dialer( 155): Sync active detected - Account: [egcrosser@gmail.com/com.google], authority: gmail-ls, autoSyncFlag: 1
I/SyncControl_People( 396): Sync active detected - Account: [egcrosser@gmail.com/com.google], authority: gmail-ls, autoSyncFlag: 1
I/Gmail ( 168): MainSyncRequestProto: lowestBkwdConvoId: 0, highestHandledServerOp: 926
D/NetworkLocationProvider( 81): onCellLocationChanged [6105,42085]
D/dalvikvm( 1284): GC freed 497 objects / 34840 bytes in 79ms
D/HtcLockScreen( 81): onRefreshBatteryInfo: 100
I/HtcLockScreen( 81): updateStatusViewByPriority, mIsSimCheckView = false, mIsBatteryInfo = false, mIsMusicPlaying = false, mIsAirPlaneMode = false
I/global ( 81): Default buffer size used in BufferedReader constructor. It would be better to be explicit if an 8k-char buffer is required.
I/global ( 81): Default buffer size used in BufferedReader constructor. It would be better to be explicit if an 8k-char buffer is required.
D/BatteryService( 81): isUsbConnected() = true
D/BatteryService( 81): mPlugType = 2
D/UsbConnectedReceiver( 259): action = psclient.intent.action.usb_status
D/UsbConnectedReceiver( 259): ACTION_BATTERY_CHANGED
D/UsbConnectedReceiver( 259): usbCurrentType = 2
D/UsbConnectedReceiver( 259): Current type is same as previous, return!
D/NetworkLocationProvider( 81): onCellLocationChanged [6105,52563]
I/BatteryStatsImpl( 81): notePhoneSignalStrengthLocked: 3->2
W/ResponseProcessCookies( 168): Cookie rejected: "[version: 0][name: GX][value: DQAAAK4AAAAuQWwSKBjlAv5H_ttOlwUAwSJ9o8hYl1aK2TZEo6acfRmGkMkFTnjdXA__JsNYzKrXWOGQ0awarLwxcGuDbgPY1vBcLmHVDLKaWMNkEWOkbd-pEzC8NTzLNoLP_UQZM16jTZ5oTuyvxkW19VJRHzzhJs88uY1y8i7_pEs98ymCVlNTwJQli4JvyC2zRARUAscfIPYmETjG_bBHXLmKml5grRJdEa3IuKJeEpz13dxlIA][domain: mail.google.com][path: /proxy/gmail/mail][expiry: Sun Aug 01 16:35:20 Europe/Moscow 2010]". Illegal domain attribute "mail.google.com". Domain of origin: "android.clients.google.com"
D/Gmail ( 168): Purged 5 messages in conversation 1341320865330350930
I/SyncControl_People( 396): Sync active detected - Account: [egcrosser@gmail.com/com.google], authority: gmail-ls, autoSyncFlag: 1
I/SyncControl_Dialer( 155): Sync active detected - Account: [egcrosser@gmail.com/com.google], authority: gmail-ls, autoSyncFlag: 1
D/dalvikvm( 168): GC freed 3528 objects / 172768 bytes in 77ms
I/Gmail ( 168): MainSyncRequestProto: lowestBkwdConvoId: 0, highestHandledServerOp: 927
I/BatteryStatsImpl( 81): notePhoneSignalStrengthLocked: 2->3
D/dalvikvm( 225): GC freed 1206 objects / 87704 bytes in 77ms
D/dalvikvm( 247): GC freed 515 objects / 26080 bytes in 94ms
I/BatteryStatsImpl( 81): notePhoneSignalStrengthLocked: 3->2
D/dalvikvm( 284): GC freed 18927 objects / 847080 bytes in 90ms
D/dalvikvm( 168): GC freed 1564 objects / 70256 bytes in 85ms
D/NetworkLocationProvider( 81): onCellLocationChanged [6105,42082]
I/BatteryStatsImpl( 81): notePhoneSignalStrengthLocked: 2->3
D/HtcLockScreen( 81): onRefreshBatteryInfo: 94
I/HtcLockScreen( 81): updateStatusViewByPriority, mIsSimCheckView = false, mIsBatteryInfo = false, mIsMusicPlaying = false, mIsAirPlaneMode = false
I/global ( 81): Default buffer size used in BufferedReader constructor. It would be better to be explicit if an 8k-char buffer is required.
I/global ( 81): Default buffer size used in BufferedReader constructor. It would be better to be explicit if an 8k-char buffer is required.
D/BatteryService( 81): isUsbConnected() = true
D/BatteryService( 81): mPlugType = 2
D/UsbConnectedReceiver( 259): action = psclient.intent.action.usb_status
D/UsbConnectedReceiver( 259): ACTION_BATTERY_CHANGED
D/UsbConnectedReceiver( 259): usbCurrentType = 2
D/UsbConnectedReceiver( 259): Current type is same as previous, return!
W/KeyCharacterMap( 161): Bad keycharmap - filesize=32
W/KeyCharacterMap( 161): Error loading keycharmap file '/system/usr/keychars/bravo-keypad.kcm.bin'. hw.keyboards.0.devname='bravo-keypad'
W/KeyCharacterMap( 161): Using default keymap: /system/usr/keychars/qwerty.kcm.bin
I/ActivityManager( 81): Starting activity: Intent { act=android.settings.SETTINGS flg=0x10200000 cmp=com.android.settings/.framework.activity.HtcSettings }
D/BackupManagerService( 81): Now awaiting backup for 2 participants:
D/BackupManagerService( 81): + BackupRequest{app=ApplicationInfo{46566de8 com.htc.CustomizationSetup} full=false} agent=com.htc.CustomizationSetup.AccountBackupAgent
D/BackupManagerService( 81): + BackupRequest{app=ApplicationInfo{463d7110 android} full=false} agent=com.android.server.SystemBackupAgent
D/dalvikvm( 247): GC freed 3285 objects / 243232 bytes in 67ms
I/BatteryStatsImpl( 81): notePhoneSignalStrengthLocked: 3->2
I/ActivityManager( 81): Starting activity: Intent { act=android.intent.action.MAIN cmp=com.android.settings/.WirelessSettings }
D/WirelessSettings( 247): ml = false
D/WirelessSettings( 247): ml = false
D/WirelessSettings( 247): CustomizedNS:true
D/WirelessSettings( 247): is = true, ml = false
D/NetSharing( 247): NetSharingEnabler
D/WirelessSettings( 247): NSenabler
V/SettingsMobileDataEnabler( 247): resume()...mMobileDataEnabledSettingtrue
D/NetSharing( 247): status:0 getES:0
D/NetSharing( 247): phonyType = 1 sim_state = 5 number = +70957682281
D/NetSharing( 247): mobile data = true
D/SettingsWifiEnabler( 247): Received wifi state changed from Disabling to Disabled
V/SettingsMobileDataEnabler( 247): Enter mMobileDataStateListener's onServiceStateChanged(): the serviceState is 0
D/SettingsMobileDataEnabler( 247): Received android.intent.action.ANY_DATA_STATE broadcast - state = CONNECTED, unavailable = false, capability = (unspecified), apnName = internet.mts.ru, reason = apnSwitched
D/SettingsMobileDataEnabler( 247): onReceive()...mMobileDataEnabledSetting:true
D/NetSharing( 247): battery changed
I/ActivityManager( 81): Displayed activity com.android.settings/.WirelessSettings: 527 ms (total 527 ms)
I/BatteryStatsImpl( 81): notePhoneSignalStrengthLocked: 2->3
I/WifiHW ( 81): wifi_load_driver enter
D/SettingsWifiEnabler( 247): Received wifi state changed from Disabled to Enabling
I/WifiHW ( 81): wifi_load_driver end right 3
I/WifiHW ( 81): wifi_start_supplicant enter
I/WifiHW ( 81): wifi_start_supplicant end right 2
D/WifiService( 81): ACTION_BATTERY_CHANGED pluggedType: 2
D/BackupManagerService( 81): Now awaiting backup for 3 participants:
D/BackupManagerService( 81): + BackupRequest{app=ApplicationInfo{465239f8 com.android.providers.settings} full=false} agent=com.android.providers.settings.SettingsBackupAgent
D/BackupManagerService( 81): + BackupRequest{app=ApplicationInfo{46566de8 com.htc.CustomizationSetup} full=false} agent=com.htc.CustomizationSetup.AccountBackupAgent
D/BackupManagerService( 81): + BackupRequest{app=ApplicationInfo{463d7110 android} full=false} agent=com.android.server.SystemBackupAgent
D/WifiService( 81): acquireWifiLockLocked: WifiLock{NetworkLocationProvider type=2 binder=android.os.Binder@46524f88}
D/SettingsWifiEnabler( 247): Received wifi state changed from Enabling to Enabled
I/wpa_supplicant(12746): wpa_supplicant enter
I/wpa_supplicant(12746): Initial scan channel number: 13
I/wpa_supplicant(12746): wpa_supplicant_run
D/WifiService( 81): enable and start wifi due to updateWifiState
D/NetworkLocationProvider( 81): getLocation(): triggering a wifi scan
D/NetworkLocationProvider( 81): onCellLocationChanged [6105,42082]
V/WifiStateTracker( 81): Connection to supplicant established, state=DISCONNECTED
I/wpa_supplicant(12746): Rx Data Filter Remove [4] command
I/wpa_supplicant(12746): Rx Data Filter: do not support, ignore
I/wpa_supplicant(12746): Rx Data Filter Remove [3] command
I/wpa_supplicant(12746): Rx Data Filter Remove [0] command
I/wpa_supplicant(12746): Rx Data Filter: do not support, ignore
I/wpa_supplicant(12746): Rx Data Filter Add [0] command
I/wpa_supplicant(12746): Rx Data Filter: do not support, ignore
I/wpa_supplicant(12746): Rx Data Filter Add [3] command
I/wpa_supplicant(12746): Rx Data Filter Add [4] command
I/wpa_supplicant(12746): Rx Data Filter: do not support, ignore
I/wpa_supplicant(12746): CTRL-EVENT-STATE-CHANGE id=-1 state=2
V/WifiMonitor( 81): Event [CTRL-EVENT-STATE-CHANGE id=-1 state=2]
V/WifiStateTracker( 81): Changing supplicant state: DISCONNECTED ==> SCANNING
D/ConnectivityService( 81): Dropping ConnectivityChange for WIFI: DISCONNECTED/SCANNING
I/ActivityManager( 81): Starting activity: Intent { act=android.intent.action.MAIN cat=[android.intent.category.HOME] flg=0x10200000 cmp=com.htc.launcher/.Launcher }
W/Rosie_3D( 161): onWorkspaceStopScroll , CurrentScreen = 3, mIsAnimation = false, mStopAnimation = false
I/wpa_supplicant(12746): CTRL-EVENT-SCAN-RESULTS Ready
I/wpa_supplicant(12746): - wpa_supplicant_event_scan_results RETURN (ap_scan = 2)-
D/NetworkLocationProvider( 81): updateWifIScanResults(): 2 APs
D/LocationMasfClient( 81): getNetworkLocation(): Returning cache location with accuracy 67.0
D/LocationManagerService( 81): Acquired wakelock
D/LocationManagerService( 81): Released wakelock
W/Rosie_3D( 161): TIME_SHOW_CURRECT_PAGE , CurrentScreen = 3
D/MyWidgetView41( 161): handle sMSG_QUERY_EVENT
E/MyWidgetView41( 161): Query Today's Events begin time:1279456560000, end time:1279483140000
D/MyWidgetView41( 161): handle sUIMSG_DRAW_TODAY
E/MyWidgetView41( 161): Query Tomorrow's Events begin time:1279483200000, end time:1279569540000
E/MyWidgetView41( 161): Query Tomorrow's Events begin time:1279569600000, end time:1280087940000
D/MyWidgetView41( 161): Is today's event:false
D/MyWidgetView41( 161): Event title:Wind clock, start time:21:0, end time:21:0
D/MyWidgetView41( 161): ##schedular query event on 24day 21hour 0min 1sec
D/MyWidgetView41( 161): using alarm to schedule at 20100719T000000
I/BatteryStatsImpl( 81): notePhoneSignalStrengthLocked: 3->2
D/WifiService( 81): releaseWifiLockLocked: WifiLock{NetworkLocationProvider type=2 binder=android.os.Binder@46524f88}
D/WifiService( 81): enable and start wifi due to updateWifiState
I/BatteryStatsImpl( 81): notePhoneSignalStrengthLocked: 2->3
I/wpa_supplicant(12746): CTRL-EVENT-SCAN-RESULTS Ready
I/wpa_supplicant(12746): Trying to associate with 00:1a:92:11:31:dd (SSID='CrosserNet' freq=2437 MHz)
I/wpa_supplicant(12746): CTRL-EVENT-STATE-CHANGE id=-1 state=3
V/WifiMonitor( 81): Event [Trying to associate with 00:1a:92:11:31:dd (SSID='CrosserNet' freq=2437 MHz)]
V/WifiMonitor( 81): Event [CTRL-EVENT-STATE-CHANGE id=-1 state=3]
V/WifiStateTracker( 81): Changing supplicant state: SCANNING ==> ASSOCIATING
D/ConnectivityService( 81): ConnectivityChange for WIFI: CONNECTING/CONNECTING
D/NetworkLocationProvider( 81): updateWifIScanResults(): 3 APs
D/LocationMasfClient( 81): getNetworkLocation(): Returning cache location with accuracy 67.0
D/LocationManagerService( 81): Acquired wakelock
D/LocationManagerService( 81): Released wakelock
I/wpa_supplicant(12746): CTRL-EVENT-STATE-CHANGE id=0 state=4
V/WifiMonitor( 81): Event [CTRL-EVENT-STATE-CHANGE id=0 state=4]
I/wpa_supplicant(12746): Associated with 00:1a:92:11:31:dd
V/WifiStateTracker( 81): Changing supplicant state: ASSOCIATING ==> ASSOCIATED
V/WifiMonitor( 81): Event [Associated with 00:1a:92:11:31:dd]
I/wpa_supplicant(12746): CTRL-EVENT-STATE-CHANGE id=0 state=5
V/WifiMonitor( 81): Event [CTRL-EVENT-STATE-CHANGE id=0 state=5]
V/WifiStateTracker( 81): Changing supplicant state: ASSOCIATED ==> FOUR_WAY_HANDSHAKE
D/ConnectivityService( 81): Dropping ConnectivityChange for WIFI: CONNECTING/AUTHENTICATING
I/wpa_supplicant(12746): CTRL-EVENT-STATE-CHANGE id=0 state=5
V/WifiMonitor( 81): Event [CTRL-EVENT-STATE-CHANGE id=0 state=5]
V/WifiStateTracker( 81): Changing supplicant state: FOUR_WAY_HANDSHAKE ==> FOUR_WAY_HANDSHAKE
I/wpa_supplicant(12746): CTRL-EVENT-STATE-CHANGE id=0 state=6
V/WifiMonitor( 81): Event [CTRL-EVENT-STATE-CHANGE id=0 state=6]
V/WifiStateTracker( 81): Changing supplicant state: FOUR_WAY_HANDSHAKE ==> GROUP_HANDSHAKE
I/wpa_supplicant(12746): WPA: Key negotiation completed with 00:1a:92:11:31:dd [PTK=CCMP GTK=CCMP]
V/WifiMonitor( 81): Event [WPA: Key negotiation completed with 00:1a:92:11:31:dd [PTK=CCMP GTK=CCMP]]
I/wpa_supplicant(12746): CTRL-EVENT-STATE-CHANGE id=0 state=7
V/WifiMonitor( 81): Event [CTRL-EVENT-STATE-CHANGE id=0 state=7]
V/WifiStateTracker( 81): Changing supplicant state: GROUP_HANDSHAKE ==> COMPLETED
I/wpa_supplicant(12746): CTRL-EVENT-CONNECTED - Connection to 00:1a:92:11:31:dd completed (auth) [id=0 id_str=]
V/WifiMonitor( 81): Event [CTRL-EVENT-CONNECTED - Connection to 00:1a:92:11:31:dd completed (auth) [id=0 id_str=]]
V/WifiStateTracker( 81): New network state is CONNECTED
D/WifiStateTracker( 81): DhcpHandler: acquire ddWakeLock
D/ConnectivityService( 81): Dropping ConnectivityChange for WIFI: CONNECTING/OBTAINING_IPADDR
D/WifiStateTracker( 81): DhcpHandler: DHCP request started
V/WifiStateTracker( 81): DhcpHandler: DHCP request succeeded
D/WifiStateTracker( 81): DhcpHandler: release ddWakeLock
I/wpa_supplicant(12746): Rx Data Filter Add [5] command
D/WifiStateTracker( 81): change state to connected for wifi supplicant state=COMPLETED
D/WifiWatchdogService( 81): (android.server.ServerThread) CrosserNet (00:1a:92:11:31:dd) does not require the watchdog
D/WifiStateTracker( 81): adding routing rule table=>wifi fromIp=all, toIp=all priority=3001
V/WifiStateTracker( 81): IP configuration: ipaddr 192.168.1.119 gateway 192.168.1.250 netmask 255.255.255.0 dns1 192.168.1.250 dns2 0.0.0.0 DHCP server 192.168.1.250 lease 43200 seconds
D/ConnectivityService( 81): ConnectivityChange for WIFI: CONNECTED/CONNECTED
D/ConnectivityService( 81): handleConnect() networkinfo=NetworkInfo: type: WIFI[], state: CONNECTED/CONNECTED, reason: (unspecified), extra: (none), roaming: false, failover: false, isAvailable: true, isFailover=false
V/ConnectivityService( 81): Policy requires MOBILE teardown
D/DataConnectionTracker( 152): disableApnType(default)
D/DataConnectionTracker( 152): setEnabled(0, false) with old state = true and enabledCount = 1
V/NetworkStateTracker( 81): Setting TCP values: [4095,87380,110208,4096,16384,110208] which comes from [net.tcp.buffersize.wifi]
D/ConnectivityService( 81): adding dns 192.168.1.250 for WIFI
D/ConnectivityService( 81): erasing net.dns2
D/ConnectivityService( 81): erasing net.dns3
D/ConnectivityService( 81): erasing net.dns4
V/GpsLocationProvider( 81): updateNetworkState available info: NetworkInfo: type: WIFI[], state: CONNECTED/CONNECTED, reason: (unspecified), extra: (none), roaming: false, failover: false, isAvailable: true
V/GpsLocationProvider( 81): NetworkThread wait for 227241ms
D/BeemService(12680): connectivity change true
D/Smack ( 168): [XMPPConn] close connection, notifyClosed=false
W/Smack/Packet( 168): notify conn break (IOEx), close connection
I/GTalkService( 168): [ServiceAutoStarter] --- start GTalk service ---
D/UploadManager( 202): Action android.net.conn.CONNECTIVITY_CHANGE
D/SocialUpdate( 202): Start SocialUpdate service with android.net.conn.CONNECTIVITY_CHANGE
D/NetSharing_NSReceiver( 247): onReceive : android.net.conn.CONNECTIVITY_CHANGE
D/NetSharing_NSReceiver( 247): netinfo : NetworkInfo: type: WIFI[], state: CONNECTED/CONNECTED, reason: (unspecified), extra: (none), roaming: false, failover: false, isAvailable: true
D/UploadNotification( 202): updateNotification1
D/UploadNotification( 202): item =null
D/UploadService( 202): UpdateThread is looping
D/SocialUpdate( 202): UpdateService onCreate START. time: 2010-07-18 16:36:15
E/ConnectivityService( 81): connected default network is not mActiveDefaultNetwork!
D/UploadService( 202): mUpload.size 0
D/UploadService( 202): 2updateNotification no batch id
D/UploadNotification( 202): updateNotification1
D/UploadNotification( 202): item =null
D/UploadService( 202): UpdateThread is looping
D/MyWidgetViewWL( 161): message widget observer onChange, isDelete false
I/MediaUploader( 276): No need to wake up
D/SocialUpdate( 202): UpdateService onCreate END. time: 2010-07-18 16:36:15
V/htcMessageUploader( 305): [UploadMessageReceiver] UploadMessageReceiver() constructor !!!
I/htcMessageUploader( 305): Start thread to upload fota event message:com.htc.htcMessageUploader.UploadMessageReceiver
I/htcMessageUploader( 305): == UploadMessageReceiver finished ==
V/AutoSetting( 259): receiver - ***onReceive: android.net.conn.CONNECTIVITY_CHANGE
I/vending ( 6777): com.android.vending.api.RadioHttpClient$1.handleMessage(): Handle DATA_STATE_CHANGED event: NetworkInfo: type: WIFI[], state: CONNECTED/CONNECTED, reason: (unspecified), extra: (none), roaming: false, failover: false, isAvailable: true
D/AutoSetting( 259): receiver - ***WiFi is avaiable
D/AutoSetting( 259): *****fireNow=false
V/AutoSetting( 259): receiver - scheduleLocation, action: android.net.conn.CONNECTIVITY_CHANGE, runImmediately: true
V/AutoSetting( 259): receiver - Next check location in 10s, repeating every 10800s
E/ConnectivityService( 81): connected default network is not mActiveDefaultNetwork!
D/Device State(12531): >>> Connectivity has changed
D/Device State(12531): Connectivity now available
D/Device State(12531): <<< Connectivity has changed
D/dalvikvm( 81): GC freed 26993 objects / 1579728 bytes in 145ms
I/SIP SRV (12531): Create SIP Service
I/SIP SRV (12531): Will start sip : true
I/SIP SRV (12531): Will start sip : true
I/SIP SRV (12531): Created 0
D/SIP SRV (12531): Attach is done to callback
D/SIP SRV (12531): We are registring all accounts right now....
I/SIP SRV (12531): Account average ( 1 ) added as 0
D/GTalkService( 168): [RosterMgr] roster not modified
D/GTalkService( 168): [OtrMgr] OTR not modified
I/BatteryStatsImpl( 81): notePhoneSignalStrengthLocked: 3->2
D/MyWidgetViewWL( 161): message widget observer onChange, isDelete false D/SIP UA Receiver(12531): New reg state for : 0 D/SIP UA Receiver(12531): In reg state
D/SIP SRV (12531): Get account infos....
D/SIP SRV (12531): Get account info for 1 ==> 0
I/BatteryStatsImpl( 81): notePhoneSignalStrengthLocked: 2->3
D/Sync ( 81): Received network tickle for egcrosser@gmail.com - https://mail.google.com/mail/g/?client=1273173107615
I/SyncControl_Dialer( 155): Sync active detected - Account: [egcrosser@gmail.com/com.google], authority: gmail-ls, autoSyncFlag: 1
I/SyncControl_People( 396): Sync active detected - Account: [egcrosser@gmail.com/com.google], authority: gmail-ls, autoSyncFlag: 1
I/Gmail ( 168): MainSyncRequestProto: lowestBkwdConvoId: 0, highestHandledServerOp: 927
D/MyWidgetViewWL( 161): message widget observer onChange, isDelete false
I/BatteryStatsImpl( 81): notePhoneSignalStrengthLocked: 3->2
V/LocationManagerService( 81): _requestLocationUpdates: listener = Receiver{46697b50 Intent PendingIntent{465b0a88: PendingIntentRecord{466741d8 com.google.android.apps.maps startService}}}
D/NetworkLocationProvider( 81): setMinTime: 540000
D/WifiService( 81): acquireWifiLockLocked: WifiLock{NetworkLocationProvider type=2 binder=android.os.Binder@46524f88}
D/WifiService( 81): enable and start wifi due to updateWifiState
D/LocationManager( 612): getAllProviders
V/LocationManagerService( 81): getAllProviders
D/NetworkLocationProvider( 81): onCellLocationChanged [6105,42082]
V/AutoSetting( 259): receiver - ***onReceive: com.htc.app.autosetting.location
D/AutoSetting( 259): service - Network Operator=25001
V/AutoSetting( 259): receiver - (com.htc.app.autosetting.location) ALARM_LOCATION,lastMCC:250,mcc:250,notifyWhenNoResult: false
V/AutoSetting( 259): receiver - startAutosettingService, action: com.htc.app.autosetting.location,notifyWhenNoResult:false
D/AutoSetting( 259): service - ***setupWizardIsCompleted: true
D/AutoSetting( 259): service - onStart(), id = 0
D/AutoSetting( 259): service - new wake lock
D/AutoSetting( 259): service - wake lock acquire
D/AutoSetting( 259): service - onStart(), Checking location times = 1
D/AutoSetting( 259): service - onStart(), Checking location change = true
D/AutoSetting( 259): service - onStart(), Set city info = true
D/AutoSetting( 259): service - onStart(), Set network time info = true
D/AutoSetting( 259): service - onStart(), Set network timezone info = true
D/AutoSetting( 259): service - onStart(), Set notify when no result = false
V/HtcLocationService( 259): service - onCreate()
V/HtcLocationService( 259): service - onBind()
D/AutoSetting( 259): service - ***setupWizardIsCompleted: true
D/AutoSetting( 259): service - ***chkConnected, mbReqChecking:true,mbApplyAll:true
D/AutoSetting( 259): service - ***WiFi is avaiable
D/AutoSetting( 259): service - doAutoSettings(), isNetworkAvailable: true, isUseWirelessNetworks: true, isTimeAutoState: false
E/ConnectivityService( 81): connected default network is not mActiveDefaultNetwork!
D/HtcLocationService( 259): agent - isLocationAvailable result: false, hasLocationNetwork: true, diff: 8634465 (must less than 600000)
V/LocationManagerService( 81): _requestLocationUpdates: listener = Receiver{465a4940 Listener android.os.BinderProxy@4674d408}
D/NetworkLocationProvider( 81): addListener(): com.htc.android.footprints
D/NetworkLocationProvider( 81): addListener(): com.htc.weather.agent
D/NetworkLocationProvider( 81): addListener(): com.htc.htclocationservice
D/NetworkLocationProvider( 81): addListener(): com.htc.providers.uploads
D/NetworkLocationProvider( 81): addListener(): com.htc.htctwitter
D/NetworkLocationProvider( 81): addListener(): com.htc.CustomizationSetup
D/NetworkLocationProvider( 81): addListener(): com.htc.provider.settings
D/NetworkLocationProvider( 81): addListener(): com.htc.dcs.service.utility
D/NetworkLocationProvider( 81): addListener(): com.htc.socialnetwork.flickr
D/NetworkLocationProvider( 81): addListener(): com.htc.dcs.service.stock
D/NetworkLocationProvider( 81): addListener(): com.htc.htcconnectivity
D/NetworkLocationProvider( 81): addListener(): com.htc.sync.provider.weather
D/NetworkLocationProvider( 81): addListener(): com.htc.calendar
D/NetworkLocationProvider( 81): addListener(): com.htc.provider.CustomizationSettings
D/NetworkLocationProvider( 81): addListener(): com.htc.friendstream
D/NetworkLocationProvider( 81): addListener(): com.htc.dcs.impl
D/NetworkLocationProvider( 81): addListener(): providers.calendar
D/NetworkLocationProvider( 81): addListener(): com.htc.android.psclient
D/NetworkLocationProvider( 81): addListener(): com.htc.android.Stock
D/NetworkLocationProvider( 81): addListener(): com.htc.socialnetwork.provider
D/NetworkLocationProvider( 81): addListener(): com.htc.provider.weather
D/NetworkLocationProvider( 81): addListener(): com.htc.socialnetwork.facebook
D/NetworkLocationProvider( 81): setMinTime: 500
I/HtcLocationService( 259): agent - taskSetWeatherProvider - start
D/HtcLocationService( 259): agent - isLocationAvailable result: false, hasLocationNetwork: true, diff: 8634538 (must less than 600000)
D/HtcLocationService( 259): agent - isLocationAvailable result: false, hasLocationNetwork: true, diff: 8635539 (must less than 600000)
D/HtcLocationService( 259): agent - isLocationAvailable result: false, hasLocationNetwork: true, diff: 8636540 (must less than 600000)
D/WifiService( 81): releaseWifiLockLocked: WifiLock{NetworkLocationProvider type=2 binder=android.os.Binder@46524f88}
D/WifiService( 81): enable and start wifi due to updateWifiState
D/HtcLocationService( 259): agent - isLocationAvailable result: false, hasLocationNetwork: true, diff: 8637542 (must less than 600000)
D/HtcLocationService( 259): agent - isLocationAvailable result: false, hasLocationNetwork: true, diff: 8638543 (must less than 600000)
D/HtcLocationService( 259): agent - isLocationAvailable result: false, hasLocationNetwork: true, diff: 8639544 (must less than 600000)
D/HtcLocationService( 259): agent - isLocationAvailable result: false, hasLocationNetwork: true, diff: 8640545 (must less than 600000)
