D/PackageManager( 81): New package installed in /data/app/com.beem.project.beem.apk
D/dalvikvm( 221): GC freed 970 objects / 42408 bytes in 260ms
W/ResourceType( 81): Resources don't contain package for resource number 0x7f050002
W/ResourceType( 81): Resources don't contain package for resource number 0x7f020000
W/ResourceType( 81): Resources don't contain package for resource number 0x7f030001
W/ResourceType( 81): Resources don't contain package for resource number 0x7f060000
W/ResourceType( 81): Resources don't contain package for resource number 0x7f020021
W/ResourceType( 81): Resources don't contain package for resource number 0x7f050001
W/ResourceType( 81): Resources don't contain package for resource number 0x7f0a0407
W/ResourceType( 81): Resources don't contain package for resource number 0x7f020003
W/ResourceType( 81): Resources don't contain package for resource number 0x7f040000
D/dalvikvm( 81): GC freed 12068 objects / 706440 bytes in 318ms
W/ResourceType( 81): Resources don't contain package for resource number 0x7f050007
W/ResourceType( 81): Resources don't contain package for resource number 0x7f040000
W/ResourceType( 81): Resources don't contain package for resource number 0x7f060004
W/ResourceType( 81): Resources don't contain package for resource number 0x7f040000
D/PackageInstallationReceiver( 305): Removing.../data/local/tmp/com.beem.project.beem.apk
D/RegisterService( 395): insert plugin size 1
D/HtcWidgetScanner( 369): action - android.intent.action.PACKAGE_ADDED
D/HtcWidgetScanner( 369): packageUid - 10045
D/RegisterService( 395): insert plugin size 1
W/ResourceType( 81): Resources don't contain package for resource number 0x7f050000
W/ResourceType( 81): Resources don't contain package for resource number 0x7f020005
W/ResourceType( 81): Resources don't contain package for resource number 0x7f020004
W/ResourceType( 81): Resources don't contain package for resource number 0x7f060007
W/ResourceType( 81): Resources don't contain package for resource number 0x7f040000
D/RegisterService( 395): insert plugin size 1
W/ResourceType( 81): Resources don't contain package for resource number 0x7f080000
W/ResourceType( 81): Resources don't contain package for resource number 0x7f020047
W/ResourceType( 81): Resources don't contain package for resource number 0x7f020048
W/ResourceType( 437): getEntry failing because entryIndex 124 is beyond type entryCount 92
W/ResourceType( 437): Failure getting entry for 0x7f02007c (t=1 e=124) in package 0: 0x80000001
D/BackupManagerService( 81): Received broadcast Intent { act=android.intent.action.PACKAGE_ADDED dat=package:com.beem.project.beem flg=0x20000000 (has extras) }
V/BackupManagerService( 81): addPackageParticipantsLocked: com.beem.project.beem
V/BackupManagerService( 81): Adding 10 backup participants:
V/BackupManagerService( 81): PackageInfo{46894430 com.android.browser} agent=com.android.browser.BrowserBackupAgent uid=10056 killAfterRestore=true restoreNeedsApplication=false
V/BackupManagerService( 81): PackageInfo{468899d0 com.android.mms} agent=com.android.mms.MmsBackupAgent uid=10024 killAfterRestore=true restoreNeedsApplication=false
V/BackupManagerService( 81): PackageInfo{46851a18 com.htc.CustomizationSetup} agent=com.htc.CustomizationSetup.AccountBackupAgent uid=10004 killAfterRestore=true restoreNeedsApplication=false
V/BackupManagerService( 81): PackageInfo{467f9e38 com.android.providers.telephony} agent=com.android.providers.telephony.MessageBackupAgent uid=1001 killAfterRestore=false restoreNeedsApplication=false
V/BackupManagerService( 81): PackageInfo{467eff58 com.android.providers.settings} agent=com.android.providers.settings.SettingsBackupAgent uid=1000 killAfterRestore=false restoreNeedsApplication=false
V/BackupManagerService( 81): PackageInfo{467e98e0 com.htc.android.htcime} agent=com.htc.android.htcime.util.BackupAgent uid=10043 killAfterRestore=false restoreNeedsApplication=false
V/BackupManagerService( 81): PackageInfo{4671b478 com.android.providers.userdictionary} agent=com.android.providers.userdictionary.DictionaryBackupAgent uid=10008 killAfterRestore=false restoreNeedsApplication=false
V/BackupManagerService( 81): PackageInfo{466c4fd0 android} agent=com.android.server.SystemBackupAgent uid=1000 killAfterRestore=false restoreNeedsApplication=false
V/BackupManagerService( 81): PackageInfo{46650fe0 com.android.vending} agent=com.android.vending.VendingBackupAgent uid=10007 killAfterRestore=false restoreNeedsApplication=true
V/BackupManagerService( 81): PackageInfo{4652eec0 com.htc.provider.settings} agent=com.htc.provider.settings.BackupAgent uid=10004 killAfterRestore=false restoreNeedsApplication=false
W/su (13641): request rejected (0->0 /system/bin/sh)
D/PackageInstallationReceiver( 305): Remove Return Code=255
W/Addapter( 169): info.icon:2130837554
W/Addapter( 169): info.icon:2130837538
W/Addapter( 169): info.icon:2130837525
W/Addapter( 169): info.icon:2130837509
W/Addapter( 169): info.icon:2130837505
W/Addapter( 169): info.icon:2130837628
W/Addapter( 169): info.icon:2130837504
W/Addapter( 169): info.icon:2130837886
D/Addapter( 169): text : Get more HTC widgets
I/CheckinService( 81): Checkin triggered: Intent { act=android.server.checkin.CHECKIN (has extras) }, market only = true
I/CheckinService( 81): Sending checkin request (2962 bytes)...
I/ActivityManager( 81): Starting activity: Intent { act=android.intent.action.MAIN flg=0x10000000 cmp=com.beem.project.beem/.ui.Login }
I/ActivityManager( 81): Start proc com.beem.project.beem for activity com.beem.project.beem/.ui.Login: pid=13643 uid=10045 gids={3003, 1015}
D/dalvikvm( 81): GC freed 6959 objects / 417176 bytes in 275ms
I/CheckinService( 81): From server: Intent { act=android.server.checkin.FOTA_CANCEL }
D/htcCheckinService( 81): Receive cancel Intent, but not by htc
I/ActivityManager( 81): Starting activity: Intent { cmp=com.beem.project.beem/.ui.wizard.Account }
D/dalvikvm(13643): GC freed 870 objects / 65768 bytes in 68ms
I/ActivityManager( 81): Displayed activity com.beem.project.beem/.ui.wizard.Account: 763 ms (total 2725 ms)
I/ActivityManager( 81): Process com.google.android.apps.maps:LocationFriendService (pid 13593) has died.
I/JuLOG ( 81): Is it a good time to clear Browser's memory! rec.curAdj=10
I/ActivityManager( 81): Starting activity: Intent { cmp=com.beem.project.beem/.ui.wizard.AccountConfigure }
I/ActivityManager( 81): Displayed activity com.beem.project.beem/.ui.wizard.AccountConfigure: 445 ms (total 445 ms)
I/EricJ ( 153): [hanldeDBContentSensitive] set PDSwitch's OnDiagnoseListener for Email4PDSwitch
I/XT9_C ( 153): [RegisterXT9MDB] MDB size=4922 (loaded)
I/XT9_C ( 153): Load mdbType=3 time=0.026855(sec)
I/BatteryStatsImpl( 81): notePhoneSignalStrengthLocked: 3->2
D/NetworkLocationProvider( 81): onCellLocationChanged [6105,52563]
D/dalvikvm(31223): GC freed 10961 objects / 714672 bytes in 162ms
I/BatteryStatsImpl( 81): notePhoneSignalStrengthLocked: 2->3
I/EricJ ( 153): [hanldeDBContentSensitive] set PDSwitch's OnDiagnoseListener for Normal4PDSwitch
I/XT9_C ( 153): [RegisterXT9MDB] MDB size=22112 (loaded)
I/XT9_C ( 153): Load mdbType=1 time=0.001099(sec)
D/dalvikvm( 153): GC freed 4306 objects / 803504 bytes in 49ms
D/dalvikvm( 8342): GC freed 30499 objects / 1430424 bytes in 219ms
D/dalvikvm( 172): GC freed 362 objects / 18352 bytes in 339ms
D/dalvikvm( 169): GC freed 3883 objects / 212448 bytes in 286ms
D/ (13643): unable to unlink '/data/data/com.beem.project.beem/shared_prefs/com.beem.project.beem_preferences.xml.bak': No such file or directory (errno=2)
I/ActivityManager( 81): Starting activity: Intent { flg=0x4000000 cmp=com.beem.project.beem/.ui.Login }
I/ActivityManager( 81): Starting activity: Intent { cmp=com.beem.project.beem/.ui.LoginAnim }
D/Sensors ( 81): close_akm, fd=132
D/AK8973 ( 61): Compass CLOSE
I/global (13643): Default buffer size used in BufferedReader constructor. It would be better to be explicit if an 8k-char buffer is required.
D/BeemService(13643): ONCREATE
D/BeemService(13643): ONBIND()
D/BeemService(13643): connectivity change true
I/EricJ ( 153): [hanldeDBContentSensitive] set PDSwitch's OnDiagnoseListener for Normal4PDSwitch
D/XMPPConnectionAdapter(13643): connect
I/ActivityManager( 81): Displayed activity com.beem.project.beem/.ui.LoginAnim: 1167 ms (total 1353 ms)
D/dalvikvm( 153): GC freed 1738 objects / 130272 bytes in 108ms
I/global (13643): Default buffer size used in BufferedReader constructor. It would be better to be explicit if an 8k-char buffer is required.
D/dalvikvm(13643): GC freed 5851 objects / 324648 bytes in 43ms
I/global (13643): Default buffer size used in BufferedWriter constructor. It would be better to be explicit if an 8k-char buffer is required.
D/dalvikvm(13643): GC freed 29038 objects / 1155016 bytes in 83ms
I/global (13643): Default buffer size used in BufferedReader constructor. It would be better to be explicit if an 8k-char buffer is required.
I/global (13643): Default buffer size used in BufferedWriter constructor. It would be better to be explicit if an 8k-char buffer is required.
D/XMPPConnectionAdapter(13643): login
W/ActivityManager( 81): Launch timeout has expired, giving up wake lock!
W/ActivityManager( 81): Activity idle timeout for HistoryRecord{4679bb70 com.beem.project.beem/.ui.Login}
W/ActivityManager( 81): Activity idle timeout for HistoryRecord{467e99c0 com.beem.project.beem/.ui.LoginAnim}
D/BeemService(13643): Disable reconnection
D/BeemService(13643): onStart
D/BeemService(13643): Disable reconnection
D/XMPPConnectionAdapter(13643): login
D/AK8973 ( 61): Compass Start
D/Sensors ( 81): open_akm, fd=152
D/BeemService(13643): Disable reconnection
D/BeemService(13643): ONUNBIND()
I/ActivityManager( 81): Starting activity: Intent { cmp=com.beem.project.beem/.ui.ContactList }
D/ContactList(13643): buildContactList for group All contacts
D/ContactList(13643): add rester listneer
V/RosterAdapter(13643): >>> Presence changed for crosser@average.org/Home
D/ContactList(13643): presence
I/ActivityManager( 81): Displayed activity com.beem.project.beem/.ui.ContactList: 686 ms (total 686 ms)
I/ActivityManager( 81): Process com.android.packageinstaller (pid 13630) has died.
D/NetworkLocationProvider( 81): onCellLocationChanged [6105,42082]
W/KeyCharacterMap(13643): Bad keycharmap - filesize=32
W/KeyCharacterMap(13643): Error loading keycharmap file '/system/usr/keychars/bravo-keypad.kcm.bin'. hw.keyboards.0.devname='bravo-keypad'
W/KeyCharacterMap(13643): Using default keymap: /system/usr/keychars/qwerty.kcm.bin
D/BeemService(13643): ONUNBIND()
E/ContactList(13643): onDestroy activity
W/KeyCharacterMap( 8342): Bad keycharmap - filesize=32
W/KeyCharacterMap( 8342): Error loading keycharmap file '/system/usr/keychars/bravo-keypad.kcm.bin'. hw.keyboards.0.devname='bravo-keypad'
W/KeyCharacterMap( 8342): Using default keymap: /system/usr/keychars/qwerty.kcm.bin
D/RequestQueue( 8342): setProxyConfig mProxyHost=null
V/HtcBookmarkUtility( 8342): msg=add hash code=46466b98, url=http://www.average.org/status/crosser/all, webview url=http://www.average.org/status/crosser/all, webview original url=http://www.average.org/status/crosser/all, webview hashcode=46466b98, progress=100
I/ActivityManager( 81): Starting activity: Intent { act=android.intent.action.MAIN cat=[android.intent.category.HOME] flg=0x10200000 cmp=com.htc.launcher/.Launcher }
D/Sensors ( 81): close_akm, fd=152
W/Rosie_3D( 169): onWorkspaceStopScroll , CurrentScreen = 3, mIsAnimation = false, mStopAnimation = false
D/AK8973 ( 61): Compass CLOSE
W/Rosie_3D( 169): TIME_SHOW_CURRECT_PAGE , CurrentScreen = 3
D/MyWidgetView41( 169): handle sMSG_QUERY_EVENT
E/MyWidgetView41( 169): Query Today's Events begin time:1278361800000, end time:1278446340000
D/MyWidgetView41( 169): handle sUIMSG_DRAW_TODAY
E/MyWidgetView41( 169): Query Tomorrow's Events begin time:1278446400000, end time:1278532740000
E/MyWidgetView41( 169): Query Tomorrow's Events begin time:1278532800000, end time:1279051140000
D/MyWidgetView41( 169): Is today's event:false
D/MyWidgetView41( 169): Event title:Wind clock, start time:21:0, end time:21:0
D/MyWidgetView41( 169): ##schedular query event on 10day 21hour 0min 1sec
D/MyWidgetView41( 169): using alarm to schedule at 20100707T000000
D/skia ( 8342): purging 196K from font cache [22 entries]
D/DragLayer( 169): touch event action ACTION_DOWN
D/DragLayer( 169): touch event action ACTION_UP
D/DragLayer( 169): touch event action ACTION_DOWN
D/DragLayer( 169): touch event action ACTION_UP
I/ActivityManager( 81): Starting activity: Intent { act=android.intent.action.MAIN cat=[android.intent.category.LAUNCHER] flg=0x10200000 cmp=com.beem.project.beem/.ui.Login }
D/AK8973 ( 61): Compass Start
D/Sensors ( 81): open_akm, fd=132
I/ActivityManager( 81): Starting activity: Intent { cmp=com.beem.project.beem/.ui.ContactList }
D/ContactList(13643): buildContactList for group All contacts
D/ContactList(13643): add rester listneer
I/ActivityManager( 81): Displayed activity com.beem.project.beem/.ui.ContactList: 87 ms (total 121 ms)
W/InputManagerService( 81): Ignoring hideSoftInput of: com.android.internal.view.IInputMethodClient$Stub$Proxy@464f28f8
W/Rosie ( 169): mAddHtcWidgetByOtherActivity = false, mIsOpenSlideWhenLeaveLaunch = true
I/java.net.Socket( 8342): www.average.org/2001:5c0:1000:b::4fc3(8000): java.net.ConnectException: www.average.org/2001:5c0:1000:b::4fc3:8000 - Connection refused
I/ActivityManager( 81): Process com.noshufou.android.su (pid 13531) has died.
I/ActivityManager( 81): Process com.google.android.apps.maps:FriendService (pid 13542) has died.
W/browser ( 8342): Console: TypeError: Result of expression 'element' [undefined] is not an object. http://www.average.org/status/plugins/Mapstraction/js/mxn.openlayers.core.js:8
I/java.net.Socket( 8342): www.average.org/2001:5c0:1000:b::4fc3(8000): java.net.ConnectException: www.average.org/2001:5c0:1000:b::4fc3:8000 - Connection refused
D/dalvikvm( 8342): GC freed 14866 objects / 1388672 bytes in 145ms
E/cache ( 8342): disableTransaction is out of sync
I/java.net.Socket( 8342): www.average.org/2001:5c0:1000:b::4fc3(8000): java.net.ConnectException: www.average.org/2001:5c0:1000:b::4fc3:8000 - Connection refused
D/dalvikvm(31641): GC freed 1330 objects / 87888 bytes in 169ms
D/dalvikvm( 395): GC freed 3363 objects / 182480 bytes in 123ms
D/dalvikvm( 305): GC freed 1449 objects / 73008 bytes in 249ms
D/BeemChatManager(13643): Chatorg.jivesoftware.smack.Chat@465201d0 created locally falsewith crosser@average.org/Home
V/MediaPlayer( 81): constructor
V/MediaPlayer( 81): setListener
V/MediaPlayer( 81): MediaPlayer::setAudioStreamType
V/MediaPlayer( 81): setDataSource()
V/MediaPlayerService( 57): Client(889) constructor
V/MediaPlayerService( 57): Create new client(889) from pid 81, url=, connId=889
V/MediaPlayerService( 57): setDataSource()
V/MediaPlayerService( 57): create PVPlayer
I/PlayerDriver( 57): PlayerDriver::enqueueCommand(), after mCommandQueue.push_front(command)
I/PlayerDriver( 57): PlayerDriver::enqueueCommand(), before syncsemcopy->Wait()
I/PlayerDriver( 57): PlayerDriver::enqueueCommand(), after syncsemcopy->Wait()
V/MediaPlayerService( 57): setDataSource
D/PVPlayer( 57): setDataSource()
V/MediaPlayer( 81): MediaPlayer::setLooping
V/MediaPlayerService( 57): [889] setLooping(0)
I/PlayerDriver( 57): PlayerDriver::enqueueCommand(), after mCommandQueue.push_front(command)
I/PlayerDriver( 57): PlayerDriver::enqueueCommand(), before syncsemcopy->Wait()
I/PlayerDriver( 57): PlayerDriver::syncCompletion(), after ed->mSyncSem->Signal()
I/PlayerDriver( 57): PlayerDriver::enqueueCommand(), after syncsemcopy->Wait()
V/MediaPlayer( 81): prepare
V/MediaPlayerService( 57): [889] setAudioStreamType(5)
D/MediaPlayerService( 57): [889] prepareAsync
I/PlayerDriver( 57): PlayerDriver::enqueueCommand(), after mCommandQueue.push_front(command)
I/PlayerDriver( 57): PlayerDriver::syncCompletion(), after ed->mSyncSem->Signal()
V/MediaPlayerService( 57): [889] notify (0x26a08, 200, 1, 26)
V/MediaPlayer( 81): message received msg=200, ext1=1, ext2=26
W/MediaPlayer( 81): info/warning (1, 26)
V/MediaPlayer( 81): callback application
V/MediaPlayer( 81): back from callback
E/PlayerDriver( 57): Command PLAYER_SET_DATA_SOURCE completed with an error or info PVMFErrNotSupported
V/MediaPlayerService( 57): [889] notify (0x26a08, 100, 1, -4)
V/MediaPlayer( 81): message received msg=100, ext1=1, ext2=-4
E/MediaPlayer( 81): error (1, -4)
V/MediaPlayer( 81): signal application thread
V/MediaPlayer( 81): prepare complete - status=1
W/PlayerDriver( 57): PVMFInfoErrorHandlingComplete
W/NotificationService( 81): error loading sound for
W/NotificationService( 81): java.io.IOException: Prepare failed.: status=0x1
W/NotificationService( 81): at android.media.MediaPlayer.prepare(Native Method)
W/NotificationService( 81): at android.media.AsyncPlayer.startSound(AsyncPlayer.java:64)
W/NotificationService( 81): at android.media.AsyncPlayer.access$200(AsyncPlayer.java:33)
W/NotificationService( 81): at android.media.AsyncPlayer$Thread.run(AsyncPlayer.java:99)
V/MediaPlayer( 81): stop
V/MediaPlayerService( 57): [887] stop
I/PlayerDriver( 57): PlayerDriver::enqueueCommand(), after mCommandQueue.push_front(command)
I/PlayerDriver( 57): PlayerDriver::enqueueCommand(), before syncsemcopy->Wait()
I/PlayerDriver( 57): PlayerDriver::handleStop
D/JOGBALL ( 81): Jogball, + set_jogball_mode mode=0
E/JOGBALL ( 81): open failed errno: 2
D/JOGBALL ( 81): Jogball, + set_jogball_mode mode=0
E/JOGBALL ( 81): open failed errno: 2
V/AudioSink( 57): stop
V/AudioSink( 57): stop
V/AudioSink( 57): stop
I/PlayerDriver( 57): PlayerDriver::enqueueCommand(), after syncsemcopy->Wait()
I/PlayerDriver( 57): PlayerDriver::syncCompletion(), after ed->mSyncSem->Signal()
V/MediaPlayer( 81): setListener
V/MediaPlayer( 81): disconnect
V/MediaPlayerService( 57): disconnect(887) from pid 81
I/PlayerDriver( 57): PlayerDriver::enqueueCommand(), after mCommandQueue.push_front(command)
I/PlayerDriver( 57): PlayerDriver::enqueueCommand(), before syncsemcopy->Wait()
I/PlayerDriver( 57): PlayerDriver::handleStop
I/PlayerDriver( 57): PlayerDriver::enqueueCommand(), after syncsemcopy->Wait()
I/PlayerDriver( 57): PlayerDriver::enqueueCommand(), after mCommandQueue.push_front(command)
I/PlayerDriver( 57): PlayerDriver::enqueueCommand(), before syncsemcopy->Wait()
I/PlayerDriver( 57): PlayerDriver::syncCompletion(), after ed->mSyncSem->Signal()
I/PlayerDriver( 57): PlayerDriver::enqueueCommand(), after syncsemcopy->Wait()
I/PlayerDriver( 57): PlayerDriver::enqueueCommand(), after mCommandQueue.push_front(command)
I/PlayerDriver( 57): PlayerDriver::enqueueCommand(), before syncsemcopy->Wait()
I/PlayerDriver( 57): PlayerDriver::syncCompletion(), after ed->mSyncSem->Signal()
I/PlayerDriver( 57): PlayerDriver::enqueueCommand(), after syncsemcopy->Wait()
I/PlayerDriver( 57): PlayerDriver::enqueueCommand(), after mCommandQueue.push_front(command)
I/PlayerDriver( 57): PlayerDriver::enqueueCommand(), before syncsemcopy->Wait()
I/PlayerDriver( 57): PlayerDriver::syncCompletion(), after ed->mSyncSem->Signal()
I/PlayerDriver( 57): PlayerDriver::enqueueCommand(), after syncsemcopy->Wait()
I/PlayerDriver( 57): PlayerDriver::enqueueCommand(), after mCommandQueue.push_front(command)
I/PlayerDriver( 57): PlayerDriver::enqueueCommand(), before syncsemcopy->Wait()
I/PlayerDriver( 57): PlayerDriver::syncCompletion(), after ed->mSyncSem->Signal()
I/PlayerDriver( 57): PlayerDriver::enqueueCommand(), after syncsemcopy->Wait()
V/MediaPlayer( 81): destructor
V/MediaPlayer( 81): disconnect
V/MediaPlayerService( 57): Client(887) destructor pid = 81
V/AudioSink( 57): close
V/AudioPolicyService( 57): releaseOutput() tid 741
I/AudioPolicyService( 57): releaseOutput(): before lock
V/MediaPlayerService( 57): disconnect(887) from pid 81
D/MediaPlayerService( 57): Process 57 RSS is 5868
W/InputManagerService( 81): Window already focused, ignoring focus gain of: com.android.internal.view.IInputMethodClient$Stub$Proxy@46807ce0
I/ActivityManager( 81): Starting activity: Intent { dat=xmpp:crosser@average.org cmp=com.beem.project.beem/.ui.Chat }
D/BeemService(13643): ONUNBIND()
D/JOGBALL ( 81): Jogball, + set_jogball_mode mode=0
E/JOGBALL ( 81): open failed errno: 2
D/NotificationService( 81): cancelNotification, ACTION_NOTIFICATION_REMOVE,pkg=com.beem.project.beem,id=-2092363584
I/EricJ ( 153): [hanldeDBContentSensitive] set PDSwitch's OnDiagnoseListener for Normal4PDSwitch
I/ActivityManager( 81): Displayed activity com.beem.project.beem/.ui.Chat: 504 ms (total 504 ms)
D/Chat (13643): jid crosser@average.org
W/ChatAdapter(13643): message to crosser@average.org
I/EricJ ( 153): [hanldeDBContentSensitive] set PDSwitch's OnDiagnoseListener for Normal4PDSwitch
D/dalvikvm( 153): GC freed 1525 objects / 205408 bytes in 51ms
D/dalvikvm( 153): GC freed 619 objects / 69808 bytes in 36ms
D/BeemService(13643): ONUNBIND()
D/ContactList(13643): buildContactList for group All contacts
D/ContactList(13643): add rester listneer
I/ActivityManager( 81): Starting activity: Intent { act=android.intent.action.MAIN cat=[android.intent.category.HOME] flg=0x10200000 cmp=com.htc.launcher/.Launcher }
D/Sensors ( 81): close_akm, fd=132
W/Rosie_3D( 169): onWorkspaceStopScroll , CurrentScreen = 3, mIsAnimation = false, mStopAnimation = false
D/BeemService(13643): ONUNBIND()
W/IInputConnectionWrapper(13643): showStatusIcon on inactive InputConnection
D/AK8973 ( 61): Compass CLOSE
W/Rosie_3D( 169): TIME_SHOW_CURRECT_PAGE , CurrentScreen = 3
D/MyWidgetView41( 169): handle sMSG_QUERY_EVENT
E/MyWidgetView41( 169): Query Today's Events begin time:1278361920000, end time:1278446340000
D/MyWidgetView41( 169): handle sUIMSG_DRAW_TODAY
E/MyWidgetView41( 169): Query Tomorrow's Events begin time:1278446400000, end time:1278532740000
E/MyWidgetView41( 169): Query Tomorrow's Events begin time:1278532800000, end time:1279051140000
D/MyWidgetView41( 169): Is today's event:false
D/MyWidgetView41( 169): Event title:Wind clock, start time:21:0, end time:21:0
D/MyWidgetView41( 169): ##schedular query event on 10day 21hour 0min 1sec
D/MyWidgetView41( 169): using alarm to schedule at 20100707T000000
D/dalvikvm(13643): GC freed 14540 objects / 844080 bytes in 176ms
W/KeyCharacterMap( 169): Bad keycharmap - filesize=32
W/KeyCharacterMap( 169): Error loading keycharmap file '/system/usr/keychars/bravo-keypad.kcm.bin'. hw.keyboards.0.devname='bravo-keypad'
W/KeyCharacterMap( 169): Using default keymap: /system/usr/keychars/qwerty.kcm.bin
I/ActivityManager( 81): Starting activity: Intent { act=android.settings.SETTINGS flg=0x10200000 cmp=com.android.settings/.framework.activity.HtcSettings }
I/ActivityManager( 81): Starting activity: Intent { act=android.intent.action.MAIN cmp=com.android.settings/.WirelessSettings }
V/SettingsMobileDataEnabler( 292): resume()...mMobileDataEnabledSettingtrue
D/NetSharing( 292): status:0 getES:0
D/NetSharing( 292): phonyType = 1 sim_state = 5 number = +70957682281
D/NetSharing( 292): mobile data = true
D/SettingsWifiEnabler( 292): Received wifi state changed from Enabling to Enabled
D/SettingsWifiEnabler( 292): Received network state changed to NetworkInfo: type: WIFI[], state: CONNECTED/CONNECTED, reason: (unspecified), extra: (none), roaming: false, failover: false, isAvailable: true
V/SettingsMobileDataEnabler( 292): Enter mMobileDataStateListener's onServiceStateChanged(): the serviceState is 0
D/SettingsMobileDataEnabler( 292): Received android.intent.action.ANY_DATA_STATE broadcast - state = DISCONNECTED, unavailable = false, capability = (unspecified), apnName = internet.mts.ru, reason = dataDisabled
D/SettingsMobileDataEnabler( 292): onReceive()...mMobileDataEnabledSetting:true
D/NetSharing( 292): battery changed
I/WifiHW ( 81): wifi_stop_supplicant enter
I/wpa_supplicant(13273): CTRL-EVENT-TERMINATING - signal 15 received
V/WifiMonitor( 81): Event [CTRL-EVENT-TERMINATING - signal 15 received]
V/WifiStateTracker( 81): Connection to supplicant lost
I/wpa_supplicant(13273): CTRL-EVENT-TERMINATING - signal 0 received
I/wpa_supplicant(13273): CTRL-EVENT-STATE-CHANGE id=0 state=0
D/ConnectivityService( 81): ConnectivityChange for WIFI: DISCONNECTED/DISCONNECTED
D/ConnectivityService( 81): handleDisconnect() networkinfo=NetworkInfo: type: WIFI[], state: DISCONNECTED/DISCONNECTED, reason: (unspecified), extra: (none), roaming: false, failover: false, isAvailable: false
D/ConnectivityService( 81): [Dual mode]:handleConnectDualMode: mActiveDefaultNetwork = -1
D/DataConnectionTracker( 155): enableApnType(default), isApnTypeActive = false and state = IDLE
I/WifiHW ( 81): wifi_stop_supplicant end right 2
D/DataConnectionTracker( 155): setEnabled(0, true) with old state = false and enabledCount = 0
D/TelephonyRegistry( 81): notifyDataConnection() state=0isDataConnectivityPossible()true, reason=apnSwitched
D/TelephonyRegistry( 81): broadcastDataConnectionStateChanged() state=DISCONNECTEDtypes=null, interfaceName=null
D/NetworkLocationProvider( 81): onDataConnectionStateChanged 1
D/SettingsWifiEnabler( 292): Received wifi state changed from Enabled to Disabling
D/BeemService(13643): connectivity change true
E/Listen ( 5082): wifiReceiver onReceive
V/GpsLocationProvider( 81): updateNetworkState available info: NetworkInfo: type: WIFI[], state: DISCONNECTED/DISCONNECTED, reason: (unspecified), extra: (none), roaming: false, failover: false, isAvailable: false
V/GpsLocationProvider( 81): NetworkThread wait for 11597579ms
D/Listen ( 5082): startNextDownload isBlocked:true
I/SIP SRV (13326): Stop SERVICE
W/Smack/Packet( 172): notify conn break (IOEx), close connection
D/Smack ( 172): [XMPPConn] close connection, notifyClosed=false
D/JOGBALL ( 81): Jogball, + set_jogball_mode mode=0
E/JOGBALL ( 81): open failed errno: 2
D/NotificationService( 81): cancelNotification, ACTION_NOTIFICATION_REMOVE,pkg=com.csipsimple,id=1
D/SIP SRV (13326): Detroying...
D/SettingsMobileDataEnabler( 292): Received android.intent.action.ANY_DATA_STATE broadcast - state = DISCONNECTED, unavailable = false, capability = (unspecified), apnName = (unspecified), reason = apnSwitched
D/SettingsMobileDataEnabler( 292): onReceive()...mMobileDataEnabledSetting:true
E/Listen ( 5082): scheduleRefreshAlarm in 32836
D/TelephonyRegistry( 81): notifyDataConnection() state=1isDataConnectivityPossible()true, reason=apnSwitched
D/TelephonyRegistry( 81): broadcastDataConnectionStateChanged() state=CONNECTINGtypes=default,supl, interfaceName=null
D/ConnectivityService( 81): ConnectivityChange for MOBILE: CONNECTING/CONNECTING
D/SettingsMobileDataEnabler( 292): Received android.intent.action.ANY_DATA_STATE broadcast - state = CONNECTING, unavailable = false, capability = (unspecified), apnName = internet.mts.ru, reason = apnSwitched
D/SettingsMobileDataEnabler( 292): onReceive()...mMobileDataEnabledSetting:true
V/htcCheckinService( 81): Connectivity changed, scheduling alarm
V/htcCheckinService( 81): Network down, checkin is disabled
I/GTalkService( 172): [ServiceAutoStarter] --- start GTalk service ---
D/NetworkLocationProvider( 81): onDataConnectionStateChanged 1
W/libpjsip(13326): 00:32:21.331 tsx0x3f1c94 Failed to send Request msg REGISTER/cseq=38182 (tdta0x3f35b8)! err=70018 (gethostbyname() has returned error (PJ_ERESOLVE))
W/libpjsip(13326): 00:32:21.331 pjsua_acc.c SIP registration failed, status=502 (gethostbyname() has returned error (PJ_ERESOLVE)) D/SIP UA Receiver(13326): New reg state for : 0 D/SIP UA Receiver(13326): In reg state
E/libpjsip(13326): 00:32:21.336 pjsua_acc.c Unable to create/send REGISTER: gethostbyname() has returned error (PJ_ERESOLVE) [status=70018]
W/libpjsip(13326): 00:32:21.342 tsx0x15d724 Failed to send Request msg REGISTER/cseq=61288 (tdta0x3c4ca8)! err=70018 (gethostbyname() has returned error (PJ_ERESOLVE))
W/libpjsip(13326): 00:32:21.342 pjsua_acc.c SIP registration failed, status=502 (gethostbyname() has returned error (PJ_ERESOLVE)) D/SIP UA Receiver(13326): New reg state for : 0
E/libpjsip(13326): 00:32:21.345 pjsua_acc.c Unable to create/send REGISTER: gethostbyname() has returned error (PJ_ERESOLVE) [status=70018]
D/PhoneApp( 155): mReceiver: ACTION_ANY_DATA_CONNECTION_STATE_CHANGED
D/PhoneApp( 155): - state: DISCONNECTED
D/PhoneApp( 155): - reason: apnSwitched
D/PhoneApp( 155): mReceiver: ACTION_ANY_DATA_CONNECTION_STATE_CHANGED
D/PhoneApp( 155): - state: CONNECTING
D/PhoneApp( 155): - reason: apnSwitched
D/UploadManager( 221): Action android.net.conn.CONNECTIVITY_CHANGE
I/wpa_supplicant(13273): wpa_supplicant exitcode: (0)
D/SocialUpdate( 221): Start SocialUpdate service with android.net.conn.CONNECTIVITY_CHANGE
D/NetSharing_NSReceiver( 292): onReceive : android.net.conn.CONNECTIVITY_CHANGE
D/NetSharing_NSReceiver( 292): netinfo : NetworkInfo: type: WIFI[], state: DISCONNECTED/DISCONNECTED, reason: (unspecified), extra: (none), roaming: false, failover: false, isAvailable: false
D/SocialUpdate( 221): UpdateService onCreate START. time: 2010-07-06 00:32:21
D/SocialUpdate( 221): UpdateService onCreate END. time: 2010-07-06 00:32:21
D/SocialUpdate( 221): Connectivity change. No connected. time: 2010-07-06 00:32:21
I/MediaUploader( 314): No need to wake up
I/vending (31641): com.android.vending.api.RadioHttpClient$1.handleMessage(): Handle DATA_STATE_CHANGED event: NetworkInfo: type: WIFI[], state: DISCONNECTED/DISCONNECTED, reason: (unspecified), extra: (none), roaming: false, failover: false, isAvailable: false
D/dalvikvm( 81): GC freed 23560 objects / 1115656 bytes in 449ms
V/MediaPlayer( 81): setListener
V/MediaPlayer( 81): disconnect
V/MediaPlayerService( 57): disconnect(889) from pid 81
I/WifiHW ( 81): wifi_unload_driver enter
I/PlayerDriver( 57): PlayerDriver::enqueueCommand(), after mCommandQueue.push_front(command)
I/PlayerDriver( 57): PlayerDriver::handleStop
I/PlayerDriver( 57): PlayerDriver::syncCompletion(), after ed->mSyncSem->Signal()
I/PlayerDriver( 57): PlayerDriver::enqueueCommand(), before syncsemcopy->Wait()
I/PlayerDriver( 57): PlayerDriver::enqueueCommand(), after syncsemcopy->Wait()
I/PlayerDriver( 57): PlayerDriver::enqueueCommand(), after mCommandQueue.push_front(command)
I/PlayerDriver( 57): PlayerDriver::syncCompletion(), after ed->mSyncSem->Signal()
I/PlayerDriver( 57): PlayerDriver::enqueueCommand(), before syncsemcopy->Wait()
I/PlayerDriver( 57): PlayerDriver::enqueueCommand(), after syncsemcopy->Wait()
I/PlayerDriver( 57): PlayerDriver::enqueueCommand(), after mCommandQueue.push_front(command)
I/PlayerDriver( 57): PlayerDriver::syncCompletion(), after ed->mSyncSem->Signal()
I/PlayerDriver( 57): PlayerDriver::enqueueCommand(), before syncsemcopy->Wait()
I/PlayerDriver( 57): PlayerDriver::enqueueCommand(), after syncsemcopy->Wait()
I/PlayerDriver( 57): PlayerDriver::enqueueCommand(), after mCommandQueue.push_front(command)
I/PlayerDriver( 57): PlayerDriver::syncCompletion(), after ed->mSyncSem->Signal()
I/PlayerDriver( 57): PlayerDriver::enqueueCommand(), before syncsemcopy->Wait()
I/PlayerDriver( 57): PlayerDriver::enqueueCommand(), after syncsemcopy->Wait()
I/PlayerDriver( 57): PlayerDriver::enqueueCommand(), after mCommandQueue.push_front(command)
I/PlayerDriver( 57): PlayerDriver::enqueueCommand(), before syncsemcopy->Wait()
I/PlayerDriver( 57): PlayerDriver::enqueueCommand(), after syncsemcopy->Wait()
V/MediaPlayer( 81): destructor
V/MediaPlayer( 81): disconnect
V/MediaPlayerService( 57): Client(889) destructor pid = 81
V/AudioSink( 57): close
V/MediaPlayerService( 57): disconnect(889) from pid 81
D/MediaPlayerService( 57): Process 57 RSS is 5864
V/htcMessageUploader(11335): [UploadMessageReceiver] UploadMessageReceiver() constructor !!!
D/MyWidgetViewWL( 169): message widget observer onChange, isDelete false
I/htcMessageUploader(11335): Start thread to upload fota event message:com.htc.htcMessageUploader.UploadMessageReceiver
I/htcMessageUploader(11335): == UploadMessageReceiver finished ==
V/AutoSetting( 305): receiver - ***onReceive: android.net.conn.CONNECTIVITY_CHANGE
E/vold ( 53): Unable to lookup media '/devices/platform/msm_sdcc.1/mmc_host/mmc0/mmc0:0001'
E/vold ( 53): Error processing uevent msg (No such file or directory)
I/WifiHW ( 81): wifi_unload_driver end right 2
D/Device State(13326): >>> Connectivity has changed
D/Device State(13326): <<< Connectivity has changed
D/SettingsWifiEnabler( 292): Received wifi state changed from Disabling to Disabled D/SIP UA Receiver(13326): Something is wrong with api level declared use fallback method
E/global (13326): Deprecated Thread methods are not supported.
E/global (13326): java.lang.UnsupportedOperationException
E/global (13326): at java.lang.VMThread.stop(VMThread.java:85)
E/global (13326): at java.lang.Thread.stop(Thread.java:1391)
E/global (13326): at java.lang.Thread.stop(Thread.java:1356)
E/global (13326): at com.csipsimple.service.UAStateReceiver.stopService(UAStateReceiver.java:328)
E/global (13326): at com.csipsimple.service.SipService.sipStop(SipService.java:513)
E/global (13326): at com.csipsimple.service.SipService$ServiceDeviceStateReceiver$1.run(SipService.java:259)
I/SIP SRV (13326): Destroying SIP Service
I/SIP SRV (13326): --- SIP SERVICE DESTROYED ---
D/NetworkLocationProvider( 81): onCellLocationChanged [6105,42082]
D/AutoSetting( 305): receiver - ***no network is avaiable
V/MmsSystemEventReceiver( 405): Intent received: Intent { act=android.intent.action.ANY_DATA_STATE cmp=com.android.mms/.transaction.MmsSystemEventReceiver (has extras) }
V/MmsSystemEventReceiver( 405): Intent received: Intent { act=android.intent.action.ANY_DATA_STATE cmp=com.android.mms/.transaction.MmsSystemEventReceiver (has extras) } D/SIP UA Receiver(13326): In reg state
D/WifiService( 81): releaseWifiLockLocked: WifiLock{com.csipsimple.SipService type=1 binder=android.os.BinderProxy@469df3f0}
D/WifiService( 81): disable wifi due to updateWifiState
D/TelephonyRegistry( 81): notifyDataConnection() state=2isDataConnectivityPossible()true, reason=apnSwitched
D/TelephonyRegistry( 81): broadcastDataConnectionStateChanged() state=CONNECTEDtypes=default,supl, interfaceName=rmnet0
D/NetworkLocationProvider( 81): onDataConnectionStateChanged 1
D/ConnectivityService( 81): ConnectivityChange for MOBILE: CONNECTED/CONNECTED
D/ConnectivityService( 81): handleConnect() networkinfo=NetworkInfo: type: MOBILE[EDGE], state: CONNECTED/CONNECTED, reason: apnSwitched, extra: internet.mts.ru, roaming: false, failover: true, isAvailable: true, isFailover=true
V/NetworkStateTracker( 81): Setting TCP values: [4093,26280,35040,4096,16384,35040] which comes from [net.tcp.buffersize.edge]
V/MmsSystemEventReceiver( 405): Intent received: Intent { act=android.intent.action.ANY_DATA_STATE cmp=com.android.mms/.transaction.MmsSystemEventReceiver (has extras) }
D/ConnectivityService( 81): adding dns 213.87.0.1 for MOBILE
D/SettingsMobileDataEnabler( 292): Received android.intent.action.ANY_DATA_STATE broadcast - state = CONNECTED, unavailable = false, capability = (unspecified), apnName = internet.mts.ru, reason = apnSwitched
D/SettingsMobileDataEnabler( 292): onReceive()...mMobileDataEnabledSetting:true
D/PhoneApp( 155): mReceiver: ACTION_ANY_DATA_CONNECTION_STATE_CHANGED
D/PhoneApp( 155): - state: CONNECTED
D/PhoneApp( 155): - reason: apnSwitched
D/ConnectivityService( 81): adding dns 213.87.1.1 for MOBILE
D/ConnectivityService( 81): adding dns 213.87.0.1 for MOBILE
D/ConnectivityService( 81): adding dns 213.87.1.1 for MOBILE
V/GpsLocationProvider( 81): updateNetworkState available info: NetworkInfo: type: MOBILE[EDGE], state: CONNECTED/CONNECTED, reason: apnSwitched, extra: internet.mts.ru, roaming: false, failover: false, isAvailable: true
V/GpsLocationProvider( 81): NetworkThread wait for 11594072ms
D/MobileDataStateTracker( 81): replacing old mInterfaceName (rmnet0) with rmnet0 for supl
I/GTalkService( 172): [ServiceAutoStarter] --- start GTalk service ---
E/Listen ( 5082): wifiReceiver onReceive
D/BeemService(13643): connectivity change true
D/UploadManager( 221): Action android.net.conn.CONNECTIVITY_CHANGE
D/Listen ( 5082): startNextDownload isBlocked:true
I/vending (31641): com.android.vending.api.RadioHttpClient$1.handleMessage(): Handle DATA_STATE_CHANGED event: NetworkInfo: type: MOBILE[EDGE], state: CONNECTED/CONNECTED, reason: apnSwitched, extra: internet.mts.ru, roaming: false, failover: false, isAvailable: true
V/htcCheckinService( 81): Connectivity changed, scheduling alarm
V/htcCheckinService( 81): Network up, next checkin in 718807s, repeating every 1209600s
E/Listen ( 5082): scheduleRefreshAlarm in 32832
D/SocialUpdate( 221): Start SocialUpdate service with android.net.conn.CONNECTIVITY_CHANGE
D/NetSharing_NSReceiver( 292): onReceive : android.net.conn.CONNECTIVITY_CHANGE
D/NetSharing_NSReceiver( 292): netinfo : NetworkInfo: type: MOBILE[EDGE], state: CONNECTED/CONNECTED, reason: apnSwitched, extra: internet.mts.ru, roaming: false, failover: false, isAvailable: true
I/MediaUploader( 314): No need to wake up
V/htcMessageUploader(11335): [UploadMessageReceiver] UploadMessageReceiver() constructor !!!
I/htcMessageUploader(11335): Start thread to upload fota event message:com.htc.htcMessageUploader.UploadMessageReceiver
D/SocialUpdate( 221): UpdateService onCreate START. time: 2010-07-06 00:32:24
D/SocialUpdate( 221): UpdateService onCreate END. time: 2010-07-06 00:32:24
I/global (11335): Default buffer size used in BufferedReader constructor. It would be better to be explicit if an 8k-char buffer is required.
V/AutoSetting( 305): receiver - ***onReceive: android.net.conn.CONNECTIVITY_CHANGE
D/Device State(13326): >>> Connectivity has changed
D/Device State(13326): <<< Connectivity has changed
D/UploadNotification( 221): updateNotification1
I/htcMessageUploader(11335): Start to upload at 422288 ms later, and repeat every 7200000 ms
I/htcMessageUploader(11335): == UploadMessageReceiver finished ==
D/UploadNotification( 221): item =null
D/UploadService( 221): UpdateThread is looping
D/dalvikvm( 81): GC freed 10994 objects / 624928 bytes in 142ms
D/AutoSetting( 305): receiver - ***Data call is avaiable
D/AutoSetting( 305): *****fireNow=false
V/AutoSetting( 305): receiver - scheduleLocation, action: android.net.conn.CONNECTIVITY_CHANGE, runImmediately: false
V/AutoSetting( 305): receiver - Next check location in 6211s, repeating every 10800s
D/UploadService( 221): mUpload.size 0
D/UploadService( 221): 2updateNotification no batch id
D/UploadNotification( 221): updateNotification1
D/UploadNotification( 221): item =null
D/UploadService( 221): UpdateThread is looping
D/LocationMasfClient( 81): getNetworkLocation(): Returning cache location with accuracy 504.0
I/ActivityManager( 81): Start proc com.google.android.apps.maps:LocationFriendService for service com.google.android.apps.maps/com.google.googlenav.friend.android.LocationFriendService: pid=13708 uid=10028 gids={3003, 1015}
D/LocationManagerService( 81): Acquired wakelock
D/LocationManagerService( 81): Released wakelock
D/dalvikvm( 56): GC freed 288 objects / 11104 bytes in 73ms
D/dalvikvm( 56): GC freed 42 objects / 1848 bytes in 50ms
D/dalvikvm( 56): GC freed 2 objects / 56 bytes in 63ms
I/dalvikvm(13708): Debugger thread not active, ignoring DDM send (t=0x41504e4d l=38)
I/dalvikvm(13708): Debugger thread not active, ignoring DDM send (t=0x41504e4d l=104)
I/ActivityManager( 81): Starting activity: Intent { act=android.intent.action.MAIN cat=[android.intent.category.HOME] flg=0x10200000 cmp=com.htc.launcher/.Launcher }
W/Rosie_3D( 169): onWorkspaceStopScroll , CurrentScreen = 3, mIsAnimation = false, mStopAnimation = false
W/Rosie_3D( 169): TIME_SHOW_CURRECT_PAGE , CurrentScreen = 3
D/MyWidgetView41( 169): handle sMSG_QUERY_EVENT
E/MyWidgetView41( 169): Query Today's Events begin time:1278361920000, end time:1278446340000
D/MyWidgetView41( 169): handle sUIMSG_DRAW_TODAY
E/MyWidgetView41( 169): Query Tomorrow's Events begin time:1278446400000, end time:1278532740000
E/MyWidgetView41( 169): Query Tomorrow's Events begin time:1278532800000, end time:1279051140000
D/MyWidgetView41( 169): Is today's event:false
D/MyWidgetView41( 169): Event title:Wind clock, start time:21:0, end time:21:0
D/MyWidgetView41( 169): ##schedular query event on 10day 21hour 0min 1sec
D/MyWidgetView41( 169): using alarm to schedule at 20100707T000000
D/dalvikvm(13708): GC freed 2126 objects / 155064 bytes in 134ms
D/dalvikvm(13326): GC freed 3904 objects / 229976 bytes in 93ms
D/dalvikvm( 314): GC freed 144 objects / 10368 bytes in 110ms
D/dalvikvm(11335): GC freed 506 objects / 100376 bytes in 119ms
D/DragLayer( 169): touch event action ACTION_DOWN
D/DragLayer( 169): touch event action ACTION_UP
D/DragLayer( 169): touch event action ACTION_DOWN
D/DragLayer( 169): touch event action ACTION_UP
I/ActivityManager( 81): Starting activity: Intent { act=android.intent.action.MAIN cat=[android.intent.category.LAUNCHER] flg=0x10200000 cmp=com.beem.project.beem/.ui.Login }
D/AK8973 ( 61): Compass Start
D/Sensors ( 81): open_akm, fd=132
D/ContactList(13643): buildContactList for group All contacts
D/ContactList(13643): add rester listneer
W/InputManagerService( 81): Ignoring hideSoftInput of: com.android.internal.view.IInputMethodClient$Stub$Proxy@466c8f88
W/Rosie ( 169): mAddHtcWidgetByOtherActivity = false, mIsOpenSlideWhenLeaveLaunch = true
I/ActivityManager( 81): Starting activity: Intent { dat=xmpp:crosser@average.org cmp=com.beem.project.beem/.ui.Chat }
D/BeemService(13643): ONUNBIND()
I/EricJ ( 153): [hanldeDBContentSensitive] set PDSwitch's OnDiagnoseListener for Normal4PDSwitch
I/ActivityManager( 81): Displayed activity com.beem.project.beem/.ui.Chat: 266 ms (total 266 ms)
D/HtcLockScreen( 81): onRefreshBatteryInfo: 39
I/HtcLockScreen( 81): updateStatusViewByPriority, mIsSimCheckView = false, mIsBatteryInfo = false, mIsMusicPlaying = false, mIsAirPlaneMode = false
I/global ( 81): Default buffer size used in BufferedReader constructor. It would be better to be explicit if an 8k-char buffer is required.
I/global ( 81): Default buffer size used in BufferedReader constructor. It would be better to be explicit if an 8k-char buffer is required.
D/BatteryService( 81): isUsbConnected() = true
D/BatteryService( 81): mPlugType = 2
D/Listen ( 5082): battery state change: 2:39:2
D/Listen ( 5082): startNextDownload isBlocked:true
D/UsbConnectedReceiver( 305): action = psclient.intent.action.usb_status
D/UsbConnectedReceiver( 305): ACTION_BATTERY_CHANGED
D/UsbConnectedReceiver( 305): usbCurrentType = 2
D/UsbConnectedReceiver( 305): Current type is same as previous, return!
E/HTCIMEService( 153): [setComposingText]: Process time of touch down event is too long! (56ms) text=from
D/Chat (13643): jid crosser@average.org
D/BeemChatManager(13643): Get chat key1 =
D/BeemChatManager(13643): Get chat key2 =
D/BeemChatManager(13643): Chatorg.jivesoftware.smack.Chat@46528360 created locally truewith crosser@average.org
W/ChatAdapter(13643): message to crosser@average.org
I/EricJ ( 153): [hanldeDBContentSensitive] set PDSwitch's OnDiagnoseListener for Normal4PDSwitch
D/dalvikvm( 153): GC freed 2189 objects / 258248 bytes in 58ms
D/dalvikvm( 405): GC freed 60185 objects / 1462640 bytes in 241ms
D/dalvikvm( 221): GC freed 845 objects / 38576 bytes in 353ms
D/dalvikvm(31223): GC freed 5361 objects / 219664 bytes in 154ms
D/MyWidgetViewWL( 169): message widget observer onChange, isDelete false
D/GTalkService( 172): [RosterMgr] roster not modified
D/GTalkService( 172): [OtrMgr] OTR not modified
D/dalvikvm( 172): GC freed 3346 objects / 192448 bytes in 279ms
D/OpenSSLSessionImpl( 172): Freeing OpenSSL session
D/dalvikvm( 437): GC freed 85757 objects / 2096976 bytes in 200ms
D/dalvikvm( 169): GC freed 7614 objects / 379912 bytes in 338ms
I/power ( 81): *** set_screen_state 0
D/Sensors ( 81): close_akm, fd=132
D/KeyguardViewManager( 81): show()
D/LockExchangeUtils( 81): isLockExchangeEnabled = false
D/LockExchangeUtils( 81): isLockExchangeEnabled = false
D/BeemService(13643): ONUNBIND()
D/AK8973 ( 61): Compass CLOSE
D/ContactWidget Matrix( 169): Received intent:android.intent.action.SCREEN_OFF
D/SurfaceFlinger( 81): About to give-up screen, flinger = 0x1432e8
D/SurfaceFlinger( 81): screen given-up
D/browser ( 8342): screen intent received: android.intent.action.SCREEN_OFF mActivityInPause=true toggleAutorestart=true restartFlag=false
D/HtcLockScreen( 81): onScreenRestart
I/HtcLockScreen( 81): updateStatusViewByPriority, mIsSimCheckView = false, mIsBatteryInfo = false, mIsMusicPlaying = false, mIsAirPlaneMode = false
I/HtcLockScreen( 81): HtcLockScreen:onResume
D/KeyguardViewMediator( 81): handleKeyguardDoneDrawing: notifying mWaitingUntilKeyguardVisible
D/KeyguardViewMediator( 81): wakeWhenReadyLocked(26)
D/KeyguardViewMediator( 81): mWakeAndHandOff.acquire() -- start
D/KeyguardViewMediator( 81): mWakeAndHandOff.acquire() -- end
D/KeyguardViewMediator( 81): handleWakeWhenReady(26)
D/KeyguardViewMediator( 81): pokeWakelock(15000)
I/power ( 81): *** set_screen_state 1
D/PowerManagerService( 81): wakelock: PARTIAL_WAKE_LOCK 'keyguardWakeAndHandOff' activated (minState=0)
D/PowerManagerService( 81): wakelock: FULL_WAKE_LOCK 'keyguard'ACQUIRE_CAUSES_WAKEUP activated (minState=3)
I/HtcLockScreen( 81): HtcLockScreen:onResume
D/SurfaceFlinger( 81): Screen about to return, flinger = 0x1432e8
D/ContactWidget Matrix( 169): Received intent:android.intent.action.SCREEN_ON
D/SurfaceFlinger( 81): screen returned
D/SurfaceFlinger( 81): wakeup flip
D/browser ( 8342): screen intent received: android.intent.action.SCREEN_ON mActivityInPause=true toggleAutorestart=true restartFlag=false
I/HtcLockScreen( 81): touch ACTION_DOWN
D/PowerManagerService( 81): New lightsensor value:40, lcdValue:90
I/HtcLockScreen( 81): touch ACTION_UP
W/dalvikvm( 81): disableGcForExternalAlloc: true
D/LockExchangeUtils( 81): isLockExchangeEnabled = false
D/LockExchangeUtils( 81): isLockExchangeEnabled = false
D/HtcLockScreen( 81): unlock animationn done
I/HtcLockScreen( 81): Drag down to unlock screen
W/dalvikvm( 81): disableGcForExternalAlloc: false
D/LockExchangeUtils( 81): isLockExchangeEnabled = false
I/HtcLockScreen( 81): HtcLockScreen:onPause
D/LockExchangeUtils( 81): isLockExchangeEnabled = false
D/LockExchangeUtils( 81): isLockExchangeEnabled = false
D/HtcLockScreen( 81): onScreenPause
D/KeyguardViewManager( 81): hide()
D/AK8973 ( 61): Compass Start
D/Sensors ( 81): open_akm, fd=421
D/Sensors ( 81): close_akm, fd=421
D/Sensors ( 81): open_akm, fd=421
W/InputManagerService( 81): Window already focused, ignoring focus gain of: com.android.internal.view.IInputMethodClient$Stub$Proxy@46b2bd30
I/EricJ ( 153): [hanldeDBContentSensitive] set PDSwitch's OnDiagnoseListener for Normal4PDSwitch
D/AK8973 ( 61): Compass CLOSE
D/AK8973 ( 61): Compass Start
D/dalvikvm( 8342): GC freed 59693 objects / 1881952 bytes in 160ms
D/dalvikvm( 342): GC freed 53 objects / 1992 bytes in 234ms
D/dalvikvm( 8342): GC freed 4324 objects / 114216 bytes in 86ms
V/BackupManagerService( 81): Running a backup pass
V/BackupManagerService( 81): clearing pending backups
V/PerformBackupThread( 81): Beginning backup of 3 targets
D/PerformBackupThread( 81): processOneBackup doBackup() on @pm@
V/PerformBackupThread( 81): doBackup() success
I/PerformBackupThread( 81): no backup data written; not calling transport
D/PerformBackupThread( 81): starting agent for backup of BackupRequest{app=ApplicationInfo{4645a230 android} full=false}
D/BackupManagerService( 81): awaiting agent for ApplicationInfo{4645a230 android}
D/BackupManagerService( 81): agentConnected pkg=android agent=android.app.BackupAgent$BackupServiceBinder@46844678
D/PerformBackupThread( 81): processOneBackup doBackup() on android
D/BackupHelperDispatcher( 81): handling existing helper 'wallpaper' android.backup.AbsoluteFileBackupHelper@468a0f18
V/PerformBackupThread( 81): doBackup() success
I/PerformBackupThread( 81): no backup data written; not calling transport
D/PerformBackupThread( 81): starting agent for backup of BackupRequest{app=ApplicationInfo{46530248 com.htc.CustomizationSetup} full=false}
D/BackupManagerService( 81): awaiting agent for ApplicationInfo{46530248 com.htc.CustomizationSetup}
D/BackupManagerService( 81): agentConnected pkg=com.htc.CustomizationSetup agent=android.os.BinderProxy@46b28c30
D/PerformBackupThread( 81): processOneBackup doBackup() on com.htc.CustomizationSetup
I/AccountsProvider( 221): Backup Socialnetwork, data changed, delete
D/BackupManagerService( 81): Now awaiting backup for 1 participants:
D/BackupManagerService( 81): + BackupRequest{app=ApplicationInfo{46530248 com.htc.CustomizationSetup} full=false} agent=com.htc.CustomizationSetup.AccountBackupAgent
V/AccountsProvider( 221): Added account rowId = 2661
I/AccountsProvider( 221): Backup Socialnetwork, data changed, insert
I/AccountsProvider( 221): Backup Socialnetwork, data changed, delete
V/AccountsProvider( 221): Added account rowId = 2662
I/AccountsProvider( 221): Backup Socialnetwork, data changed, insert
D/AccountBackupAgent( 221): Backing up 2 settings
D/AccountBackupAgent( 221): =====> wrote setting: egcrosser@gmail.com
D/AccountBackupAgent( 221): =====> wrote setting: egcrosser
D/AccountsProvider( 221): Add account in AM to db: account = egcrosser@gmail.com
V/AccountsProvider( 221): Added account rowId = 2663
I/AccountsProvider( 221): Backup Socialnetwork, data changed, insert
D/AccountsProvider( 221): Add account in AM to db: account = egcrosser
V/AccountsProvider( 221): Added account rowId = 2664
I/AccountsProvider( 221): Backup Socialnetwork, data changed, insert
D/AccountBackupAgent( 221): =====> wrote setting: 0
V/PerformBackupThread( 81): doBackup() success
I/PerformBackupThread( 81): no backup data written; not calling transport
D/PerformBackupThread( 81): starting agent for backup of BackupRequest{app=ApplicationInfo{46523e78 com.android.providers.settings} full=false}
D/BackupManagerService( 81): awaiting agent for ApplicationInfo{46523e78 com.android.providers.settings}
