I/WifiHW ( 75): wifi_unload_driver enter
V/RosterAdapter(25370): >>> Presence changed for .....@...../
W/System.err(25370): java.lang.IllegalStateException: finishBroadcast() called outside of a broadcast
V/RosterAdapter(25370): >>> Presence changed for .....@...../
I/wpa_supplicant(22906): wpa_supplicant exitcode: (0)
E/ContactList(25370): onDestroy activity
V/RosterAdapter(25370): >>> Presence changed for .....@...../
V/RosterAdapter(25370): >>> Presence changed for .....@...../
V/RosterAdapter(25370): >>> Presence changed for .....@...../
V/RosterAdapter(25370): >>> Presence changed for .....@...../
V/RosterAdapter(25370): >>> Presence changed for .....@...../
V/RosterAdapter(25370): >>> Presence changed for .....@...../
V/RosterAdapter(25370): >>> Presence changed for .....@...../
I/NotificationService( 75): enqueueToast pkg=com.beem.project.beem callback=android.app.ITransientNotification$Stub$Proxy@468024b8 duration=0
V/RosterAdapter(25370): >>> Presence changed for .....@...../
V/RosterAdapter(25370): >>> Presence changed for .....@...../
V/RosterAdapter(25370): >>> Presence changed for .....@...../
V/AutoSetting( 306): receiver - ***onReceive: android.net.conn.CONNECTIVITY_CHANGE
V/RosterAdapter(25370): >>> Presence changed for .....@...../
V/RosterAdapter(25370): >>> Presence changed for .....@...../
W/System.err(25370): at android.os.RemoteCallbackList.finishBroadcast(RemoteCallbackList.java:293)
W/System.err(25370): at com.beem.project.beem.service.RosterAdapter$RosterListenerAdapter.presenceChanged(RosterAdapter.java:368)
W/System.err(25370): at org.jivesoftware.smack.Roster.fireRosterPresenceEvent(Roster.java:627)
W/System.err(25370): at org.jivesoftware.smack.Roster.access$600(Roster.java:50)
V/RosterAdapter(25370): >>> Presence changed for .....@...../
D/XMPPConnectionAdapter(25370): reconnectingIn
W/System.err(25370): at org.jivesoftware.smack.Roster$PresencePacketListener.processPacket(Roster.java:717)
W/System.err(25370): at org.jivesoftware.smack.Roster.setOfflinePresences(Roster.java:590)
W/System.err(25370): at org.jivesoftware.smack.Roster.access$200(Roster.java:50)
W/System.err(25370): at org.jivesoftware.smack.Roster$1.connectionClosedOnError(Roster.java:123)
V/RosterAdapter(25370): >>> Presence changed for .....@...../
W/System.err(25370): at org.jivesoftware.smack.PacketReader.notifyConnectionError(PacketReader.java:172)
W/System.err(25370): at org.jivesoftware.smack.PacketReader.parsePackets(PacketReader.java:332)
W/System.err(25370): at org.jivesoftware.smack.PacketReader.access$000(PacketReader.java:43)
V/RosterAdapter(25370): >>> Presence changed for .....@...../gmail.D34FF062
W/System.err(25370): at org.jivesoftware.smack.PacketReader$1.run(PacketReader.java:70)
V/RosterAdapter(25370): >>> Presence changed for .....@...../
V/RosterAdapter(25370): >>> Presence changed for .....@...../
V/RosterAdapter(25370): >>> Presence changed for .....@...../
V/RosterAdapter(25370): >>> Presence changed for .....@...../
V/RosterAdapter(25370): >>> Presence changed for .....@...../
V/RosterAdapter(25370): >>> Presence changed for .....@...../
V/RosterAdapter(25370): >>> Presence changed for .....@...../androidc771642316bf
V/RosterAdapter(25370): >>> Presence changed for .....@...../status.netdaemon
V/RosterAdapter(25370): >>> Presence changed for .....@...../
V/RosterAdapter(25370): >>> Presence changed for .....@...../
V/RosterAdapter(25370): >>> Presence changed for .....@...../
V/RosterAdapter(25370): >>> Presence changed for .....@...../
V/RosterAdapter(25370): >>> Presence changed for .....@...../
V/RosterAdapter(25370): >>> Presence changed for .....@...../Sovam
V/RosterAdapter(25370): >>> Presence changed for .....@...../
V/RosterAdapter(25370): >>> Presence changed for .....@...../
V/RosterAdapter(25370): >>> Presence changed for .....@...../
V/RosterAdapter(25370): >>> Presence changed for .....@...../
D/AutoSetting( 306): receiver - ***no network is avaiable
V/RosterAdapter(25370): >>> Presence changed for .....@...../
V/RosterAdapter(25370): >>> Presence changed for .....@...../
V/RosterAdapter(25370): >>> Presence changed for .....@...../
V/RosterAdapter(25370): >>> Presence changed for .....@...../
V/MmsSystemEventReceiver( 429): Intent received: Intent { act=android.intent.action.ANY_DATA_STATE cmp=com.android.mms/.transaction.MmsSystemEventReceiver (has extras) }
V/RosterAdapter(25370): >>> Presence changed for .....@...../
V/MmsSystemEventReceiver( 429): Intent received: Intent { act=android.intent.action.ANY_DATA_STATE cmp=com.android.mms/.transaction.MmsSystemEventReceiver (has extras) }
V/RosterAdapter(25370): >>> Presence changed for .....@...../
V/RosterAdapter(25370): >>> Presence changed for .....@...../
E/vold ( 53): Unable to lookup media '/devices/platform/msm_sdcc.1/mmc_host/mmc0/mmc0:0001'
E/vold ( 53): Error processing uevent msg (Device or resource busy)
V/RosterAdapter(25370): >>> Presence changed for .....@...../
D/XMPPConnectionAdapter(25370): reconnectingIn
I/WifiHW ( 75): wifi_unload_driver end right 2
V/RosterAdapter(25370): >>> Presence changed for .....@...../
V/RosterAdapter(25370): >>> Presence changed for .....@...../
V/RosterAdapter(25370): >>> Presence changed for .....@...../
V/RosterAdapter(25370): >>> Presence changed for .....@...../
V/RosterAdapter(25370): >>> Presence changed for .....@...../
V/RosterAdapter(25370): >>> Presence changed for .....@...../
V/RosterAdapter(25370): >>> Presence changed for .....@...../Work
V/RosterAdapter(25370): >>> Presence changed for .....@...../
V/RosterAdapter(25370): >>> Presence changed for .....@...../
V/RosterAdapter(25370): >>> Presence changed for .....@...../
V/RosterAdapter(25370): >>> Presence changed for .....@...../
V/RosterAdapter(25370): >>> Presence changed for .....@...../
V/RosterAdapter(25370): >>> Presence changed for .....@...../
V/RosterAdapter(25370): >>> Presence changed for .....@...../
V/RosterAdapter(25370): >>> Presence changed for .....@...../
V/RosterAdapter(25370): >>> Presence changed for .....@...../
V/RosterAdapter(25370): >>> Presence changed for .....@...../
V/RosterAdapter(25370): >>> Presence changed for .....@...../
V/RosterAdapter(25370): >>> Presence changed for .....@...../
V/RosterAdapter(25370): >>> Presence changed for .....@...../
V/RosterAdapter(25370): >>> Presence changed for .....@...../KK12
V/RosterAdapter(25370): >>> Presence changed for .....@...../
V/RosterAdapter(25370): >>> Presence changed for .....@...../
V/RosterAdapter(25370): >>> Presence changed for .....@...../
V/RosterAdapter(25370): >>> Presence changed for .....@...../
V/RosterAdapter(25370): >>> Presence changed for .....@...../
V/RosterAdapter(25370): >>> Presence changed for .....@...../=)
V/RosterAdapter(25370): >>> Presence changed for .....@...../
V/RosterAdapter(25370): >>> Presence changed for .....@...../Miranda
V/RosterAdapter(25370): >>> Presence changed for .....@...../
V/RosterAdapter(25370): >>> Presence changed for .....@...../
V/RosterAdapter(25370): >>> Presence changed for .....@...../
V/RosterAdapter(25370): >>> Presence changed for .....@...../
V/RosterAdapter(25370): >>> Presence changed for .....@...../
V/RosterAdapter(25370): >>> Presence changed for .....@...../
V/RosterAdapter(25370): >>> Presence changed for .....@...../
V/RosterAdapter(25370): >>> Presence changed for .....@...../
V/RosterAdapter(25370): >>> Presence changed for .....@...../
V/RosterAdapter(25370): >>> Presence changed for .....@...../
V/RosterAdapter(25370): >>> Presence changed for .....@...../
D/dalvikvm( 168): GC freed 4284 objects / 223832 bytes in 1418ms
D/NetworkLocationProvider( 75): onCellLocationChanged [6105,42082]
D/SettingsWifiEnabler( 295): Received wifi state changed from Disabling to Disabled
D/dalvikvm( 75): GC freed 13837 objects / 641712 bytes in 120ms
D/XMPPConnectionAdapter(25370): reconnectingIn
D/TelephonyRegistry( 75): notifyDataConnection() state=2isDataConnectivityPossible()true, reason=apnSwitched
D/TelephonyRegistry( 75): broadcastDataConnectionStateChanged() state=CONNECTEDtypes=default,supl, interfaceName=rmnet0
D/NetworkLocationProvider( 75): onDataConnectionStateChanged 1
D/ConnectivityService( 75): ConnectivityChange for MOBILE: CONNECTED/CONNECTED
D/ConnectivityService( 75): handleConnect() networkinfo=NetworkInfo: type: MOBILE[EDGE], state: CONNECTED/CONNECTED, reason: apnSwitched, extra: internet.mts.ru, roaming: false, failover: true, isAvailable: true, isFailover=true
V/NetworkStateTracker( 75): Setting TCP values: [4093,26280,35040,4096,16384,35040] which comes from [net.tcp.buffersize.edge]
D/SettingsMobileDataEnabler( 295): Received android.intent.action.ANY_DATA_STATE broadcast - state = CONNECTED, unavailable = false, capability = (unspecified), apnName = internet.mts.ru, reason = apnSwitched
D/SettingsMobileDataEnabler( 295): onReceive()...mMobileDataEnabledSetting:true
D/PhoneApp( 149): mReceiver: ACTION_ANY_DATA_CONNECTION_STATE_CHANGED
D/PhoneApp( 149): - state: CONNECTED
D/PhoneApp( 149): - reason: apnSwitched
D/PhoneApp( 149): [NotificationMgr] hideDataDisconnectedRoaming()...
D/ConnectivityService( 75): adding dns 213.87.0.1 for MOBILE
D/ConnectivityService( 75): adding dns 213.87.1.1 for MOBILE
V/GpsLocationProvider( 75): updateNetworkState available info: NetworkInfo: type: MOBILE[EDGE], state: CONNECTED/CONNECTED, reason: apnSwitched, extra: internet.mts.ru, roaming: false, failover: false, isAvailable: true
V/GpsLocationProvider( 75): NetworkThread wait for 2422321ms
D/MobileDataStateTracker( 75): replacing old mInterfaceName (rmnet0) with rmnet0 for supl
D/XMPPConnectionAdapter(25370): reconnectingIn
V/MmsSystemEventReceiver( 429): Intent received: Intent { act=android.intent.action.ANY_DATA_STATE cmp=com.android.mms/.transaction.MmsSystemEventReceiver (has extras) }
E/Listen (10254): wifiReceiver onReceive
D/UploadManager( 174): Action android.net.conn.CONNECTIVITY_CHANGE
D/Listen (10254): startNextDownload isBlocked:true
D/EAS_AppSvc( 347): 06021143 ConnectivityManager.CONNECTIVITY_ACTION :NetworkInfo: type: MOBILE[EDGE], state: CONNECTED/CONNECTED, reason: apnSwitched, extra: internet.mts.ru, roaming: false, failover: false, isAvailable: true
I/LockUtil( 347): 06021143 - acquire PowerLock - PARTIAL_WAKE_LOCK: EAS_NETWORK_CHANGE
D/EAS_AppSvc( 347): 06021143 isWifiNetwork: false
E/Listen (10254): scheduleRefreshAlarm in 32180
D/MyWidgetViewWL( 168): message widget observer onChange, isDelete false
D/SocialUpdate( 174): Start SocialUpdate service with android.net.conn.CONNECTIVITY_CHANGE
D/NetSharing_NSReceiver( 295): onReceive : android.net.conn.CONNECTIVITY_CHANGE
D/NetSharing_NSReceiver( 295): netinfo : NetworkInfo: type: MOBILE[EDGE], state: CONNECTED/CONNECTED, reason: apnSwitched, extra: internet.mts.ru, roaming: false, failover: false, isAvailable: true
I/MediaUploader( 330): No need to wake up
V/htcMessageUploader(25310): [UploadMessageReceiver] UploadMessageReceiver() constructor !!!
I/global (25310): Default buffer size used in BufferedReader constructor. It would be better to be explicit if an 8k-char buffer is required.
V/htcCheckinService( 75): Connectivity changed, scheduling alarm
V/htcCheckinService( 75): Network up, next checkin in 649680s, repeating every 1209600s
D/EAS_AppSvc( 347): 06021143 isWifiNetwork: false
I/htcMessageUploader(25310): Start to upload at 6906634 ms later, and repeat every 7200000 ms
D/EAS_AppSvc( 347): 06021143 isMobileNetwork: true
D/EAS_AppSvc( 347): 06021143 NETWORK_STATE_CHANGED: isWifi:false, isMobile:true
D/EAS_AppSvc( 347): 06021143 SvcHandler - Account not configured
I/LockUtil( 347): 06021143 - release PowerLock: EAS_NETWORK_CHANGE
V/AutoSetting( 306): receiver - ***onReceive: android.net.conn.CONNECTIVITY_CHANGE
D/SocialUpdate( 174): UpdateService onCreate START. time: 2010-06-03 01:10:50
D/SocialUpdate( 174): UpdateService onCreate END. time: 2010-06-03 01:10:50
D/JOGBALL ( 75): Jogball, + set_jogball_mode mode=0
E/JOGBALL ( 75): open failed errno: 2
D/NotificationService( 75): cancelNotification, ACTION_NOTIFICATION_REMOVE,pkg=org.sipdroid.sipua,id=1
D/UploadNotification( 174): updateNotification1
D/UploadNotification( 174): item =null
D/UploadService( 174): UpdateThread is looping
D/AutoSetting( 306): receiver - ***Data call is avaiable
D/AutoSetting( 306): *****fireNow=false
V/AutoSetting( 306): receiver - scheduleLocation, action: android.net.conn.CONNECTIVITY_CHANGE, runImmediately: false
V/AutoSetting( 306): receiver - Next check location in 5280s, repeating every 10800s
D/XMPPConnectionAdapter(25370): reconnectingIn
D/UploadService( 174): mUpload.size 0
D/UploadService( 174): 2updateNotification no batch id
D/UploadNotification( 174): updateNotification1
D/UploadNotification( 174): item =null
D/UploadService( 174): UpdateThread is looping
D/XMPPConnectionAdapter(25370): reconnectingIn
D/XMPPConnectionAdapter(25370): reconnectingIn
D/XMPPConnectionAdapter(25370): reconnectingIn
D/XMPPConnectionAdapter(25370): reconnectingIn
D/XMPPConnectionAdapter(25370): reconnectingIn
D/XMPPConnectionAdapter(25370): reconnectingIn
D/XMPPConnectionAdapter(25370): reconnectingIn
D/LocationMasfClient( 75): getNetworkLocation(): Returning cache location with accuracy 500.0
D/LocationManagerService( 75): Acquired wakelock
D/LocationManager(19188): removeUpdates: intent = PendingIntent{46417e18: android.os.BinderProxy@46444818}
D/LocationManagerService( 75): Released wakelock
V/LocationManagerService( 75): _removeUpdates: listener = Receiver{467c2810 Intent PendingIntent{467a9568: PendingIntentRecord{46a37cb0 org.sipdroid.sipua broadcastIntent}}}
D/HtcLockScreen( 75): onRefreshBatteryInfo: 33
I/HtcLockScreen( 75): updateStatusViewByPriority, mIsSimCheckView = false, mIsBatteryInfo = false, mIsMusicPlaying = false, mIsAirPlaneMode = false
I/global ( 75): Default buffer size used in BufferedReader constructor. It would be better to be explicit if an 8k-char buffer is required.
I/global ( 75): Default buffer size used in BufferedReader constructor. It would be better to be explicit if an 8k-char buffer is required.
D/BatteryService( 75): isUsbConnected() = true
D/BatteryService( 75): mPlugType = 2
D/NetSharing( 295): battery changed
D/Listen (10254): battery state change: 2:33:2
D/UsbConnectedReceiver( 306): action = psclient.intent.action.usb_status
D/UsbConnectedReceiver( 306): ACTION_BATTERY_CHANGED
D/UsbConnectedReceiver( 306): usbCurrentType = 2
D/UsbConnectedReceiver( 306): Current type is same as previous, return!
D/Listen (10254): startNextDownload isBlocked:true
D/XMPPConnectionAdapter(25370): reconnectingIn
D/XMPPConnectionAdapter(25370): reconnectingIn
D/XMPPConnectionAdapter(25370): reconnectingIn
D/XMPPConnectionAdapter(25370): reconnectingIn
D/XMPPConnectionAdapter(25370): reconnectingIn
D/XMPPConnectionAdapter(25370): reconnectingIn
D/XMPPConnectionAdapter(25370): reconnectingIn
D/NetworkLocationProvider( 75): onCellLocationChanged [6105,42085]
D/XMPPConnectionAdapter(25370): reconnectingIn
I/global (25370): Default buffer size used in BufferedReader constructor. It would be better to be explicit if an 8k-char buffer is required.
I/global (25370): Default buffer size used in BufferedWriter constructor. It would be better to be explicit if an 8k-char buffer is required.
I/global (25370): Default buffer size used in BufferedReader constructor. It would be better to be explicit if an 8k-char buffer is required.
I/global (25370): Default buffer size used in BufferedWriter constructor. It would be better to be explicit if an 8k-char buffer is required.
V/LocationManagerService( 75): _requestLocationUpdates: listener = Receiver{467e3a78 Intent PendingIntent{467e3a68: PendingIntentRecord{467e39a8 com.google.android.apps.maps startService}}}
D/NetworkLocationProvider( 75): setMinTime: 540000
D/LocationMasfClient( 75): getNetworkLocation(): Returning cache location with accuracy 500.0
D/LocationManagerService( 75): Acquired wakelock
D/LocationManagerService( 75): Released wakelock
I/ActivityManager( 75): Starting activity: Intent { act=android.intent.action.MAIN cat=[android.intent.category.HOME] flg=0x10200000 cmp=com.htc.launcher/.Launcher }
W/Rosie_3D( 168): onWorkspaceStopScroll , CurrentScreen = 3, mIsAnimation = false, mStopAnimation = false
D/dalvikvm( 75): GC freed 8325 objects / 476840 bytes in 175ms
W/Rosie_3D( 168): TIME_SHOW_CURRECT_PAGE , CurrentScreen = 3
D/dalvikvm(19188): GC freed 11506 objects / 841136 bytes in 373ms
D/MyWidgetView41( 168): handle sMSG_QUERY_EVENT
E/MyWidgetView41( 168): Query Today's Events begin time:1275513060000, end time:1275595140000
D/MyWidgetView41( 168): handle sUIMSG_DRAW_TODAY
E/MyWidgetView41( 168): Query Tomorrow's Events begin time:1275595200000, end time:1275681540000
E/MyWidgetView41( 168): Query Tomorrow's Events begin time:1275681600000, end time:1276199940000
D/MyWidgetView41( 168): Is today's event:false
D/MyWidgetView41( 168): Event title:Wind clock, start time:21:0, end time:21:0
D/MyWidgetView41( 168): not starting event
D/MyWidgetView41( 168): @@schedular query event on 5day 21hour 0min 0sec
D/MyWidgetView41( 168): using alarm to schedule at 20100604T000000
D/dalvikvm(25370): GC freed 29085 objects / 1262792 bytes in 50ms
D/OpenSSLSessionImpl(25370): Freeing OpenSSL session
V/LocationManagerService( 75): _requestLocationUpdates: listener = Receiver{467e3a78 Intent PendingIntent{467e3a68: PendingIntentRecord{467e39a8 com.google.android.apps.maps startService}}}
D/NetworkLocationProvider( 75): setMinTime: 540000
I/global (25370): Default buffer size used in BufferedReader constructor. It would be better to be explicit if an 8k-char buffer is required.
I/global (25370): Default buffer size used in BufferedWriter constructor. It would be better to be explicit if an 8k-char buffer is required.
D/dalvikvm(25310): GC freed 1530 objects / 301704 bytes in 72ms
D/XMPPConnectionAdapter(25370): reconnectionSuccessful
D/XMPPConnectionAdapter(25370): reconnectionSuccessful
D/dalvikvm(25370): GC freed 32963 objects / 1548544 bytes in 82ms
D/dalvikvm(25370): threadid=31 wakeup: interrupted
W/System.err(25370): java.io.IOException: Writer is closed.
W/System.err(25370): at java.io.BufferedWriter.write(BufferedWriter.java:197)
W/System.err(25370): at java.io.Writer.write(Writer.java:101)
W/System.err(25370): at java.io.Writer.write(Writer.java:155)
W/System.err(25370): at org.jivesoftware.smack.PacketWriter.writePackets(PacketWriter.java:192)
W/System.err(25370): at org.jivesoftware.smack.PacketWriter.access$000(PacketWriter.java:40)
W/System.err(25370): at org.jivesoftware.smack.PacketWriter$1.run(PacketWriter.java:76)
D/XMPPConnectionAdapter(25370): connectionClosedOnError
V/RosterAdapter(25370): >>> Presence changed for .....@...../gmail.F47FB5E6
V/RosterAdapter(25370): >>> Presence changed for .....@...../androidb6969edc620c
V/RosterAdapter(25370): >>> Presence changed for .....@...../Adium48D5454C
V/RosterAdapter(25370): >>> Presence changed for .....@...../AdiumB0FF86F1
V/RosterAdapter(25370): >>> Presence changed for .....@...../
V/RosterAdapter(25370): >>> Presence changed for .....@...../
V/RosterAdapter(25370): >>> Presence changed for .....@...../android128417fa8bcc
V/RosterAdapter(25370): >>> Presence changed for .....@...../
V/RosterAdapter(25370): >>> Presence changed for .....@...../
V/RosterAdapter(25370): >>> Presence changed for .....@...../
V/RosterAdapter(25370): >>> Presence changed for .....@...../
V/RosterAdapter(25370): >>> Presence changed for .....@...../
V/RosterAdapter(25370): >>> Presence changed for .....@...../
V/RosterAdapter(25370): >>> Presence changed for .....@...../
V/RosterAdapter(25370): >>> Presence changed for .....@...../
V/RosterAdapter(25370): >>> Presence changed for .....@...../
V/RosterAdapter(25370): >>> Presence changed for .....@...../
V/RosterAdapter(25370): >>> Presence changed for .....@...../
V/RosterAdapter(25370): >>> Presence changed for .....@...../
V/RosterAdapter(25370): >>> Presence changed for .....@...../
V/RosterAdapter(25370): >>> Presence changed for .....@...../
V/RosterAdapter(25370): >>> Presence changed for .....@...../
V/RosterAdapter(25370): >>> Presence changed for .....@...../
V/RosterAdapter(25370): >>> Presence changed for .....@...../
V/RosterAdapter(25370): >>> Presence changed for .....@...../
V/RosterAdapter(25370): >>> Presence changed for .....@...../
V/RosterAdapter(25370): >>> Presence changed for .....@...../
V/RosterAdapter(25370): >>> Presence changed for .....@...../
V/RosterAdapter(25370): >>> Presence changed for .....@...../
V/RosterAdapter(25370): >>> Presence changed for .....@...../
V/RosterAdapter(25370): >>> Presence changed for .....@...../
V/RosterAdapter(25370): >>> Presence changed for .....@...../
V/RosterAdapter(25370): >>> Presence changed for .....@...../gmail.D34FF062
V/RosterAdapter(25370): >>> Presence changed for .....@...../
V/RosterAdapter(25370): >>> Presence changed for .....@...../
V/RosterAdapter(25370): >>> Presence changed for .....@...../
V/RosterAdapter(25370): >>> Presence changed for .....@...../
V/RosterAdapter(25370): >>> Presence changed for .....@...../
V/RosterAdapter(25370): >>> Presence changed for .....@...../
V/RosterAdapter(25370): >>> Presence changed for .....@...../androidc771642316bf
V/RosterAdapter(25370): >>> Presence changed for .....@...../status.netdaemon
V/RosterAdapter(25370): >>> Presence changed for .....@...../
V/RosterAdapter(25370): >>> Presence changed for .....@...../
V/RosterAdapter(25370): >>> Presence changed for .....@...../
V/RosterAdapter(25370): >>> Presence changed for .....@...../
V/RosterAdapter(25370): >>> Presence changed for .....@...../
V/RosterAdapter(25370): >>> Presence changed for .....@...../Sovam
V/RosterAdapter(25370): >>> Presence changed for .....@...../
V/RosterAdapter(25370): >>> Presence changed for .....@...../
V/RosterAdapter(25370): >>> Presence changed for .....@...../
V/RosterAdapter(25370): >>> Presence changed for .....@...../
V/RosterAdapter(25370): >>> Presence changed for .....@...../
V/RosterAdapter(25370): >>> Presence changed for .....@...../
V/RosterAdapter(25370): >>> Presence changed for .....@...../
V/RosterAdapter(25370): >>> Presence changed for .....@...../
V/RosterAdapter(25370): >>> Presence changed for .....@...../
V/RosterAdapter(25370): >>> Presence changed for .....@...../
V/RosterAdapter(25370): >>> Presence changed for .....@...../
V/RosterAdapter(25370): >>> Presence changed for .....@...../
V/RosterAdapter(25370): >>> Presence changed for .....@...../
V/RosterAdapter(25370): >>> Presence changed for .....@...../
V/RosterAdapter(25370): >>> Presence changed for .....@...../
V/RosterAdapter(25370): >>> Presence changed for .....@...../
V/RosterAdapter(25370): >>> Presence changed for .....@...../
V/RosterAdapter(25370): >>> Presence changed for .....@...../
V/RosterAdapter(25370): >>> Presence changed for .....@...../Work
V/RosterAdapter(25370): >>> Presence changed for .....@...../
V/RosterAdapter(25370): >>> Presence changed for .....@...../
V/RosterAdapter(25370): >>> Presence changed for .....@...../
V/RosterAdapter(25370): >>> Presence changed for .....@...../
V/RosterAdapter(25370): >>> Presence changed for .....@...../
V/RosterAdapter(25370): >>> Presence changed for .....@...../
V/RosterAdapter(25370): >>> Presence changed for .....@...../
V/RosterAdapter(25370): >>> Presence changed for .....@...../
V/RosterAdapter(25370): >>> Presence changed for .....@...../
V/RosterAdapter(25370): >>> Presence changed for .....@...../
V/RosterAdapter(25370): >>> Presence changed for .....@...../
V/RosterAdapter(25370): >>> Presence changed for .....@...../
V/RosterAdapter(25370): >>> Presence changed for .....@...../
V/RosterAdapter(25370): >>> Presence changed for .....@...../KK12
V/RosterAdapter(25370): >>> Presence changed for .....@...../
V/RosterAdapter(25370): >>> Presence changed for .....@...../
V/RosterAdapter(25370): >>> Presence changed for .....@...../
V/RosterAdapter(25370): >>> Presence changed for .....@...../
V/RosterAdapter(25370): >>> Presence changed for .....@...../
V/RosterAdapter(25370): >>> Presence changed for .....@...../=)
V/RosterAdapter(25370): >>> Presence changed for .....@...../
V/RosterAdapter(25370): >>> Presence changed for .....@...../Miranda
V/RosterAdapter(25370): >>> Presence changed for .....@...../
V/RosterAdapter(25370): >>> Presence changed for .....@...../
V/RosterAdapter(25370): >>> Presence changed for .....@...../
V/RosterAdapter(25370): >>> Presence changed for .....@...../
V/RosterAdapter(25370): >>> Presence changed for .....@...../
V/RosterAdapter(25370): >>> Presence changed for .....@...../
V/RosterAdapter(25370): >>> Presence changed for .....@...../
V/RosterAdapter(25370): >>> Presence changed for .....@...../
V/RosterAdapter(25370): >>> Presence changed for .....@...../
V/RosterAdapter(25370): >>> Presence changed for .....@...../
V/RosterAdapter(25370): >>> Presence changed for .....@...../
D/XMPPConnectionAdapter(25370): reconnectingIn
D/dalvikvm( 295): GC freed 4050 objects / 224304 bytes in 88ms
D/XMPPConnectionAdapter(25370): reconnectingIn
D/XMPPConnectionAdapter(25370): reconnectingIn
D/XMPPConnectionAdapter(25370): reconnectingIn
W/System.err(25370): No response from the server.:
W/System.err(25370): at org.jivesoftware.smack.SASLAuthentication.bindResourceAndEstablishSession(SASLAuthentication.java:469)
W/System.err(25370): at org.jivesoftware.smack.SASLAuthentication.authenticate(SASLAuthentication.java:348)
W/System.err(25370): at org.jivesoftware.smack.XMPPConnection.login(XMPPConnection.java:230)
W/System.err(25370): at org.jivesoftware.smack.XMPPConnection.connect(XMPPConnection.java:995)
W/System.err(25370): at org.jivesoftware.smack.ReconnectionManager$2.run(ReconnectionManager.java:122)
W/dalvikvm(25370): threadid=23: thread exiting with uncaught exception (group=0x4001b390)
E/AndroidRuntime(25370): Uncaught handler: thread Smack Reconnection Manager exiting due to uncaught exception
E/AndroidRuntime(25370): java.lang.IllegalStateException: Not connected to server.
E/AndroidRuntime(25370): at org.jivesoftware.smack.XMPPConnection.login(XMPPConnection.java:217)
E/AndroidRuntime(25370): at org.jivesoftware.smack.XMPPConnection.connect(XMPPConnection.java:995)
E/AndroidRuntime(25370): at org.jivesoftware.smack.ReconnectionManager$2.run(ReconnectionManager.java:122)
I/Process ( 75): Sending signal. PID: 25370 SIG: 3
I/dalvikvm(25370): threadid=7: reacting to signal 3
I/dalvikvm(25370): Wrote stack trace to '/data/anr/traces.txt'
D/XMPPConnectionAdapter(25370): reconnectingIn
D/XMPPConnectionAdapter(25370): reconnectingIn
D/XMPPConnectionAdapter(25370): reconnectingIn
D/XMPPConnectionAdapter(25370): reconnectingIn
D/dalvikvm( 330): GC freed 144 objects / 10464 bytes in 70ms
D/XMPPConnectionAdapter(25370): reconnectingIn
D/XMPPConnectionAdapter(25370): reconnectingIn
D/XMPPConnectionAdapter(25370): reconnectingIn
D/XMPPConnectionAdapter(25370): reconnectingIn
D/XMPPConnectionAdapter(25370): reconnectingIn
D/XMPPConnectionAdapter(25370): reconnectingIn
D/XMPPConnectionAdapter(25370): reconnectingIn
D/XMPPConnectionAdapter(25370): reconnectingIn
I/global (25370): Default buffer size used in BufferedReader constructor. It would be better to be explicit if an 8k-char buffer is required.
I/global (25370): Default buffer size used in BufferedWriter constructor. It would be better to be explicit if an 8k-char buffer is required.
D/XMPPConnectionAdapter(25370): reconnectingIn
D/XMPPConnectionAdapter(25370): reconnectingIn
W/InputManagerService( 75): Window already focused, ignoring focus gain of: com.android.internal.view.IInputMethodClient$Stub$Proxy@467e6798
I/Process (25370): Sending signal. PID: 25370 SIG: 9
I/ActivityManager( 75): Process com.beem.project.beem (pid 25370) has died.
W/ActivityManager( 75): Scheduling restart of crashed service com.beem.project.beem/.BeemService in 5000ms